{"id":7869,"date":"2019-07-01T09:50:16","date_gmt":"2019-07-01T12:50:16","guid":{"rendered":"https:\/\/www.sociales.unlz.edu.ar\/?page_id=7869"},"modified":"2019-08-28T18:31:27","modified_gmt":"2019-08-28T21:31:27","slug":"i-congreso-nacional-de-publicidad","status":"publish","type":"page","link":"https:\/\/www.sociales.unlz.edu.ar\/index.php\/i-congreso-nacional-de-publicidad\/","title":{"rendered":""},"content":{"rendered":"<p>[vc_row][vc_column][vc_column_text]Con la participaci\u00f3n de reconocidos expositores, la Facultad de Ciencias Sociales de la Universidad Nacional de Lomas de Zamora realizar\u00e1 el Primer Congreso Nacional de Publicidad. La actividad es no arancelada y se desarrollar\u00e1 el s\u00e1bado 31 de agosto entre las 9 y las 14 Hs en el Aula Magna \u201cD\u201d de la unidad acad\u00e9mica.<\/p>\n<p>La jornada contar\u00e1 entre sus disertantes con las destacadas presencias de directores creativos multipremiados, como: Diego Medvedocky, quien hoy es presidente de Grey Group para\u00a0Am\u00e9rica Latina, y Juan Ignacio Galardi y Gonzalo Fern\u00e1ndez de la Agencia Ponce.<\/p>\n<p>Adem\u00e1s, tendr\u00e1 las conferencias a cargo de Melanie Tobal, directora y fundadora de\u00a0<a href=\"http:\/\/publicitarias.org\/\">publicitarias.org<\/a>; Mart\u00edn Rubino, ex l\u00edder en \u00e1reas de marketing y unidades de negocios de Glovo, Mercado Libre y Google; Noelia Chessari, fundadora y CEO de Ninch Communication Company, y Carina Valicati, consultora independiente y directora de marketing y comunicaci\u00f3n de Durigutti Family Winemakers.<\/p>\n<p>Si bien es abierto a la comunidad en general, el Congreso est\u00e1 especialmente dirigido a estudiantes, profesionales y docentes de las carreras de Publicidad, Comunicaci\u00f3n y Relaciones P\u00fablicas. Tiene como prop\u00f3sito generar un espacio de actualizaci\u00f3n, debate y transmisi\u00f3n de conocimiento acerca de la actualidad del mercado publicitario, y profundizar la articulaci\u00f3n entre la universidad p\u00fablica y el mundo de las Agencias y la pr\u00e1ctica publicitaria.<\/p>\n<p>Aquellas personas interesadas pueden inscribirse de manera on line desde el bot\u00f3n ubicado en pie de p\u00e1gina o escribir a <a href=\"mailto:publicidad@sociales.unlz.edu.ar\">publicidad@sociales.unlz.edu.ar<\/a>. Al finalizar el encuentro se entregar\u00e1n certificados de asistencia.<\/p>\n<p>La Facultad de Ciencias Sociales de la UNLZ es la \u00fanica casa de estudios p\u00fablica en el pa\u00eds que dicta la Licenciatura en Publicidad.<\/p>\n<p><strong>El Programa<\/strong><\/p>\n<p><strong>9:00<\/strong> \u2013\u00a0Acreditaci\u00f3n.<\/p>\n<p><strong>9:40<\/strong> &#8211; Apertura institucional del Congreso.<\/p>\n<p><strong>10:00<\/strong> &#8211;\u00a0Conferencia:\u00a0<em>\u201cEmprend\u00e9 la comunicaci\u00f3n\u201d<\/em>. <strong>Noelia Chessari<\/strong>, Fundadora y CEO de NINCH \u2013Communication\u00a0Company.<\/p>\n<p><strong>10:40<\/strong> &#8211;\u00a0Conferencia:\u00a0<em>\u201cMarketing y tecnolog\u00eda en los negocios on\u00a0 line: dos caras de una misma moneda\u201d<\/em>. <strong>Mart\u00edn Rubino<\/strong>,\u00a0ex\u00a0Country Manager de Glovo en Argentina\u00a0 y Uruguay, ex\u00a0l\u00edder en \u00e1reas de marketing de Google y\u00a0Mercado Libre.<\/p>\n<p><strong>11:20<\/strong> &#8211;\u00a0Coffee break.<\/p>\n<p><strong>11:30<\/strong> &#8211;\u00a0Conferencia:\u00a0<em>\u201cC\u00f3mo conquistar segmentos de mercado\u201d.<\/em> <strong>Carina Valicati<\/strong>,\u00a0Directora de MKT y Comunicaci\u00f3n de\u00a0Durigutti Family\u00a0Winemakers.<\/p>\n<p><strong>12:10<\/strong> &#8211;\u00a0Panel:\u00a0<em>\u201cSer creativos y no morir en el intento\u201d.<\/em> <strong>Juan Ignacio Galardi<\/strong>\u00a0y\u00a0<strong>Gonzalo Fern\u00e1ndez<\/strong>,\u00a0Directores\u00a0Creativos de\u00a0Ponce.<\/p>\n<p><strong>12:50<\/strong> \u2013\u00a0Break.<\/p>\n<p><strong>13:00<\/strong> &#8211;\u00a0Conferencia:\u00a0<em>\u201cNing\u00fan cag\u00f3n cambi\u00f3 el mundo\u201d<\/em>. <strong>Melanie Tobal<\/strong>,\u00a0Directora y Fundadora de\u00a0<a href=\"http:\/\/publicitarias.org\/\">Publicitarias.org<\/a><\/p>\n<p><strong>13:40<\/strong>\u00a0&#8211; Conferencia:\u00a0<em>\u201cEl poder de una buena idea\u201d<\/em>. <strong>Diego Medvedocky<\/strong>,\u00a0presidente de Grey Group para\u00a0Am\u00e9rica Latina.<\/p>\n<p><strong>14:20<\/strong>\u00a0&#8211; Cierre del Congreso.<\/p>\n<p><strong>14:30<\/strong> &#8211;\u00a0Entrega de certificados a los asistentes.[\/vc_column_text]<div class=\"\"><a  id=\"btn-69f1cef7ce353\" class=\"btn btn-filled  ti-light-bulb  btn-sm-sm\" href= \"https:\/\/forms.gle\/ZAgewq1Abbx7ZoKF7\" target=' _blank' >Inscripci\u00f3n<\/a><\/div>[\/vc_column][\/vc_row]<\/p>\n","protected":false},"excerpt":{"rendered":"<p>[vc_row][vc_column][vc_column_text]Con la participaci\u00f3n de reconocidos expositores, la Facultad de Ciencias Sociales de la Universidad Nacional de&#8230;<\/p>\n","protected":false},"author":8,"featured_media":7944,"parent":0,"menu_order":0,"comment_status":"closed","ping_status":"closed","template":"","meta":{"footnotes":""},"class_list":["post-7869","page","type-page","status-publish","has-post-thumbnail","hentry"],"_links":{"self":[{"href":"https:\/\/www.sociales.unlz.edu.ar\/index.php\/wp-json\/wp\/v2\/pages\/7869","targetHints":{"allow":["GET"]}}],"collection":[{"href":"https:\/\/www.sociales.unlz.edu.ar\/index.php\/wp-json\/wp\/v2\/pages"}],"about":[{"href":"https:\/\/www.sociales.unlz.edu.ar\/index.php\/wp-json\/wp\/v2\/types\/page"}],"author":[{"embeddable":true,"href":"https:\/\/www.sociales.unlz.edu.ar\/index.php\/wp-json\/wp\/v2\/users\/8"}],"replies":[{"embeddable":true,"href":"https:\/\/www.sociales.unlz.edu.ar\/index.php\/wp-json\/wp\/v2\/comments?post=7869"}],"version-history":[{"count":22,"href":"https:\/\/www.sociales.unlz.edu.ar\/index.php\/wp-json\/wp\/v2\/pages\/7869\/revisions"}],"predecessor-version":[{"id":8537,"href":"https:\/\/www.sociales.unlz.edu.ar\/index.php\/wp-json\/wp\/v2\/pages\/7869\/revisions\/8537"}],"wp:featuredmedia":[{"embeddable":true,"href":"https:\/\/www.sociales.unlz.edu.ar\/index.php\/wp-json\/wp\/v2\/media\/7944"}],"wp:attachment":[{"href":"https:\/\/www.sociales.unlz.edu.ar\/index.php\/wp-json\/wp\/v2\/media?parent=7869"}],"curies":[{"name":"wp","href":"https:\/\/api.w.org\/{rel}","templated":true}]}}

<p>[vc_row][vc_column][vc_column_text]Con la participación de reconocidos expositores, la Facultad de Ciencias Sociales de la Universidad Nacional de Lomas de Zamora realizará el Primer Congreso Nacional de Publicidad. La actividad es no arancelada y se desarrollará el sábado 31 de agosto entre las 9 y las 14 Hs en el Aula Magna “D” de la unidad académica.</p>
<p>La jornada contará entre sus disertantes con las destacadas presencias de directores creativos multipremiados, como: Diego Medvedocky, quien hoy es presidente de Grey Group para América Latina, y Juan Ignacio Galardi y Gonzalo Fernández de la Agencia Ponce.</p>
<p>Además, tendrá las conferencias a cargo de Melanie Tobal, directora y fundadora de <a href="http://publicitarias.org/">publicitarias.org</a>; Martín Rubino, ex líder en áreas de marketing y unidades de negocios de Glovo, Mercado Libre y Google; Noelia Chessari, fundadora y CEO de Ninch Communication Company, y Carina Valicati, consultora independiente y directora de marketing y comunicación de Durigutti Family Winemakers.</p>
<p>Si bien es abierto a la comunidad en general, el Congreso está especialmente dirigido a estudiantes, profesionales y docentes de las carreras de Publicidad, Comunicación y Relaciones Públicas. Tiene como propósito generar un espacio de actualización, debate y transmisión de conocimiento acerca de la actualidad del mercado publicitario, y profundizar la articulación entre la universidad pública y el mundo de las Agencias y la práctica publicitaria.</p>
<p>Aquellas personas interesadas pueden inscribirse de manera on line desde el botón ubicado en pie de página o escribir a <a href="mailto:publicidad@sociales.unlz.edu.ar">publicidad@sociales.unlz.edu.ar</a>. Al finalizar el encuentro se entregarán certificados de asistencia.</p>
<p>La Facultad de Ciencias Sociales de la UNLZ es la única casa de estudios pública en el país que dicta la Licenciatura en Publicidad.</p>
<p><strong>El Programa</strong></p>
<p><strong>9:00</strong> – Acreditación.</p>
<p><strong>9:40</strong> &#8211; Apertura institucional del Congreso.</p>
<p><strong>10:00</strong> &#8211; Conferencia: <em>“Emprendé la comunicación”</em>. <strong>Noelia Chessari</strong>, Fundadora y CEO de NINCH –Communication Company.</p>
<p><strong>10:40</strong> &#8211; Conferencia: <em>“Marketing y tecnología en los negocios on  line: dos caras de una misma moneda”</em>. <strong>Martín Rubino</strong>, ex Country Manager de Glovo en Argentina  y Uruguay, ex líder en áreas de marketing de Google y Mercado Libre.</p>
<p><strong>11:20</strong> &#8211; Coffee break.</p>
<p><strong>11:30</strong> &#8211; Conferencia: <em>“Cómo conquistar segmentos de mercado”.</em> <strong>Carina Valicati</strong>, Directora de MKT y Comunicación de Durigutti Family Winemakers.</p>
<p><strong>12:10</strong> &#8211; Panel: <em>“Ser creativos y no morir en el intento”.</em> <strong>Juan Ignacio Galardi</strong> y <strong>Gonzalo Fernández</strong>, Directores Creativos de Ponce.</p>
<p><strong>12:50</strong> – Break.</p>
<p><strong>13:00</strong> &#8211; Conferencia: <em>“Ningún cagón cambió el mundo”</em>. <strong>Melanie Tobal</strong>, Directora y Fundadora de <a href="http://publicitarias.org/">Publicitarias.org</a></p>
<p><strong>13:40</strong> &#8211; Conferencia: <em>“El poder de una buena idea”</em>. <strong>Diego Medvedocky</strong>, presidente de Grey Group para América Latina.</p>
<p><strong>14:20</strong> &#8211; Cierre del Congreso.</p>
<p><strong>14:30</strong> &#8211; Entrega de certificados a los asistentes.[/vc_column_text]<div class=""><a  id="btn-69f1cef7ce353" class="btn btn-filled  ti-light-bulb  btn-sm-sm" href= "https://forms.gle/ZAgewq1Abbx7ZoKF7" target=' _blank' >Inscripción</a></div>[/vc_column][/vc_row]</p>

<p>[vc_row][vc_column][vc_column_text]Con la participación de reconocidos expositores, la Facultad de Ciencias Sociales de la Universidad Nacional de&#8230;</p>
