{"id":4752,"date":"2018-10-30T15:11:59","date_gmt":"2018-10-30T18:11:59","guid":{"rendered":"http:\/\/10.0.1.20\/?page_id=4752"},"modified":"2023-10-11T14:53:32","modified_gmt":"2023-10-11T17:53:32","slug":"preguntas-frecuentes-siu","status":"publish","type":"page","link":"https:\/\/www.sociales.unlz.edu.ar\/index.php\/preguntas-frecuentes-siu\/","title":{"rendered":"Preguntas frecuentes SIU"},"content":{"rendered":"<h4 class=\"page-heading\"><span lang=\"es-419\">Preguntas Frecuentes (SIU-Guaran\u00ed)<\/span><\/h4>\n<h5><strong><span lang=\"es-419\">\u00bfSi soy ingresante y tengo mi usuario y contrase\u00f1a, necesito generar una nueva?<\/span><\/strong><\/h5>\n<p>S\u00ed, aunque hayas hecho la preinscripci\u00f3n mediante el SIU-Guaran\u00ed deb\u00e9s generar una nueva contrase\u00f1a. Para eso ten\u00e9s que seguir las instrucciones y te va a llegar el mail al correo que cargaste durante la preinscripci\u00f3n.<\/p>\n<h5><strong><span lang=\"es-419\">Recib\u00ed un mail pero no tiene la contrase\u00f1a, tiene un link que me lleva al SIU-Guaran\u00ed \u00bfqu\u00e9 debo hacer?<\/span><\/strong><\/h5>\n<p>Hac\u00e9 click sobre el link y te va a llevar a una p\u00e1gina del SIU-Guaran\u00ed en la que vas a poder cargar una contrase\u00f1a nueva (y repetirla m\u00e1s abajo). Con ella vas a poder ingresar al sistema inmediatamente.<\/p>\n<h5><strong><span lang=\"es-419\">Cuando pego el link que recib\u00ed en el navegador para conseguir la contrase\u00f1a me lleva de nuevo a la p\u00e1gina inicial de acceso del Guaran\u00ed y no puedo definir una contrase\u00f1a \u00bfqu\u00e9 hago?<\/span><\/strong><\/h5>\n<p>Cuando copi\u00e1s el link (la direcci\u00f3n web que te lleg\u00f3 por correo) y la peg\u00e1s en el navegador, seguramente est\u00e1s \u201carrastrando\u201d el punto final de la direcci\u00f3n y eso te dirige hacia un lugar equivocado. La soluci\u00f3n es no copiar o borrar el punto final para llegar a la p\u00e1gina que te permite cambiar o definir la contrase\u00f1a.<\/p>\n<h5><strong><span lang=\"es-419\">No me llega el correo para generar la contrase\u00f1a de acceso \u00bfqu\u00e9 puedo hacer?<\/span><\/strong><\/h5>\n<p>Es muy dif\u00edcil que el sistema no env\u00ede el correo, casi imposible. Lo que puede estar ocurriendo es que el mail te entra directamente a la carpeta SPAM o Correo no deseado. Otra posibilidad es que el mail que ten\u00e9s declarado en el sistema sea uno distinto al que vos est\u00e1s utilizando. En ese caso te vas a tener que acercar a la Facultad con tu DNI para cargar un mail nuevo, o envi\u00e1r un mail a info@sociales.unlz.edu.ar<\/p>\n<h5><strong><span lang=\"es-419\">El mail que est\u00e1 cargado en el sistema es incorrecto o no tengo forma de acceder porque perd\u00ed la contrase\u00f1a \u00bfc\u00f3mo cargo el mail correcto?<\/span><\/strong><\/h5>\n<p>No hay forma de cargar por la web el mail correcto porque no hay modo de verificar la identidad. Deber\u00e1s acercarte a la Facultad con una identificaci\u00f3n personal para declarar un mail nuevo. Una vez cargado, vas a poder seguir los <a href=\"https:\/\/www.sociales.unlz.edu.ar\/index.php\/instructivo-siu\/\">pasos del instructivo<\/a>.<\/p>\n<h5><strong><span lang=\"es-419\">Recib\u00ed el mail con el link para generar contrase\u00f1as hace algunos d\u00edas, \u00bfIgual me sirve para acceder a la p\u00e1gina en la que cargo mi nueva password?<\/span><\/strong><\/h5>\n<p>No, el acceso que te llega por mail tiene unas pocas horas de validez. Si no lo usaste cuando te lleg\u00f3 ten\u00e9s que generarlo de nuevo y usarlo antes de que se venza.<\/p>\n<h5><strong><span lang=\"es-419\">No me aparecen las materias del \u00faltimo curso de verano \u00bftengo que hacer alg\u00fan reclamo?<\/span><\/strong><\/h5>\n<p>No te preocupes, no ten\u00e9s que hacer nada. Las materias del curso de verano van a estar reflejadas en el sistema para fines de abril, si al acercarse la fecha de finales de mayo a\u00fan no las ves, entonces s\u00ed ac\u00e9rcate a Alumnos para hacer el reclamo.<\/p>\n<h5><strong><span lang=\"es-419\">No me aparecen materias aprobadas hasta diciembre de 2016 \u00bftengo que hacer un reclamo?<\/span><\/strong><\/h5>\n<p>Todas las pruebas aleatorias hechas sobre el sistema mostraron que las materias que figuraban aprobadas en el SIGA hasta diciembre de 2016 est\u00e1n cargadas en el Guaran\u00ed. Si encontr\u00e1s alg\u00fan error, por favor acercate al \u00e1rea de Alumnos para hacer el reclamo.<\/p>\n<h5><strong><span lang=\"es-419\">\u00bfQu\u00e9 debo hacer si encuentro alg\u00fan error en mis datos personales como nombre, apellido o DNI?<\/span><\/strong><\/h5>\n<p>Esos datos son sensibles, de modo que s\u00f3lo pueden ser modificados en el sistema por personal autorizado. Acercate a la Facultad con tu DNI para resolverlo o escrib\u00ed a info@sociales.unlz.edu.ar<\/p>\n<h5><strong>Cuando intento anotarme en una materia para cursar o rendir final aparece un mensaje de que no cuento con las correlativas \u00bfQu\u00e9 hago?<\/strong><\/h5>\n<ul>\n<li>Para anotarte al final de una materia ten\u00e9s que tener todas las correlativas dadas con final, incluso las que para cursar solo necesitabas tenerla regularizada, tambi\u00e9n necesitas contar con ese final. Cheque\u00e1 que est\u00e9s cumpliendo con este criterio a la hora de inscripci\u00f3n<\/li>\n<li>Para anotarte a una materia, ten\u00e9s que chequear contar con las materias correlativas. Pod\u00e9s verlas en el plan de estudio de tu carrera.<\/li>\n<\/ul>\n<p>M\u00e1s informaci\u00f3n a info@sociales.unlz.edu.ar<\/p>\n","protected":false},"excerpt":{"rendered":"<p>Preguntas Frecuentes (SIU-Guaran\u00ed) \u00bfSi soy ingresante y tengo mi usuario y contrase\u00f1a, necesito generar una nueva?&#8230;<\/p>\n","protected":false},"author":8,"featured_media":5197,"parent":0,"menu_order":0,"comment_status":"closed","ping_status":"closed","template":"","meta":{"footnotes":""},"class_list":["post-4752","page","type-page","status-publish","has-post-thumbnail","hentry"],"_links":{"self":[{"href":"https:\/\/www.sociales.unlz.edu.ar\/index.php\/wp-json\/wp\/v2\/pages\/4752","targetHints":{"allow":["GET"]}}],"collection":[{"href":"https:\/\/www.sociales.unlz.edu.ar\/index.php\/wp-json\/wp\/v2\/pages"}],"about":[{"href":"https:\/\/www.sociales.unlz.edu.ar\/index.php\/wp-json\/wp\/v2\/types\/page"}],"author":[{"embeddable":true,"href":"https:\/\/www.sociales.unlz.edu.ar\/index.php\/wp-json\/wp\/v2\/users\/8"}],"replies":[{"embeddable":true,"href":"https:\/\/www.sociales.unlz.edu.ar\/index.php\/wp-json\/wp\/v2\/comments?post=4752"}],"version-history":[{"count":5,"href":"https:\/\/www.sociales.unlz.edu.ar\/index.php\/wp-json\/wp\/v2\/pages\/4752\/revisions"}],"predecessor-version":[{"id":11512,"href":"https:\/\/www.sociales.unlz.edu.ar\/index.php\/wp-json\/wp\/v2\/pages\/4752\/revisions\/11512"}],"wp:featuredmedia":[{"embeddable":true,"href":"https:\/\/www.sociales.unlz.edu.ar\/index.php\/wp-json\/wp\/v2\/media\/5197"}],"wp:attachment":[{"href":"https:\/\/www.sociales.unlz.edu.ar\/index.php\/wp-json\/wp\/v2\/media?parent=4752"}],"curies":[{"name":"wp","href":"https:\/\/api.w.org\/{rel}","templated":true}]}}