{"id":4664,"date":"2018-10-30T11:40:55","date_gmt":"2018-10-30T14:40:55","guid":{"rendered":"http:\/\/10.0.1.20\/?page_id=4664"},"modified":"2025-03-19T09:48:37","modified_gmt":"2025-03-19T12:48:37","slug":"saop","status":"publish","type":"page","link":"https:\/\/www.sociales.unlz.edu.ar\/index.php\/saop\/","title":{"rendered":"S.A.O.P"},"content":{"rendered":"<p>[vc_row css=&#8221;.vc_custom_1620060902775{background-color: #ffffff !important;}&#8221;][vc_column width=&#8221;1\/3&#8243;][vc_single_image image=&#8221;16980&#8243; img_size=&#8221;medium&#8221; alignment=&#8221;center&#8221; onclick=&#8221;custom_link&#8221; img_link_target=&#8221;_blank&#8221; link=&#8221;https:\/\/www.sociales.unlz.edu.ar\/index.php\/proyecto-y-programa-clinico-institucional\/&#8221;][\/vc_column][vc_column width=&#8221;1\/3&#8243;][vc_single_image image=&#8221;13327&#8243; img_size=&#8221;medium&#8221; alignment=&#8221;center&#8221; onclick=&#8221;custom_link&#8221; img_link_target=&#8221;_blank&#8221; link=&#8221;https:\/\/www.sociales.unlz.edu.ar\/index.php\/objetivos-generales-del-saop\/&#8221;][\/vc_column][vc_column width=&#8221;1\/3&#8243;][vc_single_image image=&#8221;13328&#8243; img_size=&#8221;medium&#8221; alignment=&#8221;center&#8221; onclick=&#8221;custom_link&#8221; img_link_target=&#8221;_blank&#8221; link=&#8221;https:\/\/www.sociales.unlz.edu.ar\/index.php\/necesidad-de-la-existencia-del-saop\/&#8221;][\/vc_column][\/vc_row][vc_row css=&#8221;.vc_custom_1620060902775{background-color: #ffffff !important;}&#8221;][vc_column width=&#8221;1\/3&#8243;][vc_single_image image=&#8221;13329&#8243; img_size=&#8221;medium&#8221; alignment=&#8221;center&#8221; onclick=&#8221;custom_link&#8221; img_link_target=&#8221;_blank&#8221; link=&#8221;https:\/\/www.sociales.unlz.edu.ar\/index.php\/problematica-clinica-en-torno-a-los-aprendizajes\/&#8221;][\/vc_column][vc_column width=&#8221;1\/3&#8243;][vc_single_image image=&#8221;13330&#8243; img_size=&#8221;medium&#8221; alignment=&#8221;center&#8221; onclick=&#8221;custom_link&#8221; img_link_target=&#8221;_blank&#8221; link=&#8221;https:\/\/www.sociales.unlz.edu.ar\/index.php\/resultados-provisorios-obtenidos\/&#8221;][\/vc_column][vc_column width=&#8221;1\/3&#8243;][vc_single_image image=&#8221;13331&#8243; img_size=&#8221;medium&#8221; alignment=&#8221;center&#8221; onclick=&#8221;custom_link&#8221; img_link_target=&#8221;_blank&#8221; link=&#8221;https:\/\/www.sociales.unlz.edu.ar\/index.php\/estrategias-de-intervencion-clinica\/&#8221;][\/vc_column][\/vc_row][vc_row][vc_column][vc_column_text]<\/p>\n<h4><strong>EL SAOP<\/strong><\/h4>\n<h5>El <strong>SAOP<\/strong> es un Servicio de atenci\u00f3n y orientaci\u00f3n psicopedag\u00f3gica p\u00fablico y gratuito fundado en 1998, dependiente de la Facultad de Ciencias Sociales de la Universidad Nacional de Lomas de Zamora, que se halla ampliamente difundido entre las escuelas y los servicios hospitalarios de los municipios de la zona sur de la provincia de Buenos Aires.<\/h5>\n<h5>Este Servicio sostiene dos objetivos principales:<br \/>\n-Propiciar que las y los profesionales de la Psicopedagog\u00eda con graduaci\u00f3n en la carrera de Psicopedagog\u00eda de la Facultad realicen sus primeras experiencias profesionales, como as\u00ed tambi\u00e9n recibir a profesionales experimentados a contribuir con su experiencia cl\u00ednica, e incluso a aquellas y aquellos que retornan al SAOP despu\u00e9s de haber transitado por \u00e9l.<\/h5>\n<h5>-Desarrollar una forma concreta y territorial de devolver a la comunidad los recursos que ella, a trav\u00e9s de sus impuestos, destina a la Universidad.<\/h5>\n<h5>El Servicio atiende a ni\u00f1as, ni\u00f1os, adolescentes y j\u00f3venes adultos de lunes a viernes en horas de la ma\u00f1ana y la tarde y s\u00e1bados en horas de la ma\u00f1ana; trabajan en \u00e9l m\u00e1s de 70 profesionales y 5 residentes, distribuidos en 11 m\u00f3dulos de trabajo que se constituyen en 11 equipos supervisados y co-supervisados por 22 profesionales experimentadas. Las y los profesionales egresados de la carrera de Psicopedagog\u00eda de nuestra Facultad son responsables de llevar a cabo admisiones, diagn\u00f3sticos, tratamientos individuales y grupales, as\u00ed como talleres cl\u00ednicos, orientaciones a madres y padres de les pacientes, a las instituciones escolares y a otros profesionales, as\u00ed como tutor\u00edas a estudiantes de 1er. y 2do. a\u00f1o de las carreras de la Facultad.<\/h5>\n<h5>Quienes pertenecen al SAOP concurren una vez por semana en calidad de ad-honorem, donde asisten a pacientes los diversos dispositivos mencionados, recibiendo supervisi\u00f3n semanal de docentes y psicopedagogas de la Facultad en los espacios modulares de trabajo, donde se abordan problem\u00e1ticas te\u00f3ricas y cl\u00ednicas.<\/h5>\n<h5>Desde su creaci\u00f3n, la c\u00e1tedra Cl\u00ednica Psicopedag\u00f3gica articulada con el SAOP, lleva a cabo en el Servicio las pasant\u00edas de las y los cursantes. Cada cuatrimestre realizan sus pasant\u00edas alrededor de 90 estudiantes.<\/h5>\n<h5>El programa cl\u00ednico de alfabetizaci\u00f3n acad\u00e9mica Acompa\u00f1ando Trayectorias trabaja con estudiantes ingresantes e intermedios de las diez carreras de la Facultad de Ciencias Sociales.<\/h5>\n<h5>El Taller cl\u00ednico Encuentro de Cuentos re\u00fane a m\u00e1s de 20 talleristas en su atenci\u00f3n quincenal.<\/h5>\n<h5>El Taller cl\u00ednico Trazos en juego re\u00fane a m\u00e1s de 15 talleristas en su atenci\u00f3n semanal.<\/h5>\n<h5>El Taller cl\u00ednico para familias Construyendo espacios de reflexi\u00f3n trabaja en forma mensual con madres y padres de los pacientes que asisten al Servicio.<\/h5>\n<h5>El Programa SAOP Arcoiris que desarrolla una psicop\u00e9 con perspectiva de g\u00e9neros, cuenta con alrededor de 20 integrantes.<\/h5>\n<h5>El Programa de pr\u00e1ctica pre-profesional Ludoteca en movimiento cuenta con m\u00e1s de 10 integrantes y asiste a ni\u00f1as, ni\u00f1os que forman parte de la lista de espera del Servicio.<\/h5>\n<h5>Quienes trabajan en el SAOP realizan trabajo docente en 10 c\u00e1tedras de la carrera de Psicopedagog\u00eda de 1er a 5to a\u00f1o: Introducci\u00f3n a la Pr\u00e1ctica Psicopedag\u00f3gica, Pedagog\u00eda Especial, Elementos de Neuropsicolog\u00eda Infantil, Psicopatolog\u00eda del Desarrollo I, Ling\u00fc\u00edstica y Semi\u00f3tica, Epistemolog\u00eda y Psicolog\u00eda Gen\u00e9tica, Estudio del Lenguaje y sus Trastornos, Pedagog\u00eda Institucional, Cl\u00ednica Psicopedag\u00f3gica y Psicopatolog\u00eda del Desarrollo II.<\/h5>\n<h5>El SAOP ha organizado la c\u00e1tedra \u201cEstudio de Casos\u201d de la Carrera de Psicopedagog\u00eda en el tramos de Licenciatura entre los a\u00f1os 2003 y 2012. Ha impartido el Curso de Posgrado \u201cActualizaciones en Cl\u00ednica Psicopedag\u00f3gica, Trastornos en las infancia y en la Adolescencia\u201d entre 2009 y 2013, as\u00ed como Seminarios Extracurriculares en la Licenciatura de Psicopedagog\u00eda. Adem\u00e1s, ha desarrollado diversas investigaciones desde el a\u00f1o 2004 hasta la fecha.<\/h5>\n<h5>Desde su fundaci\u00f3n, hace ya 25 a\u00f1os, el SAOP ha atendido gratuitamente a m\u00e1s de 2500 pacientes, lo que se corresponde con alrededor de 1600 familias. Adem\u00e1s, constituy\u00f3 y sigue constituyendo un espacio institucional de formaci\u00f3n para graduadas, graduados y estudiantes avanzados de la carrera de Psicopedagog\u00eda; en estas dos d\u00e9cadas y media, han pertenecido a este Servicio m\u00e1s de 400 profesionales y realizado sus pasant\u00edas cerca de 1600 estudiantes avanzados.<\/h5>\n<h5>El SAOP atiende en forma individual y grupal a m\u00e1s de 120 pacientes \u00e9ntrelos d\u00edas lunes y s\u00e1bados.<\/h5>\n<h5><\/h5>\n<h5><strong>Oscar Amaya Director del SAOP Marzo de 2023<\/strong><\/h5>\n<p>[\/vc_column_text][vc_video link=&#8221;https:\/\/www.youtube.com\/watch?v=0KSrc77G7Ik&amp;ab_channel=FacultaddeCienciasSocialesUNLZ&#8221; el_width=&#8221;80&#8243;][\/vc_column][\/vc_row][vc_row][vc_column width=&#8221;1\/4&#8243;][vc_single_image image=&#8221;13335&#8243; img_size=&#8221;large&#8221; alignment=&#8221;center&#8221; onclick=&#8221;custom_link&#8221; img_link_target=&#8221;_blank&#8221; link=&#8221;https:\/\/www.sociales.unlz.edu.ar\/index.php\/quienes-construimos-el-saop-2\/&#8221;][vc_column_text]<\/p>\n<h6 style=\"text-align: center;\">QUI\u00c9NES CONSTRUIMOS EL SAOP<\/h6>\n<p>&nbsp;<\/p>\n<p>[\/vc_column_text][\/vc_column][vc_column width=&#8221;1\/4&#8243;][vc_single_image image=&#8221;13336&#8243; img_size=&#8221;large&#8221; alignment=&#8221;center&#8221; onclick=&#8221;custom_link&#8221; img_link_target=&#8221;_blank&#8221; link=&#8221;https:\/\/www.sociales.unlz.edu.ar\/index.php\/lucio-cerda-nuestro-fundador\/&#8221;][vc_column_text]<\/p>\n<h6 style=\"text-align: center;\">LUCIO CERD\u00c1, NUESTRO FUNDADOR<\/h6>\n<p>&nbsp;<\/p>\n<p>[\/vc_column_text][\/vc_column][vc_column width=&#8221;1\/4&#8243;][vc_single_image image=&#8221;13337&#8243; img_size=&#8221;large&#8221; alignment=&#8221;center&#8221; onclick=&#8221;custom_link&#8221; img_link_target=&#8221;_blank&#8221; link=&#8221;https:\/\/www.sociales.unlz.edu.ar\/index.php\/proyectos-producciones-y-programas-clinicos-2\/&#8221;][vc_column_text]<\/p>\n<h6 style=\"text-align: center;\">PROYECTOS, PRODUCCIONES Y PROGRAMAS CL\u00cdNICOS<\/h6>\n<p>&nbsp;<\/p>\n<p>[\/vc_column_text][\/vc_column][vc_column width=&#8221;1\/4&#8243;][vc_single_image image=&#8221;13338&#8243; img_size=&#8221;large&#8221; alignment=&#8221;center&#8221; onclick=&#8221;custom_link&#8221; link=&#8221;https:\/\/www.sociales.unlz.edu.ar\/index.php\/el-saop-y-los-tiempos-pandemicos\/&#8221;][vc_column_text]<\/p>\n<h6 style=\"text-align: center;\">EL SAOP Y LOS TIEMPOS PAND\u00c9MICOS<\/h6>\n<p>&nbsp;<\/p>\n<p>[\/vc_column_text][\/vc_column][\/vc_row][vc_row css=&#8221;.vc_custom_1620069455583{padding-top: 1px !important;}&#8221;][vc_column width=&#8221;1\/4&#8243;][vc_single_image image=&#8221;13339&#8243; img_size=&#8221;large&#8221; alignment=&#8221;center&#8221; onclick=&#8221;custom_link&#8221; img_link_target=&#8221;_blank&#8221; link=&#8221;https:\/\/www.sociales.unlz.edu.ar\/index.php\/la-historizacion-del-saop\/&#8221;][vc_column_text]<\/p>\n<h6 style=\"text-align: center;\">LA HISTORIZACI\u00d3N DEL SAOP<\/h6>\n<p>[\/vc_column_text][\/vc_column][vc_column width=&#8221;1\/4&#8243;][vc_single_image image=&#8221;13367&#8243; img_size=&#8221;large&#8221; alignment=&#8221;center&#8221; onclick=&#8221;custom_link&#8221; link=&#8221;https:\/\/www.sociales.unlz.edu.ar\/index.php\/el-saop-el-municipio-de-lomas-los-municipios-la-provincia\/&#8221;][vc_column_text]<\/p>\n<h6 style=\"text-align: center;\">EL SAOP, LOS MUNICIPIOS<\/h6>\n<h6 style=\"text-align: center;\">Y LAS PROVINCIAS<\/h6>\n<p>[\/vc_column_text][\/vc_column][vc_column width=&#8221;1\/4&#8243;][vc_single_image image=&#8221;13341&#8243; img_size=&#8221;large&#8221; alignment=&#8221;center&#8221; onclick=&#8221;custom_link&#8221; img_link_target=&#8221;_blank&#8221; link=&#8221;https:\/\/www.sociales.unlz.edu.ar\/index.php\/el-saop-junto-al-decanato-y-las-secretarias-de-la-facultad\/&#8221;][vc_column_text]<\/p>\n<h6 style=\"text-align: center;\">EL SAOP JUNTO AL DECANATO Y<\/h6>\n<h6 style=\"text-align: center;\">LAS SECRETAR\u00cdAS DE LA FACULTAD<\/h6>\n<p>[\/vc_column_text][\/vc_column][vc_column width=&#8221;1\/4&#8243;][vc_single_image image=&#8221;13342&#8243; img_size=&#8221;large&#8221; alignment=&#8221;center&#8221; onclick=&#8221;custom_link&#8221; img_link_target=&#8221;_blank&#8221; link=&#8221;https:\/\/www.sociales.unlz.edu.ar\/index.php\/el-saop-y-la-radio\/&#8221;][vc_column_text]<\/p>\n<h6 style=\"text-align: center;\">EL SAOP Y LA RADIO<\/h6>\n<p>[\/vc_column_text][\/vc_column][\/vc_row]<\/p>\n","protected":false},"excerpt":{"rendered":"<p>[vc_row css=&#8221;.vc_custom_1620060902775{background-color: #ffffff !important;}&#8221;][vc_column width=&#8221;1\/3&#8243;][vc_single_image image=&#8221;16980&#8243; img_size=&#8221;medium&#8221; alignment=&#8221;center&#8221; onclick=&#8221;custom_link&#8221; img_link_target=&#8221;_blank&#8221; link=&#8221;https:\/\/www.sociales.unlz.edu.ar\/index.php\/proyecto-y-programa-clinico-institucional\/&#8221;][\/vc_column][vc_column width=&#8221;1\/3&#8243;][vc_single_image image=&#8221;13327&#8243; img_size=&#8221;medium&#8221; alignment=&#8221;center&#8221; onclick=&#8221;custom_link&#8221;&#8230;<\/p>\n","protected":false},"author":8,"featured_media":13276,"parent":0,"menu_order":0,"comment_status":"closed","ping_status":"closed","template":"","meta":{"footnotes":""},"class_list":["post-4664","page","type-page","status-publish","has-post-thumbnail","hentry"],"_links":{"self":[{"href":"https:\/\/www.sociales.unlz.edu.ar\/index.php\/wp-json\/wp\/v2\/pages\/4664","targetHints":{"allow":["GET"]}}],"collection":[{"href":"https:\/\/www.sociales.unlz.edu.ar\/index.php\/wp-json\/wp\/v2\/pages"}],"about":[{"href":"https:\/\/www.sociales.unlz.edu.ar\/index.php\/wp-json\/wp\/v2\/types\/page"}],"author":[{"embeddable":true,"href":"https:\/\/www.sociales.unlz.edu.ar\/index.php\/wp-json\/wp\/v2\/users\/8"}],"replies":[{"embeddable":true,"href":"https:\/\/www.sociales.unlz.edu.ar\/index.php\/wp-json\/wp\/v2\/comments?post=4664"}],"version-history":[{"count":74,"href":"https:\/\/www.sociales.unlz.edu.ar\/index.php\/wp-json\/wp\/v2\/pages\/4664\/revisions"}],"predecessor-version":[{"id":23936,"href":"https:\/\/www.sociales.unlz.edu.ar\/index.php\/wp-json\/wp\/v2\/pages\/4664\/revisions\/23936"}],"wp:featuredmedia":[{"embeddable":true,"href":"https:\/\/www.sociales.unlz.edu.ar\/index.php\/wp-json\/wp\/v2\/media\/13276"}],"wp:attachment":[{"href":"https:\/\/www.sociales.unlz.edu.ar\/index.php\/wp-json\/wp\/v2\/media?parent=4664"}],"curies":[{"name":"wp","href":"https:\/\/api.w.org\/{rel}","templated":true}]}}

<p>[vc_row css=&#8221;.vc_custom_1620060902775{background-color: #ffffff !important;}&#8221;][vc_column width=&#8221;1/3&#8243;][vc_single_image image=&#8221;16980&#8243; img_size=&#8221;medium&#8221; alignment=&#8221;center&#8221; onclick=&#8221;custom_link&#8221; img_link_target=&#8221;_blank&#8221; link=&#8221;https://www.sociales.unlz.edu.ar/index.php/proyecto-y-programa-clinico-institucional/&#8221;][/vc_column][vc_column width=&#8221;1/3&#8243;][vc_single_image image=&#8221;13327&#8243; img_size=&#8221;medium&#8221; alignment=&#8221;center&#8221; onclick=&#8221;custom_link&#8221; img_link_target=&#8221;_blank&#8221; link=&#8221;https://www.sociales.unlz.edu.ar/index.php/objetivos-generales-del-saop/&#8221;][/vc_column][vc_column width=&#8221;1/3&#8243;][vc_single_image image=&#8221;13328&#8243; img_size=&#8221;medium&#8221; alignment=&#8221;center&#8221; onclick=&#8221;custom_link&#8221; img_link_target=&#8221;_blank&#8221; link=&#8221;https://www.sociales.unlz.edu.ar/index.php/necesidad-de-la-existencia-del-saop/&#8221;][/vc_column][/vc_row][vc_row css=&#8221;.vc_custom_1620060902775{background-color: #ffffff !important;}&#8221;][vc_column width=&#8221;1/3&#8243;][vc_single_image image=&#8221;13329&#8243; img_size=&#8221;medium&#8221; alignment=&#8221;center&#8221; onclick=&#8221;custom_link&#8221; img_link_target=&#8221;_blank&#8221; link=&#8221;https://www.sociales.unlz.edu.ar/index.php/problematica-clinica-en-torno-a-los-aprendizajes/&#8221;][/vc_column][vc_column width=&#8221;1/3&#8243;][vc_single_image image=&#8221;13330&#8243; img_size=&#8221;medium&#8221; alignment=&#8221;center&#8221; onclick=&#8221;custom_link&#8221; img_link_target=&#8221;_blank&#8221; link=&#8221;https://www.sociales.unlz.edu.ar/index.php/resultados-provisorios-obtenidos/&#8221;][/vc_column][vc_column width=&#8221;1/3&#8243;][vc_single_image image=&#8221;13331&#8243; img_size=&#8221;medium&#8221; alignment=&#8221;center&#8221; onclick=&#8221;custom_link&#8221; img_link_target=&#8221;_blank&#8221; link=&#8221;https://www.sociales.unlz.edu.ar/index.php/estrategias-de-intervencion-clinica/&#8221;][/vc_column][/vc_row][vc_row][vc_column][vc_column_text]</p>
<h4><strong>EL SAOP</strong></h4>
<h5>El <strong>SAOP</strong> es un Servicio de atención y orientación psicopedagógica público y gratuito fundado en 1998, dependiente de la Facultad de Ciencias Sociales de la Universidad Nacional de Lomas de Zamora, que se halla ampliamente difundido entre las escuelas y los servicios hospitalarios de los municipios de la zona sur de la provincia de Buenos Aires.</h5>
<h5>Este Servicio sostiene dos objetivos principales:<br />
-Propiciar que las y los profesionales de la Psicopedagogía con graduación en la carrera de Psicopedagogía de la Facultad realicen sus primeras experiencias profesionales, como así también recibir a profesionales experimentados a contribuir con su experiencia clínica, e incluso a aquellas y aquellos que retornan al SAOP después de haber transitado por él.</h5>
<h5>-Desarrollar una forma concreta y territorial de devolver a la comunidad los recursos que ella, a través de sus impuestos, destina a la Universidad.</h5>
<h5>El Servicio atiende a niñas, niños, adolescentes y jóvenes adultos de lunes a viernes en horas de la mañana y la tarde y sábados en horas de la mañana; trabajan en él más de 70 profesionales y 5 residentes, distribuidos en 11 módulos de trabajo que se constituyen en 11 equipos supervisados y co-supervisados por 22 profesionales experimentadas. Las y los profesionales egresados de la carrera de Psicopedagogía de nuestra Facultad son responsables de llevar a cabo admisiones, diagnósticos, tratamientos individuales y grupales, así como talleres clínicos, orientaciones a madres y padres de les pacientes, a las instituciones escolares y a otros profesionales, así como tutorías a estudiantes de 1er. y 2do. año de las carreras de la Facultad.</h5>
<h5>Quienes pertenecen al SAOP concurren una vez por semana en calidad de ad-honorem, donde asisten a pacientes los diversos dispositivos mencionados, recibiendo supervisión semanal de docentes y psicopedagogas de la Facultad en los espacios modulares de trabajo, donde se abordan problemáticas teóricas y clínicas.</h5>
<h5>Desde su creación, la cátedra Clínica Psicopedagógica articulada con el SAOP, lleva a cabo en el Servicio las pasantías de las y los cursantes. Cada cuatrimestre realizan sus pasantías alrededor de 90 estudiantes.</h5>
<h5>El programa clínico de alfabetización académica Acompañando Trayectorias trabaja con estudiantes ingresantes e intermedios de las diez carreras de la Facultad de Ciencias Sociales.</h5>
<h5>El Taller clínico Encuentro de Cuentos reúne a más de 20 talleristas en su atención quincenal.</h5>
<h5>El Taller clínico Trazos en juego reúne a más de 15 talleristas en su atención semanal.</h5>
<h5>El Taller clínico para familias Construyendo espacios de reflexión trabaja en forma mensual con madres y padres de los pacientes que asisten al Servicio.</h5>
<h5>El Programa SAOP Arcoiris que desarrolla una psicopé con perspectiva de géneros, cuenta con alrededor de 20 integrantes.</h5>
<h5>El Programa de práctica pre-profesional Ludoteca en movimiento cuenta con más de 10 integrantes y asiste a niñas, niños que forman parte de la lista de espera del Servicio.</h5>
<h5>Quienes trabajan en el SAOP realizan trabajo docente en 10 cátedras de la carrera de Psicopedagogía de 1er a 5to año: Introducción a la Práctica Psicopedagógica, Pedagogía Especial, Elementos de Neuropsicología Infantil, Psicopatología del Desarrollo I, Lingüística y Semiótica, Epistemología y Psicología Genética, Estudio del Lenguaje y sus Trastornos, Pedagogía Institucional, Clínica Psicopedagógica y Psicopatología del Desarrollo II.</h5>
<h5>El SAOP ha organizado la cátedra “Estudio de Casos” de la Carrera de Psicopedagogía en el tramos de Licenciatura entre los años 2003 y 2012. Ha impartido el Curso de Posgrado “Actualizaciones en Clínica Psicopedagógica, Trastornos en las infancia y en la Adolescencia” entre 2009 y 2013, así como Seminarios Extracurriculares en la Licenciatura de Psicopedagogía. Además, ha desarrollado diversas investigaciones desde el año 2004 hasta la fecha.</h5>
<h5>Desde su fundación, hace ya 25 años, el SAOP ha atendido gratuitamente a más de 2500 pacientes, lo que se corresponde con alrededor de 1600 familias. Además, constituyó y sigue constituyendo un espacio institucional de formación para graduadas, graduados y estudiantes avanzados de la carrera de Psicopedagogía; en estas dos décadas y media, han pertenecido a este Servicio más de 400 profesionales y realizado sus pasantías cerca de 1600 estudiantes avanzados.</h5>
<h5>El SAOP atiende en forma individual y grupal a más de 120 pacientes éntrelos días lunes y sábados.</h5>
<h5></h5>
<h5><strong>Oscar Amaya Director del SAOP Marzo de 2023</strong></h5>
<p>[/vc_column_text][vc_video link=&#8221;https://www.youtube.com/watch?v=0KSrc77G7Ik&amp;ab_channel=FacultaddeCienciasSocialesUNLZ&#8221; el_width=&#8221;80&#8243;][/vc_column][/vc_row][vc_row][vc_column width=&#8221;1/4&#8243;][vc_single_image image=&#8221;13335&#8243; img_size=&#8221;large&#8221; alignment=&#8221;center&#8221; onclick=&#8221;custom_link&#8221; img_link_target=&#8221;_blank&#8221; link=&#8221;https://www.sociales.unlz.edu.ar/index.php/quienes-construimos-el-saop-2/&#8221;][vc_column_text]</p>
<h6 style="text-align: center;">QUIÉNES CONSTRUIMOS EL SAOP</h6>
<p>&nbsp;</p>
<p>[/vc_column_text][/vc_column][vc_column width=&#8221;1/4&#8243;][vc_single_image image=&#8221;13336&#8243; img_size=&#8221;large&#8221; alignment=&#8221;center&#8221; onclick=&#8221;custom_link&#8221; img_link_target=&#8221;_blank&#8221; link=&#8221;https://www.sociales.unlz.edu.ar/index.php/lucio-cerda-nuestro-fundador/&#8221;][vc_column_text]</p>
<h6 style="text-align: center;">LUCIO CERDÁ, NUESTRO FUNDADOR</h6>
<p>&nbsp;</p>
<p>[/vc_column_text][/vc_column][vc_column width=&#8221;1/4&#8243;][vc_single_image image=&#8221;13337&#8243; img_size=&#8221;large&#8221; alignment=&#8221;center&#8221; onclick=&#8221;custom_link&#8221; img_link_target=&#8221;_blank&#8221; link=&#8221;https://www.sociales.unlz.edu.ar/index.php/proyectos-producciones-y-programas-clinicos-2/&#8221;][vc_column_text]</p>
<h6 style="text-align: center;">PROYECTOS, PRODUCCIONES Y PROGRAMAS CLÍNICOS</h6>
<p>&nbsp;</p>
<p>[/vc_column_text][/vc_column][vc_column width=&#8221;1/4&#8243;][vc_single_image image=&#8221;13338&#8243; img_size=&#8221;large&#8221; alignment=&#8221;center&#8221; onclick=&#8221;custom_link&#8221; link=&#8221;https://www.sociales.unlz.edu.ar/index.php/el-saop-y-los-tiempos-pandemicos/&#8221;][vc_column_text]</p>
<h6 style="text-align: center;">EL SAOP Y LOS TIEMPOS PANDÉMICOS</h6>
<p>&nbsp;</p>
<p>[/vc_column_text][/vc_column][/vc_row][vc_row css=&#8221;.vc_custom_1620069455583{padding-top: 1px !important;}&#8221;][vc_column width=&#8221;1/4&#8243;][vc_single_image image=&#8221;13339&#8243; img_size=&#8221;large&#8221; alignment=&#8221;center&#8221; onclick=&#8221;custom_link&#8221; img_link_target=&#8221;_blank&#8221; link=&#8221;https://www.sociales.unlz.edu.ar/index.php/la-historizacion-del-saop/&#8221;][vc_column_text]</p>
<h6 style="text-align: center;">LA HISTORIZACIÓN DEL SAOP</h6>
<p>[/vc_column_text][/vc_column][vc_column width=&#8221;1/4&#8243;][vc_single_image image=&#8221;13367&#8243; img_size=&#8221;large&#8221; alignment=&#8221;center&#8221; onclick=&#8221;custom_link&#8221; link=&#8221;https://www.sociales.unlz.edu.ar/index.php/el-saop-el-municipio-de-lomas-los-municipios-la-provincia/&#8221;][vc_column_text]</p>
<h6 style="text-align: center;">EL SAOP, LOS MUNICIPIOS</h6>
<h6 style="text-align: center;">Y LAS PROVINCIAS</h6>
<p>[/vc_column_text][/vc_column][vc_column width=&#8221;1/4&#8243;][vc_single_image image=&#8221;13341&#8243; img_size=&#8221;large&#8221; alignment=&#8221;center&#8221; onclick=&#8221;custom_link&#8221; img_link_target=&#8221;_blank&#8221; link=&#8221;https://www.sociales.unlz.edu.ar/index.php/el-saop-junto-al-decanato-y-las-secretarias-de-la-facultad/&#8221;][vc_column_text]</p>
<h6 style="text-align: center;">EL SAOP JUNTO AL DECANATO Y</h6>
<h6 style="text-align: center;">LAS SECRETARÍAS DE LA FACULTAD</h6>
<p>[/vc_column_text][/vc_column][vc_column width=&#8221;1/4&#8243;][vc_single_image image=&#8221;13342&#8243; img_size=&#8221;large&#8221; alignment=&#8221;center&#8221; onclick=&#8221;custom_link&#8221; img_link_target=&#8221;_blank&#8221; link=&#8221;https://www.sociales.unlz.edu.ar/index.php/el-saop-y-la-radio/&#8221;][vc_column_text]</p>
<h6 style="text-align: center;">EL SAOP Y LA RADIO</h6>
<p>[/vc_column_text][/vc_column][/vc_row]</p>
