{"id":4376,"date":"2018-10-26T11:04:33","date_gmt":"2018-10-26T14:04:33","guid":{"rendered":"http:\/\/10.0.1.20\/?page_id=4376"},"modified":"2025-10-17T10:29:44","modified_gmt":"2025-10-17T13:29:44","slug":"secretaria-de-relaciones-institucionales","status":"publish","type":"page","link":"https:\/\/www.sociales.unlz.edu.ar\/index.php\/secretaria-de-relaciones-institucionales\/","title":{"rendered":"Secretar\u00eda de Relaciones Institucionales"},"content":{"rendered":"<p>[vc_row][vc_column][vc_column_text]<\/p>\n<div>\n<div align=\"justify\">\n<p><span lang=\"ES\">La Secretar\u00eda de Relaciones Institucionales de la Facultad de Ciencias Sociales de la Universidad Nacional de Lomas de Zamora tiene como objetivo la vinculaci\u00f3n con otras unidades acad\u00e9micas, favoreciendo el di\u00e1logo y la consolidaci\u00f3n de espacios de comunicaci\u00f3n y gesti\u00f3n conjunta.<\/span><\/p>\n<p><span lang=\"ES\">A su vez,\u00a0\u00a0trabaja en el establecimiento de relaciones con instituciones y organismos de \u00edndole municipal, provincial, nacional e internacional con la premisa de reafirmar los lazos con el sector productivo y otras organizaciones sociales y comunitarias para poner en com\u00fan el conocimiento producido en la Facultad de Ciencias Sociales.<\/span><\/p>\n<p><span lang=\"ES\">En este mismo sentido, se busca desarrollar pol\u00edticas a trav\u00e9s de programas y proyectos que logren unificar la producci\u00f3n acad\u00e9mica de la Facultad con el \u00e1mbito regional.<\/span><\/p>\n<p><span lang=\"ES\">Con el objetivo de fortalecer la Secretar\u00eda se conformaron dos coordinaciones de trabajo:<\/span><\/p>\n<h5><span lang=\"ES\">\u00b7\u00a0\u00a0\u00a0\u00a0\u00a0\u00a0\u00a0\u00a0\u00a0<\/span><strong><span lang=\"ES\">Coordinaci\u00f3n de Econom\u00eda Popular y Vinculaci\u00f3n Comunitaria<\/span><\/strong><\/h5>\n<p>En un contexto de cambios sociales e incertidumbre, la econom\u00eda popular se posiciona como una garant\u00eda frente a la cultura del descarte, la inequidad, la exclusi\u00f3n y la desafiliaci\u00f3n social. Es por ello que, desde esta Coordinaci\u00f3n, se trabaja en el v\u00ednculo entre la Facultad de Ciencias Sociales y las diferentes entidades de la econom\u00eda social.<\/p>\n<h5><span lang=\"ES\">\u00b7\u00a0\u00a0\u00a0\u00a0\u00a0\u00a0\u00a0\u00a0\u00a0<\/span><strong><span lang=\"ES\">Coordinaci\u00f3n de Capacitaci\u00f3n y Formaci\u00f3n Profesional<\/span><\/strong><\/h5>\n<p>El objetivo principal de dicho espacio es fortalecer las competencias de la comunidad educativa, capacitando a sus miembros para obtener un crecimiento en el desarrollo profesional e interactuando con organizaciones que generen nuevas experiencias para los estudiantes y graduados de nuestra casa de estudios.<\/p>\n<\/div>\n<\/div>\n<p>&nbsp;<\/p>\n<h5>Contacto:<\/h5>\n<h5>institucionales@sociales.unlz.edu.ar<\/h5>\n<p>&nbsp;<\/p>\n<h5><strong>Becas Progresar y Boleto Estudiantil:<\/strong><\/h5>\n<p>Para consultas y dudas respecto de este tipo de tr\u00e1mites deb\u00e9s comunicarte a los siguientes mails:<\/p>\n<h5>BoletoEstudiantil@sociales.unlz.edu.ar<\/h5>\n<h5>BecasProgresar@sociales.unlz.edu.ar<\/h5>\n<p>[\/vc_column_text][\/vc_column][\/vc_row][vc_row][vc_column][\/vc_column][\/vc_row]<\/p>\n","protected":false},"excerpt":{"rendered":"<p>[vc_row][vc_column][vc_column_text] La Secretar\u00eda de Relaciones Institucionales de la Facultad de Ciencias Sociales de la Universidad Nacional&#8230;<\/p>\n","protected":false},"author":8,"featured_media":9371,"parent":0,"menu_order":0,"comment_status":"closed","ping_status":"closed","template":"","meta":{"footnotes":""},"class_list":["post-4376","page","type-page","status-publish","has-post-thumbnail","hentry"],"_links":{"self":[{"href":"https:\/\/www.sociales.unlz.edu.ar\/index.php\/wp-json\/wp\/v2\/pages\/4376","targetHints":{"allow":["GET"]}}],"collection":[{"href":"https:\/\/www.sociales.unlz.edu.ar\/index.php\/wp-json\/wp\/v2\/pages"}],"about":[{"href":"https:\/\/www.sociales.unlz.edu.ar\/index.php\/wp-json\/wp\/v2\/types\/page"}],"author":[{"embeddable":true,"href":"https:\/\/www.sociales.unlz.edu.ar\/index.php\/wp-json\/wp\/v2\/users\/8"}],"replies":[{"embeddable":true,"href":"https:\/\/www.sociales.unlz.edu.ar\/index.php\/wp-json\/wp\/v2\/comments?post=4376"}],"version-history":[{"count":13,"href":"https:\/\/www.sociales.unlz.edu.ar\/index.php\/wp-json\/wp\/v2\/pages\/4376\/revisions"}],"predecessor-version":[{"id":19563,"href":"https:\/\/www.sociales.unlz.edu.ar\/index.php\/wp-json\/wp\/v2\/pages\/4376\/revisions\/19563"}],"wp:featuredmedia":[{"embeddable":true,"href":"https:\/\/www.sociales.unlz.edu.ar\/index.php\/wp-json\/wp\/v2\/media\/9371"}],"wp:attachment":[{"href":"https:\/\/www.sociales.unlz.edu.ar\/index.php\/wp-json\/wp\/v2\/media?parent=4376"}],"curies":[{"name":"wp","href":"https:\/\/api.w.org\/{rel}","templated":true}]}}

Secretaría de Relaciones Institucionales

<p>[vc_row][vc_column][vc_column_text]</p>
<div>
<div align="justify">
<p><span lang="ES">La Secretaría de Relaciones Institucionales de la Facultad de Ciencias Sociales de la Universidad Nacional de Lomas de Zamora tiene como objetivo la vinculación con otras unidades académicas, favoreciendo el diálogo y la consolidación de espacios de comunicación y gestión conjunta.</span></p>
<p><span lang="ES">A su vez,  trabaja en el establecimiento de relaciones con instituciones y organismos de índole municipal, provincial, nacional e internacional con la premisa de reafirmar los lazos con el sector productivo y otras organizaciones sociales y comunitarias para poner en común el conocimiento producido en la Facultad de Ciencias Sociales.</span></p>
<p><span lang="ES">En este mismo sentido, se busca desarrollar políticas a través de programas y proyectos que logren unificar la producción académica de la Facultad con el ámbito regional.</span></p>
<p><span lang="ES">Con el objetivo de fortalecer la Secretaría se conformaron dos coordinaciones de trabajo:</span></p>
<h5><span lang="ES">·         </span><strong><span lang="ES">Coordinación de Economía Popular y Vinculación Comunitaria</span></strong></h5>
<p>En un contexto de cambios sociales e incertidumbre, la economía popular se posiciona como una garantía frente a la cultura del descarte, la inequidad, la exclusión y la desafiliación social. Es por ello que, desde esta Coordinación, se trabaja en el vínculo entre la Facultad de Ciencias Sociales y las diferentes entidades de la economía social.</p>
<h5><span lang="ES">·         </span><strong><span lang="ES">Coordinación de Capacitación y Formación Profesional</span></strong></h5>
<p>El objetivo principal de dicho espacio es fortalecer las competencias de la comunidad educativa, capacitando a sus miembros para obtener un crecimiento en el desarrollo profesional e interactuando con organizaciones que generen nuevas experiencias para los estudiantes y graduados de nuestra casa de estudios.</p>
</div>
</div>
<p>&nbsp;</p>
<h5>Contacto:</h5>
<h5>institucionales@sociales.unlz.edu.ar</h5>
<p>&nbsp;</p>
<h5><strong>Becas Progresar y Boleto Estudiantil:</strong></h5>
<p>Para consultas y dudas respecto de este tipo de trámites debés comunicarte a los siguientes mails:</p>
<h5>BoletoEstudiantil@sociales.unlz.edu.ar</h5>
<h5>BecasProgresar@sociales.unlz.edu.ar</h5>
<p>[/vc_column_text][/vc_column][/vc_row][vc_row][vc_column][/vc_column][/vc_row]</p>

<p>[vc_row][vc_column][vc_column_text] La Secretaría de Relaciones Institucionales de la Facultad de Ciencias Sociales de la Universidad Nacional&#8230;</p>
