{"id":4374,"date":"2018-10-26T11:03:21","date_gmt":"2018-10-26T14:03:21","guid":{"rendered":"http:\/\/10.0.1.20\/?page_id=4374"},"modified":"2026-03-10T10:25:29","modified_gmt":"2026-03-10T13:25:29","slug":"secretaria-de-investigaciones","status":"publish","type":"page","link":"https:\/\/www.sociales.unlz.edu.ar\/index.php\/secretaria-de-investigaciones\/","title":{"rendered":"Secretar\u00eda de Investigaciones"},"content":{"rendered":"<p>[vc_row][vc_column][vc_column_text]<\/p>\n<div>\n<div align=\"justify\">\n<p>Desde la Facultad de Ciencias Sociales de la UNLZ entendemos que las Universidades Nacionales tienen un rol fundamental en tanto agentes del Estado cuya misi\u00f3n es orientar la ciencia, la tecnolog\u00eda y la innovaci\u00f3n al fortalecimiento de un modelo productivo que genere mayor inclusi\u00f3n social y mejore la competitividad de la econom\u00eda Argentina bajo el paradigma del conocimiento como eje del desarrollo.<\/p>\n<p>En este marco, la Secretar\u00eda de Investigaciones trabaja en vistas a la apertura y democratizaci\u00f3n de los distintos espacios e instancias institucionales que fomenten y desarrollen la investigaci\u00f3n como herramienta de construcci\u00f3n y transferencia de conocimientos con y para la sociedad en su conjunto, dando respuesta a problem\u00e1ticas sociales concretas.<\/p>\n<p>En este mismo sentido se desarrollan estrategias de informaci\u00f3n y formaci\u00f3n de recursos humanos para el fomento de docentes y alumnos investigadores, buscando as\u00ed generar aportes acordes a los requerimientos del contexto pol\u00edtico \u2013 social, tanto Nacional como Latinoamericano.<\/p>\n<p>Este desarrollo tiene como objetivo generar la continua actualizaci\u00f3n de los contenidos de la ense\u00f1anza que imparten los docentes-investigadores y posibilitar la formaci\u00f3n de j\u00f3venes cientistas sociales quienes tendr\u00e1n una participaci\u00f3n decisiva en el desarrollo socio-econ\u00f3mico-cultural de nuestro pa\u00eds.<\/p>\n<\/div>\n<\/div>\n<h5><\/h5>\n<p>&nbsp;<\/p>\n<h4><strong>Contacto:<\/strong><\/h4>\n<p><a href=\"mailto:investigaciones@sociales.unlz.edu.ar\" target=\"_blank\" rel=\"noopener\">investigaciones@sociales.unlz.edu.ar<\/a><\/p>\n<h4><\/h4>\n<h4><strong>V\u00ednculos de inter\u00e9s:<\/strong><\/h4>\n<p><a href=\"http:\/\/www.agencia.mincyt.gob.ar\/\">Agencia Nacional de Promoci\u00f3n Cient\u00edfica y Tecnol\u00f3gica<\/a><\/p>\n<p><a href=\"http:\/\/argentinainvestiga.edu.ar\/\">Argentina Investiga<\/a><\/p>\n<p><a href=\"https:\/\/www.gba.gob.ar\/cic\/investigadores\">Comisi\u00f3n de Investigaciones Cient\u00edficas (CIC)<\/a><\/p>\n<p><a href=\"https:\/\/www.conicet.gov.ar\/\">CONICET<\/a><\/p>\n<p><a href=\"http:\/\/evc.cin.edu.ar\/\">Consejo Interuniversitario Nacional<\/a><\/p>\n<p><a href=\"http:\/\/www.fisecinternacional.com\/\">Foro Iberoamericano Sobre Estrategias de Comunicaci\u00f3n<\/a><\/p>\n<p><a href=\"http:\/\/www.cienciared.com.ar\/ra\/revista.php?wid=3\">Hologram\u00e1tica &#8211; Revista Acad\u00e9mica<\/a><\/p>\n<p><a href=\"https:\/\/www.argentina.gob.ar\/ciencia?p=\">Ministerio de Ciencia, Tecnolog\u00eda e Innovaci\u00f3n Productiva<\/a><\/p>\n<p><a href=\"http:\/\/incentivos.siu.edu.ar\/\" target=\"_blank\" rel=\"noopener\">Programa de Incentivos a Docentes investigadores<\/a><\/p>\n<p><a href=\"https:\/\/rugeds.udual.org\/wp\/\">Red Universitaria de G\u00e9neros, Equidad y Diversidad Sexual<\/a><\/p>\n<p><a href=\"http:\/\/cvar.sicytar.mincyt.gob.ar\/auth\/index.jsp\">Sistema de Informaci\u00f3n de Ciencia y Tecnolog\u00eda argentina<\/a><\/p>\n<h4><strong>Redes en las que participamos<\/strong><\/h4>\n<p><a href=\"https:\/\/alacaurp.org\/\">Asociaci\u00f3n Latinoamericana de Carreras Universitarias de Relaciones P\u00fablicas\u00a0<\/a><\/p>\n<p><a href=\"https:\/\/isciweb.org\/about-us\/researchers-and-partners\/the-teams\/argentina\/\">Children\u00b4s Worlds\u00a0(UNICOM MIEMBRO)<\/a><\/p>\n<p><a href=\"http:\/\/enfoques.ar\/\">En<span style=\"font-family: arial, sans-serif;\">foques Transdisciplinares en en las Ciencias Sociales en el abordaje de Cuestiones de G\u00e9neros<\/span><\/a><\/p>\n<p>Foro Iberoamericano Sobre Estrategias de Comunicaci\u00f3n<\/p>\n<p>Red Argentina de Investigaciones y Saberes en Di\u00e1logo (RAISeD)<\/p>\n<p><a href=\"http:\/\/www.cyted.org\/content\/618rt0560-integrantes\">RED CYTED IBEROAMERICA, Proyecto An\u00e1lisis Multidimensional de las interacciones Universidad-Comunidad en Am\u00e9rica Latina (UNICOM MIEMBRO)<\/a><\/p>\n<p>Red de Docentes Universitarios en Periodismo de Datos (ReDuPeD)<\/p>\n<p><a href=\"http:\/\/redeconomiasostenible.org\/\">Red de Investigadoras e Investigadores\u00a0\u00a0en Econom\u00eda Sostenible<\/a><\/p>\n<p><a href=\"https:\/\/businesstravelroundtable.ac\/\">THE ROUNDTABLE OF SUSTAINABLE ACADEMIC TRAVEL\u00a0(UNICOM MIEMBRO)<\/a>[\/vc_column_text][vc_row_inner][vc_column_inner]<div class=\"\"><a  id=\"btn-6a0516127b664\" class=\"btn btn-filled    btn-sm-sm\" href= \"https:\/\/www.sociales.unlz.edu.ar\/index.php\/procomunar\/\" target=' _blank' >Programa de investigaci\u00f3n: Comunicaci\u00f3n Comunitaria y Educomunicaci\u00f3n 1\/10\/2023 - 30\/09\/2025<\/a><\/div><div class=\"\"><a  id=\"btn-6a0516127b693\" class=\"btn btn-filled    btn-sm-sm\" href= \"https:\/\/www.sociales.unlz.edu.ar\/wp-content\/uploads\/2021\/07\/Listado-de-Proyectos-2021-2022-2.pdf\" target=' _blank' >Proyectos 2021 - 2022<\/a><\/div><div class=\"\"><a  id=\"btn-6a0516127b6a8\" class=\"btn btn-filled    btn-sm-sm\" href= \"https:\/\/www.sociales.unlz.edu.ar\/wp-content\/uploads\/2021\/07\/Listado-de-Proyectos-2020-2021.pdf\" target=' _blank' >Proyectos 2020 - 2021<\/a><\/div><div class=\"\"><a  id=\"btn-6a0516127b6ba\" class=\"btn btn-filled    btn-sm-sm\" href= \"https:\/\/www.sociales.unlz.edu.ar\/wp-content\/uploads\/2021\/07\/Listado-de-proyectos-2019-2020.pdf\" target=' _blank' >Proyectos 2019 - 2020<\/a><\/div><div class=\"\"><a  id=\"btn-6a0516127b6c9\" class=\"btn btn-filled    btn-sm-sm\" href= \"http:\/\/www.sociales.unlz.edu.ar\/wp-content\/uploads\/2018\/11\/Proyectos18-19-ultimo-para-web-final.pdf\" target=' _blank' >Proyectos 2018 - 2019<\/a><\/div><div class=\"\"><a  id=\"btn-6a0516127b6d9\" class=\"btn btn-filled    btn-sm-sm\" href= \"https:\/\/www.sociales.unlz.edu.ar\/wp-content\/uploads\/2021\/07\/BECARIOS-EVC-CIN-2020.pdf\" target=' _blank' >BECARIOS\/AS EVC CIN 2020<\/a><\/div><div class=\"\"><a  id=\"btn-6a0516127b6e7\" class=\"btn btn-filled    btn-sm-sm\" href= \"https:\/\/www.sociales.unlz.edu.ar\/wp-content\/uploads\/2021\/07\/Becarios-EVC-CIN-2019.pdf\" target=' _blank' >BECARIOS\/AS EVC CIN 2019<\/a><\/div><div class=\"\"><a  id=\"btn-6a0516127b6f5\" class=\"btn btn-filled    btn-sm-sm\" href= \"https:\/\/www.sociales.unlz.edu.ar\/wp-content\/uploads\/2021\/07\/Becarios-EVC-CIN-2018.pdf\" target=' _blank' >BECARIOS\/AS EVC CIN 2018<\/a><\/div><div class=\"\"><a  id=\"btn-6a0516127b703\" class=\"btn btn-filled    btn-sm-sm\" href= \"http:\/\/www.sociales.unlz.edu.ar\/wp-content\/uploads\/2018\/11\/ReglamentoInvestigaciones.pdf\" target=' _blank' >Reglamento Investigaciones - Facultad de Cs. Sociales UNLZ<\/a><\/div><div class=\"\"><a  id=\"btn-6a0516127b711\" class=\"btn btn-filled    btn-sm-sm\" href= \"http:\/\/www.sociales.unlz.edu.ar\/wp-content\/uploads\/2018\/11\/Manual_de_Procedimiento.pdf\" target=' _blank' >Manual de Procedimiento de Programa de incentivos docentes<\/a><\/div><div class=\"\"><a  id=\"btn-6a0516127b71f\" class=\"btn btn-filled    btn-sm-sm\" href= \"http:\/\/www.sociales.unlz.edu.ar\/wp-content\/uploads\/2018\/11\/Categorias2014.pdf\" target=' _blank' >Categor\u00edas 2014<\/a><\/div><div class=\"\"><a  id=\"btn-6a0516127b72d\" class=\"btn btn-filled    btn-sm-sm\" href= \"http:\/\/www.sociales.unlz.edu.ar\/wp-content\/uploads\/2018\/11\/instructivo-CVAR-unlz.ppt\" target=' _blank' >Instructivo de carga de CVAR<\/a><\/div><div class=\"\"><a  id=\"btn-6a0516127b73a\" class=\"btn btn-filled    btn-sm-sm\" href= \"http:\/\/www.sociales.unlz.edu.ar\/wp-content\/uploads\/2018\/11\/Formulario-de-Acreditaci\u00f3n-2018-2019.pdf\" target=' _blank' >Formulario para presentaci\u00f3n de proyectos de Investigaci\u00f3n<\/a><\/div><div class=\"\"><a  id=\"btn-6a0516127b749\" class=\"btn btn-filled    btn-sm-sm\" href= \"https:\/\/www.sociales.unlz.edu.ar\/wp-content\/uploads\/2023\/12\/Antologia-Concurso-Literario-2022-Camino-al-Cincuentenario-UNLZ_compressed.pdf\" target=' _blank' >Antologia Concurso Literario 2022<\/a><\/div>[\/vc_column_inner][\/vc_row_inner][\/vc_column][\/vc_row][vc_row][vc_column][vc_single_image image=&#8221;23248&#8243; img_size=&#8221;large&#8221; onclick=&#8221;custom_link&#8221; link=&#8221;https:\/\/www.sociales.unlz.edu.ar\/wp-content\/uploads\/2024\/11\/CAPITAL-INDUSTRIAL-Y-REPRESENTACION-ORGANICA.pdf&#8221;][vc_single_image image=&#8221;25468&#8243; img_size=&#8221;large&#8221; onclick=&#8221;custom_link&#8221; link=&#8221;https:\/\/www.sociales.unlz.edu.ar\/index.php\/iii-concurso-literario\/&#8221;][vc_single_image image=&#8221;18899&#8243; img_size=&#8221;large&#8221; onclick=&#8221;custom_link&#8221; link=&#8221;https:\/\/www.sociales.unlz.edu.ar\/index.php\/ii-concurso-literario\/&#8221;][vc_single_image image=&#8221;7863&#8243; img_size=&#8221;large&#8221; onclick=&#8221;custom_link&#8221; link=&#8221;http:\/\/revistas.unlz.edu.ar\/ojs\/index.php\/rholo\/index&#8221;][vc_single_image image=&#8221;18289&#8243; img_size=&#8221;large&#8221; onclick=&#8221;custom_link&#8221; link=&#8221;https:\/\/www.sociales.unlz.edu.ar\/index.php\/las-malvinas-desde-el-conurbano-sur-a-40-anos-de-la-guerra\/&#8221;][vc_single_image image=&#8221;11872&#8243; img_size=&#8221;large&#8221; onclick=&#8221;custom_link&#8221; link=&#8221;https:\/\/www.sociales.unlz.edu.ar\/index.php\/2020\/08\/14\/observatorio-social-de-ninez-adolescencia-y-familia\/&#8221;][\/vc_column][\/vc_row]<\/p>\n","protected":false},"excerpt":{"rendered":"<p>[vc_row][vc_column][vc_column_text] Desde la Facultad de Ciencias Sociales de la UNLZ entendemos que las Universidades Nacionales tienen&#8230;<\/p>\n","protected":false},"author":8,"featured_media":9371,"parent":0,"menu_order":0,"comment_status":"closed","ping_status":"closed","template":"","meta":{"footnotes":""},"class_list":["post-4374","page","type-page","status-publish","has-post-thumbnail","hentry"],"_links":{"self":[{"href":"https:\/\/www.sociales.unlz.edu.ar\/index.php\/wp-json\/wp\/v2\/pages\/4374","targetHints":{"allow":["GET"]}}],"collection":[{"href":"https:\/\/www.sociales.unlz.edu.ar\/index.php\/wp-json\/wp\/v2\/pages"}],"about":[{"href":"https:\/\/www.sociales.unlz.edu.ar\/index.php\/wp-json\/wp\/v2\/types\/page"}],"author":[{"embeddable":true,"href":"https:\/\/www.sociales.unlz.edu.ar\/index.php\/wp-json\/wp\/v2\/users\/8"}],"replies":[{"embeddable":true,"href":"https:\/\/www.sociales.unlz.edu.ar\/index.php\/wp-json\/wp\/v2\/comments?post=4374"}],"version-history":[{"count":32,"href":"https:\/\/www.sociales.unlz.edu.ar\/index.php\/wp-json\/wp\/v2\/pages\/4374\/revisions"}],"predecessor-version":[{"id":25474,"href":"https:\/\/www.sociales.unlz.edu.ar\/index.php\/wp-json\/wp\/v2\/pages\/4374\/revisions\/25474"}],"wp:featuredmedia":[{"embeddable":true,"href":"https:\/\/www.sociales.unlz.edu.ar\/index.php\/wp-json\/wp\/v2\/media\/9371"}],"wp:attachment":[{"href":"https:\/\/www.sociales.unlz.edu.ar\/index.php\/wp-json\/wp\/v2\/media?parent=4374"}],"curies":[{"name":"wp","href":"https:\/\/api.w.org\/{rel}","templated":true}]}}