{"id":4366,"date":"2018-10-26T10:55:03","date_gmt":"2018-10-26T13:55:03","guid":{"rendered":"http:\/\/10.0.1.20\/?page_id=4366"},"modified":"2022-04-12T11:53:22","modified_gmt":"2022-04-12T14:53:22","slug":"secretaria-de-asuntos-estudiantiles","status":"publish","type":"page","link":"https:\/\/www.sociales.unlz.edu.ar\/index.php\/secretaria-de-asuntos-estudiantiles\/","title":{"rendered":"Secretar\u00eda de Asuntos Estudiantiles"},"content":{"rendered":"<p>[vc_row][vc_column][vc_column_text]La Secretar\u00eda de Asuntos Estudiantiles es un espacio institucional que tiene como misi\u00f3n articular y fortalecer el v\u00ednculo entre los estudiantes y la Facultad de Ciencias Sociales de la UNLZ. Desde el \u00e1rea procuramos atender desde un enfoque integral las problem\u00e1ticas, dificultades, intereses y expectativas de los alumnos de nuestra casa de Altos Estudios, promoviendo un eficaz canal de di\u00e1logo con el claro objetivo de promover el bienestar estudiantil.<\/p>\n<p>Se trabajan aspectos integrales que hacen al recorrido del estudiante en su vida universitaria, teniendo como objetivo contribuir al proceso formativo. Esto se logra a trav\u00e9s de pol\u00edticas vinculadas a proyectos y programas orientados a las necesidades, dificultades, intereses y expectativas de los j\u00f3venes, gestionando programas de apoyo, becas, salud,\u00a0formaci\u00f3n y recreaci\u00f3n, y actividades que complementen la actividad acad\u00e9mica.<\/p>\n<p>Sin perder de vista los valores de la Universidad p\u00fablica y gratuita, principios rectores de nuestra funci\u00f3n, centramos los esfuerzos en contener y acompa\u00f1ar a los alumnos en el desarrollo profesional. Reconociendo la diversidad social, econ\u00f3mica, pol\u00edtica y cultural de la poblaci\u00f3n estudiantil y enfatizando la instrumentaci\u00f3n de acciones orientadas a la inclusi\u00f3n y a la calidad acad\u00e9mica, buscamos garantizar la igualdad de oportunidades y favorecer el ejercicio responsable de los derechos y obligaciones de los estudiantes.<\/p>\n<p>Desde esta mirada, y con la intenci\u00f3n de generar las condiciones para propiciar una Universidad inclusiva, nos planteamos como objetivo escuchar las demandas y necesidades de las y los estudiantes para lograr un desarrollo integral de lo profesional y lo humano.<\/p>\n<p>En sinton\u00eda con las pol\u00edticas de la Facultad de Ciencias Sociales, que apuntan al fortalecimiento acad\u00e9mico e institucional, la Secretar\u00eda de Asuntos Estudiantiles asume el compromiso de velar por la calidad de vida de los alumnos, adem\u00e1s de promover la formaci\u00f3n integral y favorecer el desarrollo de las competencias y potencialidades de los futuros egresados.<\/p>\n<p>Por esta raz\u00f3n, desde la Secretar\u00eda asumimos el compromiso de velar para que se desarrolle una m\u00edstica de pertenencia a la Universidad y al estilo universitario, a partir de la participaci\u00f3n de un \u00e1mbito y un sistema de formaci\u00f3n personalizada.<\/p>\n<p>En base a\u00a0 estos principios\u00a0 desarrollamos las siguientes instancias que cumplir\u00e1n\u00a0\u00a0 un rol satisfactorio en esta nueva experiencia para los alumnos, en t\u00e9rminos acad\u00e9micos como personales y humanos.<\/p>\n<h4>Tutor\u00edas:<span class=\"Apple-converted-space\">\u00a0<\/span><\/h4>\n<p>Persiguen como objetivo mejorar el proceso formativo de los estudiantes, ya sea en cuestiones relativas al desempe\u00f1o acad\u00e9mico como en el fortalecimiento de aspectos actitudinales que beneficien su aprendizaje.<\/p>\n<h4>Acompa\u00f1amiento a los estudiantes:<span class=\"Apple-converted-space\">\u00a0<\/span><\/h4>\n<p>A trav\u00e9s de diversas herramientas que puedan existir, becas de est\u00edmulo, boleto universitario, programas estatales, provinciales y municipales, mantenemos informados a los estudiantes sobre la existencia de los mismos \u00a0y brindamos la asistencia necesaria para que puedan acceder a ellos.<\/p>\n<h4>Orientaci\u00f3n Educativa y Vocacional:<span class=\"Apple-converted-space\">\u00a0<\/span><\/h4>\n<p>&#8211; Charlas de Ingreso Universitario en las escuelas medias.<\/p>\n<p>-Talleres de Orientaci\u00f3n Vocacional para todos los alumnos.<\/p>\n<p>-Visitas a las unidades acad\u00e9micas para estudiantes, docentes y autoridades de las instituciones educativas de la regi\u00f3n.<\/p>\n<h4>Actividades extracurriculares de actualizaci\u00f3n y formaci\u00f3n profesional.<span class=\"Apple-converted-space\">\u00a0<\/span><\/h4>\n<p>Las actividades realizadas han encontrado eco dentro de la sociedad, hecho que se refleja en la activa participaci\u00f3n de la comunidad en cursos y seminarios. La capacitaci\u00f3n y la formaci\u00f3n permanente constituyen un importante eslab\u00f3n en la acci\u00f3n articuladora que la facultad de Ciencias Sociales de la UNLZ promueve para los futuros profesionales de Nuestra Casa. En esta l\u00ednea, ofrecemos\u00a0 cursos que abarcan distintas propuestas para diferentes necesidades.<\/p>\n<h4>Actividades culturales:<span class=\"Apple-converted-space\">\u00a0<\/span><\/h4>\n<p>Tienen como objetivo lograr una integraci\u00f3n entre la sociedad y la universidad por medio de las expresiones art\u00edsticas y culturales que son motores fundamentales de inclusi\u00f3n social. A trav\u00e9s de ellas buscamos tender puentes entre la Universidad y la sociedad que generen hechos art\u00edsticos diversos y variados.<\/p>\n<h4>Centro de Asistencia T\u00e9cnica y Pasant\u00edas. (CATeP)<\/h4>\n<h4>Talleres y Asesor\u00eda en la Violencia de G\u00e9nero:<\/h4>\n<p>La violencia de g\u00e9nero es un grave problema social. Estamos convencidos que la Universidad necesita estar inmersa en la sociedad y desde aqu\u00ed poder prevenir y actuar, \u00a0orientar y acompa\u00f1ar, creando grupos de trabajo con alumnos recibidos y estudiantes para que tambi\u00e9n adquieran experiencia mediante pr\u00e1cticas de campo, necesarias para formarse como profesionales.<br \/>\nA partir de este a\u00f1o tendremos un espacio donde podr\u00e1n asistir personas v\u00edctimas de violencia de g\u00e9nero para \u00a0ser atendidas por un profesional.\u00a0As\u00ed mismo, generamos espacios de debate y formaci\u00f3n acerca de esta tem\u00e1tica, a trav\u00e9s \u00a0de cursos, talleres y jornadas.<\/p>\n<p>&nbsp;<\/p>\n<p><strong>Contacto:<\/strong> estudiantiles@sociales.unlz.edu.ar<\/p>\n<p>&nbsp;<\/p>\n<h4>Links de Inter\u00e9s:<\/h4>\n<p><a href=\"http:\/\/boleto.unlz.edu.ar\">Boleto Educativo<\/a><\/p>\n<p><a href=\"https:\/\/becasprogresar.educacion.gob.ar\">PROGRESAR<\/a><\/p>\n<p><a href=\"http:\/\/www.unlz.edu.ar\/?page_id=2113\">Deportes UNLZ<\/a><\/p>\n<p><a href=\"http:\/\/www.bibliounlz.com.ar\">Biblioteca Central UNLZ<\/a>[\/vc_column_text][\/vc_column][\/vc_row][vc_row][vc_column][\/vc_column][\/vc_row][vc_row][vc_column][\/vc_column][\/vc_row]<\/p>\n","protected":false},"excerpt":{"rendered":"<p>[vc_row][vc_column][vc_column_text]La Secretar\u00eda de Asuntos Estudiantiles es un espacio institucional que tiene como misi\u00f3n articular y fortalecer&#8230;<\/p>\n","protected":false},"author":8,"featured_media":9371,"parent":0,"menu_order":0,"comment_status":"closed","ping_status":"closed","template":"","meta":{"footnotes":""},"class_list":["post-4366","page","type-page","status-publish","has-post-thumbnail","hentry"],"_links":{"self":[{"href":"https:\/\/www.sociales.unlz.edu.ar\/index.php\/wp-json\/wp\/v2\/pages\/4366","targetHints":{"allow":["GET"]}}],"collection":[{"href":"https:\/\/www.sociales.unlz.edu.ar\/index.php\/wp-json\/wp\/v2\/pages"}],"about":[{"href":"https:\/\/www.sociales.unlz.edu.ar\/index.php\/wp-json\/wp\/v2\/types\/page"}],"author":[{"embeddable":true,"href":"https:\/\/www.sociales.unlz.edu.ar\/index.php\/wp-json\/wp\/v2\/users\/8"}],"replies":[{"embeddable":true,"href":"https:\/\/www.sociales.unlz.edu.ar\/index.php\/wp-json\/wp\/v2\/comments?post=4366"}],"version-history":[{"count":14,"href":"https:\/\/www.sociales.unlz.edu.ar\/index.php\/wp-json\/wp\/v2\/pages\/4366\/revisions"}],"predecessor-version":[{"id":15885,"href":"https:\/\/www.sociales.unlz.edu.ar\/index.php\/wp-json\/wp\/v2\/pages\/4366\/revisions\/15885"}],"wp:featuredmedia":[{"embeddable":true,"href":"https:\/\/www.sociales.unlz.edu.ar\/index.php\/wp-json\/wp\/v2\/media\/9371"}],"wp:attachment":[{"href":"https:\/\/www.sociales.unlz.edu.ar\/index.php\/wp-json\/wp\/v2\/media?parent=4366"}],"curies":[{"name":"wp","href":"https:\/\/api.w.org\/{rel}","templated":true}]}}