{"id":4292,"date":"2018-10-25T15:14:06","date_gmt":"2018-10-25T18:14:06","guid":{"rendered":"http:\/\/10.0.1.20\/?page_id=4292"},"modified":"2022-04-26T11:35:34","modified_gmt":"2022-04-26T14:35:34","slug":"relaciones-laborales","status":"publish","type":"page","link":"https:\/\/www.sociales.unlz.edu.ar\/index.php\/relaciones-laborales\/","title":{"rendered":"Relaciones Laborales"},"content":{"rendered":"<p>[vc_row css=&#8221;.vc_custom_1650983035320{background-color: #efefef !important;}&#8221;][vc_column][vc_column_text]<\/p>\n<h4 class=\"p2\"><b>PERFIL DEL T\u00c9CNICO\/A <\/b><b>EN RELACIONES LABORALES<\/b><\/h4>\n<p>[\/vc_column_text][vc_column_text]<\/p>\n<h5 class=\"p1\">El T\u00e9cnico Universitario en Relaciones Laborales posee capacidad para desempe\u00f1arse profesionalmente colaborando en la resoluci\u00f3n de situaciones de organizaci\u00f3n y administraci\u00f3n del personal, asistiendo en el proceso de selecci\u00f3n as\u00ed como de formaci\u00f3n y capacitaci\u00f3n del mismo de acuerdo a<span class=\"Apple-converted-space\">\u00a0 <\/span>los prop\u00f3sitos de la organizaci\u00f3n, dentro de los marcos legales que encuadran las pol\u00edticas laborales.<\/h5>\n<h5 class=\"p1\">Posee formaci\u00f3n espec\u00edfica sobre estrategias metodol\u00f3gicas y t\u00e9cnicas apropiadas que le permite reconocer los medios de comunicaci\u00f3n m\u00e1s adecuados para colaborar en propuestas de implementaci\u00f3n y cambio en el empleo seg\u00fan<span class=\"Apple-converted-space\">\u00a0 <\/span>las necesidades comunicativas internas y externas de la organizaci\u00f3n<\/h5>\n<h5 class=\"p1\">Posee formaci\u00f3n t\u00e9cnica para implementar estrategias de intervenci\u00f3n que permitan participar en los diagn\u00f3sticos de<span class=\"Apple-converted-space\">\u00a0 <\/span>problemas y conflictos<span class=\"Apple-converted-space\">\u00a0 <\/span>para<span class=\"Apple-converted-space\">\u00a0 <\/span>poder optimizar los modos de administraci\u00f3n y las relaciones laborales entre el personal,<span class=\"Apple-converted-space\">\u00a0 <\/span>as\u00ed como las condiciones de trabajo en todo tipo de organizaciones. <span class=\"Apple-converted-space\">\u00a0<\/span><\/h5>\n<h5 class=\"p1\">Es capaz de participar en los procedimientos vinculados a la selecci\u00f3n de personal, a la evaluaci\u00f3n de tareas y funciones y a sus respectivas remuneraciones, a partir de la formaci\u00f3n espec\u00edfica relacionada con los perfiles profesionales y programas dise\u00f1ados para la conformaci\u00f3n de equipos de trabajo de acuerdo a los prop\u00f3sitos y fines de las instituciones.<span class=\"Apple-converted-space\">\u00a0<\/span><\/h5>\n<p>[\/vc_column_text][\/vc_column][\/vc_row][vc_row css=&#8221;.vc_custom_1650983237422{background-color: #e0e0e0 !important;}&#8221;][vc_column][vc_column_text]<\/p>\n<h4 class=\"p2\"><b>ALCANCES PROFESIONALES DEL T\u00c9CNICO\/A EN RELACIONES LABORALES<\/b><\/h4>\n<p>[\/vc_column_text][vc_column_text]<\/p>\n<h5>\u2022 Colaborar en la elaboraci\u00f3n de<span class=\"Apple-converted-space\">\u00a0 <\/span>perfiles profesionales de acuerdo con los<span class=\"Apple-converted-space\">\u00a0 <\/span>puestos y tareas de trabajo y en el dise\u00f1o de sistemas de remuneraci\u00f3n en instituciones.<\/h5>\n<h5>\u2022 Participar de la conformaci\u00f3n de equipos de trabajo necesarios para el seguimiento y la evaluaci\u00f3n de la gesti\u00f3n y administraci\u00f3n de una organizaci\u00f3n.<\/h5>\n<h5>\u2022 Organizar<span class=\"Apple-converted-space\">\u00a0 <\/span>registros y legajos de personal as\u00ed como toda informaci\u00f3n necesaria para la liquidaci\u00f3n de sueldos y<span class=\"Apple-converted-space\">\u00a0 <\/span>haberes.<\/h5>\n<h5>\u2022 Participar en la supervisi\u00f3n y<span class=\"Apple-converted-space\">\u00a0 <\/span>en el cumplimiento de normas vigentes referidas al derecho laboral, la seguridad social y las condiciones y medio ambiente de trabajo.<\/h5>\n<h5>\u2022 Colaborar en el asesoramiento en lo relativo a las transformaciones de las relaciones laborales, las funciones y las tareas, producidas como consecuencia de las innovaciones<span class=\"Apple-converted-space\">\u00a0 <\/span>tecnol\u00f3gicas.<\/h5>\n<h5>\u2022 Participar en la<span class=\"Apple-converted-space\">\u00a0 <\/span>implementaci\u00f3n y evaluaci\u00f3n de sistemas de comunicaciones internas destinados al personal.<\/h5>\n<h5>\u2022 Participar en la implementaci\u00f3n de programas para la<span class=\"Apple-converted-space\">\u00a0 <\/span>selecci\u00f3n de personal.<\/h5>\n<h5>\u2022 Asistir<span class=\"Apple-converted-space\">\u00a0 <\/span>en<span class=\"Apple-converted-space\">\u00a0 <\/span>actividades para la interpretaci\u00f3n y cumplimiento de los convenios colectivos de trabajo.<\/h5>\n<p>[\/vc_column_text][\/vc_column][\/vc_row][vc_row css=&#8221;.vc_custom_1650983312649{background-color: #ededed !important;}&#8221;][vc_column][vc_column_text]<\/p>\n<h4 class=\"p2\"><b>PERFIL DEL LICENCIADO\/A<span class=\"Apple-converted-space\">\u00a0 <\/span>EN RELACIONES LABORALES<\/b><\/h4>\n<p>[\/vc_column_text][vc_column_text]<\/p>\n<h5 class=\"p1\">El Licenciado en Relaciones Laborales es un profesional que posee una actitud abierta, cr\u00edtica y reflexiva respecto de la convivencia democr\u00e1tica, el desarrollo y la justicia social,<span class=\"Apple-converted-space\">\u00a0 <\/span>que converge en la comprensi\u00f3n de la realidad como una compleja construcci\u00f3n pol\u00edtica y social<span class=\"Apple-converted-space\">\u00a0 <\/span>a partir de lo cual se consideran los procesos vinculados al trabajo y el empleo de un modo integral.<span class=\"Apple-converted-space\">\u00a0<\/span><\/h5>\n<h5 class=\"p1\">Posee un profundo conocimiento del mundo del trabajo desde lo pol\u00edtico, econ\u00f3mico y<span class=\"Apple-converted-space\">\u00a0 <\/span>social<span class=\"Apple-converted-space\">\u00a0 <\/span>que<span class=\"Apple-converted-space\">\u00a0 <\/span>le permite intervenir en el campo de las pol\u00edticas de<span class=\"Apple-converted-space\">\u00a0 <\/span>planificaci\u00f3n del empleo y las relaciones laborales desde<span class=\"Apple-converted-space\">\u00a0 <\/span>la funci\u00f3n p\u00fablica as\u00ed como en<span class=\"Apple-converted-space\">\u00a0 <\/span>las estrategias propias de los sectores privados y de las nuevas formas de empleo para la promoci\u00f3n de mejores condiciones para el empleo.<\/h5>\n<h5 class=\"p1\">Posee formaci\u00f3n en el aspecto econ\u00f3mico que le permite elaborar estrategias de definici\u00f3n de presupuestos, costos, inversiones, remuneraciones, integrando estas \u00e1reas a la administraci\u00f3n<span class=\"Apple-converted-space\">\u00a0 <\/span>y<span class=\"Apple-converted-space\">\u00a0 <\/span>al planeamiento de las organizaciones p\u00fablicas y\/o privadas, con y sin fines de lucro.<\/h5>\n<h5 class=\"p1\">Posee conocimientos te\u00f3ricos y procesuales<span class=\"Apple-converted-space\">\u00a0 <\/span>vinculados al derecho del trabajo, la seguridad social, las condiciones y el medio ambiente del trabajo lo que le permiten interpretar<span class=\"Apple-converted-space\">\u00a0 <\/span>y supervisar el cumplimiento de la legislaci\u00f3n y normativa vigentes en lo relativo a las relaciones laborales del trabajador y las organizaciones desde el plano individual como el colectivo para el cumplimiento y la garant\u00eda de mejores situaciones para el empleo.<\/h5>\n<p>[\/vc_column_text][\/vc_column][\/vc_row][vc_row css=&#8221;.vc_custom_1650983598120{background-color: #e2e2e2 !important;}&#8221;][vc_column][vc_column_text]<\/p>\n<h4 class=\"p1\"><b>ALCANCES PROFESIONALES DEL LICENCIADO\/A EN RELACIONES LABORALES<\/b><\/h4>\n<p>[\/vc_column_text][vc_column_text]<\/p>\n<h5>\u2022 Asesorar en los procesos de<span class=\"Apple-converted-space\">\u00a0 <\/span>planeamiento de pol\u00edticas socio-laborales referidas a las relaciones<span class=\"Apple-converted-space\">\u00a0 <\/span>individuales y colectivas del trabajo dentro de la funci\u00f3n p\u00fablica y\/o<span class=\"Apple-converted-space\">\u00a0 <\/span>privada.<\/h5>\n<h5>\u2022 Dise\u00f1ar<span class=\"Apple-converted-space\">\u00a0 <\/span>e<span class=\"Apple-converted-space\">\u00a0 <\/span>implementar<span class=\"Apple-converted-space\">\u00a0 <\/span>sistemas de evaluaci\u00f3n del desempe\u00f1o del personal<span class=\"Apple-converted-space\">\u00a0<\/span><\/h5>\n<h5>\u2022 Elaborar<span class=\"Apple-converted-space\">\u00a0 <\/span>perfiles profesionales de acuerdo a los<span class=\"Apple-converted-space\">\u00a0 <\/span>puestos y tareas de trabajo y dise\u00f1ar los sistemas de remuneraci\u00f3n en las instituciones.<\/h5>\n<h5>\u2022 Elaborar el planeamiento de carreras de formaci\u00f3n y capacitaci\u00f3n<span class=\"Apple-converted-space\">\u00a0 <\/span>integral para todos los niveles del personal en una organizaci\u00f3n.<\/h5>\n<h5>\u2022 Interpretar<span class=\"Apple-converted-space\">\u00a0 <\/span>y supervisar<span class=\"Apple-converted-space\">\u00a0 <\/span>el cumplimiento de las normas vigentes referidas al derecho laboral, la seguridad social y las condiciones y el medio ambiente de trabajo.<\/h5>\n<h5>\u2022 Planificar, coordinar y evaluar programas para la<span class=\"Apple-converted-space\">\u00a0 <\/span>selecci\u00f3n de personal.<\/h5>\n<h5>\u2022 Participar en la<span class=\"Apple-converted-space\">\u00a0 <\/span>implementaci\u00f3n y evaluaci\u00f3n de sistemas de comunicaciones internas destinados al personal.<\/h5>\n<h5>\u2022 Intervenir<span class=\"Apple-converted-space\">\u00a0 <\/span>en<span class=\"Apple-converted-space\">\u00a0 <\/span>la planificaci\u00f3n<span class=\"Apple-converted-space\">\u00a0 <\/span>de pol\u00edticas y normas referidas a la administraci\u00f3n<span class=\"Apple-converted-space\">\u00a0 <\/span>y desarrollo del personal.<\/h5>\n<h5>\u2022 Asesorar para la prevenci\u00f3n y resoluci\u00f3n de<span class=\"Apple-converted-space\">\u00a0 <\/span>conflictos en las relaciones del trabajo individuales y colectivas.<span class=\"Apple-converted-space\">\u00a0<\/span><\/h5>\n<h5>\u2022 Asesorar en lo relativo a las transformaciones de las relaciones laborales, las funciones y las tareas, producidas como consecuencia de las innovaciones<span class=\"Apple-converted-space\">\u00a0 <\/span>tecnol\u00f3gicas.<\/h5>\n<h5>\u2022 Organizar<span class=\"Apple-converted-space\">\u00a0 <\/span>registros y legajos de personal as\u00ed como toda informaci\u00f3n necesaria para la liquidaci\u00f3n de sueldos y jornales.<\/h5>\n<h5>\u2022 Participar en la concertaci\u00f3n, renovaci\u00f3n, interpretaci\u00f3n y cumplimiento de los convenios colectivos de trabajo.<\/h5>\n<h5>\u2022 Realizar estudios e investigaciones relativas al \u00e1mbito del empleo y de las relaciones laborales individuales y colectivas.<span class=\"Apple-converted-space\">\u00a0<\/span><\/h5>\n<h5>\u2022 Realizar<span class=\"Apple-converted-space\">\u00a0 <\/span>peritajes relacionados con el cumplimiento de las normas vigentes en lo referente a las condiciones de trabajo,<span class=\"Apple-converted-space\">\u00a0 <\/span>las relaciones laborales individuales y los convenios colectivos.<\/h5>\n<p>[\/vc_column_text]<div class=\"\"><a  id=\"btn-69f57a0a8df5e\" class=\"btn btn-rounded  ti-pencil  btn-sm-sm\" href= \"http:\/\/www.sociales.unlz.edu.ar\/wp-content\/uploads\/2018\/10\/LicRelacionesLaborales.pdf\" target=\"_self\" >Plan de Estudios<\/a><\/div>[\/vc_column][\/vc_row]<\/p>\n","protected":false},"excerpt":{"rendered":"<p>[vc_row css=&#8221;.vc_custom_1650983035320{background-color: #efefef !important;}&#8221;][vc_column][vc_column_text] PERFIL DEL T\u00c9CNICO\/A EN RELACIONES LABORALES [\/vc_column_text][vc_column_text] El T\u00e9cnico Universitario en Relaciones&#8230;<\/p>\n","protected":false},"author":8,"featured_media":5197,"parent":0,"menu_order":0,"comment_status":"closed","ping_status":"closed","template":"","meta":{"footnotes":""},"class_list":["post-4292","page","type-page","status-publish","has-post-thumbnail","hentry"],"_links":{"self":[{"href":"https:\/\/www.sociales.unlz.edu.ar\/index.php\/wp-json\/wp\/v2\/pages\/4292","targetHints":{"allow":["GET"]}}],"collection":[{"href":"https:\/\/www.sociales.unlz.edu.ar\/index.php\/wp-json\/wp\/v2\/pages"}],"about":[{"href":"https:\/\/www.sociales.unlz.edu.ar\/index.php\/wp-json\/wp\/v2\/types\/page"}],"author":[{"embeddable":true,"href":"https:\/\/www.sociales.unlz.edu.ar\/index.php\/wp-json\/wp\/v2\/users\/8"}],"replies":[{"embeddable":true,"href":"https:\/\/www.sociales.unlz.edu.ar\/index.php\/wp-json\/wp\/v2\/comments?post=4292"}],"version-history":[{"count":13,"href":"https:\/\/www.sociales.unlz.edu.ar\/index.php\/wp-json\/wp\/v2\/pages\/4292\/revisions"}],"predecessor-version":[{"id":15990,"href":"https:\/\/www.sociales.unlz.edu.ar\/index.php\/wp-json\/wp\/v2\/pages\/4292\/revisions\/15990"}],"wp:featuredmedia":[{"embeddable":true,"href":"https:\/\/www.sociales.unlz.edu.ar\/index.php\/wp-json\/wp\/v2\/media\/5197"}],"wp:attachment":[{"href":"https:\/\/www.sociales.unlz.edu.ar\/index.php\/wp-json\/wp\/v2\/media?parent=4292"}],"curies":[{"name":"wp","href":"https:\/\/api.w.org\/{rel}","templated":true}]}}

<p>[vc_row css=&#8221;.vc_custom_1650983035320{background-color: #efefef !important;}&#8221;][vc_column][vc_column_text]</p>
<h4 class="p2"><b>PERFIL DEL TÉCNICO/A </b><b>EN RELACIONES LABORALES</b></h4>
<p>[/vc_column_text][vc_column_text]</p>
<h5 class="p1">El Técnico Universitario en Relaciones Laborales posee capacidad para desempeñarse profesionalmente colaborando en la resolución de situaciones de organización y administración del personal, asistiendo en el proceso de selección así como de formación y capacitación del mismo de acuerdo a<span class="Apple-converted-space">  </span>los propósitos de la organización, dentro de los marcos legales que encuadran las políticas laborales.</h5>
<h5 class="p1">Posee formación específica sobre estrategias metodológicas y técnicas apropiadas que le permite reconocer los medios de comunicación más adecuados para colaborar en propuestas de implementación y cambio en el empleo según<span class="Apple-converted-space">  </span>las necesidades comunicativas internas y externas de la organización</h5>
<h5 class="p1">Posee formación técnica para implementar estrategias de intervención que permitan participar en los diagnósticos de<span class="Apple-converted-space">  </span>problemas y conflictos<span class="Apple-converted-space">  </span>para<span class="Apple-converted-space">  </span>poder optimizar los modos de administración y las relaciones laborales entre el personal,<span class="Apple-converted-space">  </span>así como las condiciones de trabajo en todo tipo de organizaciones. <span class="Apple-converted-space"> </span></h5>
<h5 class="p1">Es capaz de participar en los procedimientos vinculados a la selección de personal, a la evaluación de tareas y funciones y a sus respectivas remuneraciones, a partir de la formación específica relacionada con los perfiles profesionales y programas diseñados para la conformación de equipos de trabajo de acuerdo a los propósitos y fines de las instituciones.<span class="Apple-converted-space"> </span></h5>
<p>[/vc_column_text][/vc_column][/vc_row][vc_row css=&#8221;.vc_custom_1650983237422{background-color: #e0e0e0 !important;}&#8221;][vc_column][vc_column_text]</p>
<h4 class="p2"><b>ALCANCES PROFESIONALES DEL TÉCNICO/A EN RELACIONES LABORALES</b></h4>
<p>[/vc_column_text][vc_column_text]</p>
<h5>• Colaborar en la elaboración de<span class="Apple-converted-space">  </span>perfiles profesionales de acuerdo con los<span class="Apple-converted-space">  </span>puestos y tareas de trabajo y en el diseño de sistemas de remuneración en instituciones.</h5>
<h5>• Participar de la conformación de equipos de trabajo necesarios para el seguimiento y la evaluación de la gestión y administración de una organización.</h5>
<h5>• Organizar<span class="Apple-converted-space">  </span>registros y legajos de personal así como toda información necesaria para la liquidación de sueldos y<span class="Apple-converted-space">  </span>haberes.</h5>
<h5>• Participar en la supervisión y<span class="Apple-converted-space">  </span>en el cumplimiento de normas vigentes referidas al derecho laboral, la seguridad social y las condiciones y medio ambiente de trabajo.</h5>
<h5>• Colaborar en el asesoramiento en lo relativo a las transformaciones de las relaciones laborales, las funciones y las tareas, producidas como consecuencia de las innovaciones<span class="Apple-converted-space">  </span>tecnológicas.</h5>
<h5>• Participar en la<span class="Apple-converted-space">  </span>implementación y evaluación de sistemas de comunicaciones internas destinados al personal.</h5>
<h5>• Participar en la implementación de programas para la<span class="Apple-converted-space">  </span>selección de personal.</h5>
<h5>• Asistir<span class="Apple-converted-space">  </span>en<span class="Apple-converted-space">  </span>actividades para la interpretación y cumplimiento de los convenios colectivos de trabajo.</h5>
<p>[/vc_column_text][/vc_column][/vc_row][vc_row css=&#8221;.vc_custom_1650983312649{background-color: #ededed !important;}&#8221;][vc_column][vc_column_text]</p>
<h4 class="p2"><b>PERFIL DEL LICENCIADO/A<span class="Apple-converted-space">  </span>EN RELACIONES LABORALES</b></h4>
<p>[/vc_column_text][vc_column_text]</p>
<h5 class="p1">El Licenciado en Relaciones Laborales es un profesional que posee una actitud abierta, crítica y reflexiva respecto de la convivencia democrática, el desarrollo y la justicia social,<span class="Apple-converted-space">  </span>que converge en la comprensión de la realidad como una compleja construcción política y social<span class="Apple-converted-space">  </span>a partir de lo cual se consideran los procesos vinculados al trabajo y el empleo de un modo integral.<span class="Apple-converted-space"> </span></h5>
<h5 class="p1">Posee un profundo conocimiento del mundo del trabajo desde lo político, económico y<span class="Apple-converted-space">  </span>social<span class="Apple-converted-space">  </span>que<span class="Apple-converted-space">  </span>le permite intervenir en el campo de las políticas de<span class="Apple-converted-space">  </span>planificación del empleo y las relaciones laborales desde<span class="Apple-converted-space">  </span>la función pública así como en<span class="Apple-converted-space">  </span>las estrategias propias de los sectores privados y de las nuevas formas de empleo para la promoción de mejores condiciones para el empleo.</h5>
<h5 class="p1">Posee formación en el aspecto económico que le permite elaborar estrategias de definición de presupuestos, costos, inversiones, remuneraciones, integrando estas áreas a la administración<span class="Apple-converted-space">  </span>y<span class="Apple-converted-space">  </span>al planeamiento de las organizaciones públicas y/o privadas, con y sin fines de lucro.</h5>
<h5 class="p1">Posee conocimientos teóricos y procesuales<span class="Apple-converted-space">  </span>vinculados al derecho del trabajo, la seguridad social, las condiciones y el medio ambiente del trabajo lo que le permiten interpretar<span class="Apple-converted-space">  </span>y supervisar el cumplimiento de la legislación y normativa vigentes en lo relativo a las relaciones laborales del trabajador y las organizaciones desde el plano individual como el colectivo para el cumplimiento y la garantía de mejores situaciones para el empleo.</h5>
<p>[/vc_column_text][/vc_column][/vc_row][vc_row css=&#8221;.vc_custom_1650983598120{background-color: #e2e2e2 !important;}&#8221;][vc_column][vc_column_text]</p>
<h4 class="p1"><b>ALCANCES PROFESIONALES DEL LICENCIADO/A EN RELACIONES LABORALES</b></h4>
<p>[/vc_column_text][vc_column_text]</p>
<h5>• Asesorar en los procesos de<span class="Apple-converted-space">  </span>planeamiento de políticas socio-laborales referidas a las relaciones<span class="Apple-converted-space">  </span>individuales y colectivas del trabajo dentro de la función pública y/o<span class="Apple-converted-space">  </span>privada.</h5>
<h5>• Diseñar<span class="Apple-converted-space">  </span>e<span class="Apple-converted-space">  </span>implementar<span class="Apple-converted-space">  </span>sistemas de evaluación del desempeño del personal<span class="Apple-converted-space"> </span></h5>
<h5>• Elaborar<span class="Apple-converted-space">  </span>perfiles profesionales de acuerdo a los<span class="Apple-converted-space">  </span>puestos y tareas de trabajo y diseñar los sistemas de remuneración en las instituciones.</h5>
<h5>• Elaborar el planeamiento de carreras de formación y capacitación<span class="Apple-converted-space">  </span>integral para todos los niveles del personal en una organización.</h5>
<h5>• Interpretar<span class="Apple-converted-space">  </span>y supervisar<span class="Apple-converted-space">  </span>el cumplimiento de las normas vigentes referidas al derecho laboral, la seguridad social y las condiciones y el medio ambiente de trabajo.</h5>
<h5>• Planificar, coordinar y evaluar programas para la<span class="Apple-converted-space">  </span>selección de personal.</h5>
<h5>• Participar en la<span class="Apple-converted-space">  </span>implementación y evaluación de sistemas de comunicaciones internas destinados al personal.</h5>
<h5>• Intervenir<span class="Apple-converted-space">  </span>en<span class="Apple-converted-space">  </span>la planificación<span class="Apple-converted-space">  </span>de políticas y normas referidas a la administración<span class="Apple-converted-space">  </span>y desarrollo del personal.</h5>
<h5>• Asesorar para la prevención y resolución de<span class="Apple-converted-space">  </span>conflictos en las relaciones del trabajo individuales y colectivas.<span class="Apple-converted-space"> </span></h5>
<h5>• Asesorar en lo relativo a las transformaciones de las relaciones laborales, las funciones y las tareas, producidas como consecuencia de las innovaciones<span class="Apple-converted-space">  </span>tecnológicas.</h5>
<h5>• Organizar<span class="Apple-converted-space">  </span>registros y legajos de personal así como toda información necesaria para la liquidación de sueldos y jornales.</h5>
<h5>• Participar en la concertación, renovación, interpretación y cumplimiento de los convenios colectivos de trabajo.</h5>
<h5>• Realizar estudios e investigaciones relativas al ámbito del empleo y de las relaciones laborales individuales y colectivas.<span class="Apple-converted-space"> </span></h5>
<h5>• Realizar<span class="Apple-converted-space">  </span>peritajes relacionados con el cumplimiento de las normas vigentes en lo referente a las condiciones de trabajo,<span class="Apple-converted-space">  </span>las relaciones laborales individuales y los convenios colectivos.</h5>
<p>[/vc_column_text]<div class=""><a  id="btn-69f57a0a8df5e" class="btn btn-rounded  ti-pencil  btn-sm-sm" href= "http://www.sociales.unlz.edu.ar/wp-content/uploads/2018/10/LicRelacionesLaborales.pdf" target="_self" >Plan de Estudios</a></div>[/vc_column][/vc_row]</p>

<p>[vc_row css=&#8221;.vc_custom_1650983035320{background-color: #efefef !important;}&#8221;][vc_column][vc_column_text] PERFIL DEL TÉCNICO/A EN RELACIONES LABORALES [/vc_column_text][vc_column_text] El Técnico Universitario en Relaciones&#8230;</p>
