{"id":4061,"date":"2018-08-06T18:05:40","date_gmt":"2018-08-06T21:05:40","guid":{"rendered":"http:\/\/10.0.1.20\/?page_id=4061"},"modified":"2022-04-26T11:19:36","modified_gmt":"2022-04-26T14:19:36","slug":"minoridad-y-familia","status":"publish","type":"page","link":"https:\/\/www.sociales.unlz.edu.ar\/index.php\/minoridad-y-familia\/","title":{"rendered":"Minoridad y Familia"},"content":{"rendered":"<p>[vc_row css=&#8221;.vc_custom_1650980987650{background-color: #f4f4f4 !important;}&#8221;][vc_column][vc_column_text]<\/p>\n<h4 class=\"p1\"><b>PERFIL DEL T\u00c9CNICO\/A A EN MINORIDAD Y FAMILIA<\/b><\/h4>\n<p>[\/vc_column_text][vc_column_text]<\/p>\n<h5 class=\"p1\">El t\u00e9cnico en minoridad y familia de la Universidad Nacional de Lomas de Zamora, es un graduado capaz de analizar las variables: social, pol\u00edtica y econ\u00f3mica como intervinientes en la problem\u00e1tica de la minoridad.<\/h5>\n<h5 class=\"p1\">Est\u00e1 capacitado para desarrollar una adecuada labor t\u00e9cnico-instrumental, basada en las disciplinas que operan como soporte para el abordaje de la tem\u00e1tica del menor y la familia.<\/h5>\n<h5 class=\"p1\">Es capaz de facilitar la adquisici\u00f3n de nuevas pautas estables de conducta que le posibiliten al menor y su familia el mejoramiento de las condiciones de vida.<span class=\"Apple-converted-space\">\u00a0<\/span><\/h5>\n<h5 class=\"p2\">Posee formaci\u00f3n metodol\u00f3gica y t\u00e9cnica para desempe\u00f1arse eficazmente en la planificaci\u00f3n y coordinaci\u00f3n de las actividades cotidianas de los menores.<span class=\"Apple-converted-space\">\u00a0<\/span><\/h5>\n<h5 class=\"p1\">Es capaz de aplicar t\u00e9cnicas de observaci\u00f3n, a fin de obtener y transmitir lo observado como elemento primordial para la acci\u00f3n.<\/h5>\n<h5 class=\"p1\">Es capaz de orientar al menor y la familia en relaci\u00f3n con los derechos que los asisten, como as\u00ed tambi\u00e9n con sus obligaciones.<\/h5>\n<h5 class=\"p1\">Posee una actitud de compromiso responsable y solidaria para con los sujetos, las instituciones y la comunidad, a fin de desempe\u00f1ar adecuadamente su rol.<\/h5>\n<p>[\/vc_column_text][\/vc_column][\/vc_row][vc_row css=&#8221;.vc_custom_1650981156841{background-color: #e8e8e8 !important;}&#8221;][vc_column][vc_column_text]<\/p>\n<h4 class=\"p1\"><b>ALCANCES PROFESIONALES PARA EL T\u00c9CNICO\/A EN MINORIDAD Y FAMILIA<\/b><\/h4>\n<p>[\/vc_column_text][vc_column_text]<\/p>\n<h5>\u2022 Participar en acciones a nivel comunitario, grupal y familiar-individual, tendientes al desarrollo de conductas participativas y solidarias.<\/h5>\n<h5>\u2022\u00a0Participar en la planeaci\u00f3n, aplicaci\u00f3n y evaluaci\u00f3n de programas comunitarios e institucionales, desde unidades de prevenci\u00f3n, asistencia y promoci\u00f3n de menores y familias.<\/h5>\n<h5>\u2022 Elaborar con los profesionales de las instituciones y\/o personal a cargo de los planes, estrategias conjuntas de intervenci\u00f3n.<\/h5>\n<h5>\u2022 Participar en acciones tendientes a mejorar los sistemas de relaci\u00f3n y comunicaci\u00f3n entre los grupos de menores y la comunidad, la instituci\u00f3n y los grupos familiares.<\/h5>\n<h5>\u2022 Coordinar grupos de menores en lo concerniente a actividades educativas y recreativas.<\/h5>\n<h5>\u2022 Detectar los \u201ccasos problema\u201d, orientarlos y efectuar las derivaciones al equipo de profesionales correspondiente.<\/h5>\n<h5>\u2022 Informar a los menores y su familia, las condiciones jur\u00eddicas en las que se encuentran encuadrados.<\/h5>\n<h5>\u2022 Participar en el proceso de orientaci\u00f3n de los menores en situaci\u00f3n de egreso institucional.<\/h5>\n<h5>\u2022 Intervenir en la prevenci\u00f3n y tratamiento de la salud de los menores, seg\u00fan las indicaciones de los profesionales intervinientes.<\/h5>\n<h5>\u2022 Asistir en forma primaria, en comunidades e instituciones a los menores en caso de accidente o situaciones de riesgo.<\/h5>\n<p>[\/vc_column_text]<div class=\"\"><a  id=\"btn-69f5be9c51800\" class=\"btn btn-rounded  ti-pencil  btn-sm-sm\" href= \"http:\/\/www.sociales.unlz.edu.ar\/wp-content\/uploads\/2018\/11\/TecMinoridadyFamilia.pdf\" target=' _blank' >Plan de Estudios<\/a><\/div>[\/vc_column][\/vc_row]<\/p>\n","protected":false},"excerpt":{"rendered":"<p>[vc_row css=&#8221;.vc_custom_1650980987650{background-color: #f4f4f4 !important;}&#8221;][vc_column][vc_column_text] PERFIL DEL T\u00c9CNICO\/A A EN MINORIDAD Y FAMILIA [\/vc_column_text][vc_column_text] El t\u00e9cnico en&#8230;<\/p>\n","protected":false},"author":7,"featured_media":5197,"parent":0,"menu_order":0,"comment_status":"closed","ping_status":"closed","template":"","meta":{"footnotes":""},"class_list":["post-4061","page","type-page","status-publish","has-post-thumbnail","hentry"],"_links":{"self":[{"href":"https:\/\/www.sociales.unlz.edu.ar\/index.php\/wp-json\/wp\/v2\/pages\/4061","targetHints":{"allow":["GET"]}}],"collection":[{"href":"https:\/\/www.sociales.unlz.edu.ar\/index.php\/wp-json\/wp\/v2\/pages"}],"about":[{"href":"https:\/\/www.sociales.unlz.edu.ar\/index.php\/wp-json\/wp\/v2\/types\/page"}],"author":[{"embeddable":true,"href":"https:\/\/www.sociales.unlz.edu.ar\/index.php\/wp-json\/wp\/v2\/users\/7"}],"replies":[{"embeddable":true,"href":"https:\/\/www.sociales.unlz.edu.ar\/index.php\/wp-json\/wp\/v2\/comments?post=4061"}],"version-history":[{"count":10,"href":"https:\/\/www.sociales.unlz.edu.ar\/index.php\/wp-json\/wp\/v2\/pages\/4061\/revisions"}],"predecessor-version":[{"id":15989,"href":"https:\/\/www.sociales.unlz.edu.ar\/index.php\/wp-json\/wp\/v2\/pages\/4061\/revisions\/15989"}],"wp:featuredmedia":[{"embeddable":true,"href":"https:\/\/www.sociales.unlz.edu.ar\/index.php\/wp-json\/wp\/v2\/media\/5197"}],"wp:attachment":[{"href":"https:\/\/www.sociales.unlz.edu.ar\/index.php\/wp-json\/wp\/v2\/media?parent=4061"}],"curies":[{"name":"wp","href":"https:\/\/api.w.org\/{rel}","templated":true}]}}

<p>[vc_row css=&#8221;.vc_custom_1650980987650{background-color: #f4f4f4 !important;}&#8221;][vc_column][vc_column_text]</p>
<h4 class="p1"><b>PERFIL DEL TÉCNICO/A A EN MINORIDAD Y FAMILIA</b></h4>
<p>[/vc_column_text][vc_column_text]</p>
<h5 class="p1">El técnico en minoridad y familia de la Universidad Nacional de Lomas de Zamora, es un graduado capaz de analizar las variables: social, política y económica como intervinientes en la problemática de la minoridad.</h5>
<h5 class="p1">Está capacitado para desarrollar una adecuada labor técnico-instrumental, basada en las disciplinas que operan como soporte para el abordaje de la temática del menor y la familia.</h5>
<h5 class="p1">Es capaz de facilitar la adquisición de nuevas pautas estables de conducta que le posibiliten al menor y su familia el mejoramiento de las condiciones de vida.<span class="Apple-converted-space"> </span></h5>
<h5 class="p2">Posee formación metodológica y técnica para desempeñarse eficazmente en la planificación y coordinación de las actividades cotidianas de los menores.<span class="Apple-converted-space"> </span></h5>
<h5 class="p1">Es capaz de aplicar técnicas de observación, a fin de obtener y transmitir lo observado como elemento primordial para la acción.</h5>
<h5 class="p1">Es capaz de orientar al menor y la familia en relación con los derechos que los asisten, como así también con sus obligaciones.</h5>
<h5 class="p1">Posee una actitud de compromiso responsable y solidaria para con los sujetos, las instituciones y la comunidad, a fin de desempeñar adecuadamente su rol.</h5>
<p>[/vc_column_text][/vc_column][/vc_row][vc_row css=&#8221;.vc_custom_1650981156841{background-color: #e8e8e8 !important;}&#8221;][vc_column][vc_column_text]</p>
<h4 class="p1"><b>ALCANCES PROFESIONALES PARA EL TÉCNICO/A EN MINORIDAD Y FAMILIA</b></h4>
<p>[/vc_column_text][vc_column_text]</p>
<h5>• Participar en acciones a nivel comunitario, grupal y familiar-individual, tendientes al desarrollo de conductas participativas y solidarias.</h5>
<h5>• Participar en la planeación, aplicación y evaluación de programas comunitarios e institucionales, desde unidades de prevención, asistencia y promoción de menores y familias.</h5>
<h5>• Elaborar con los profesionales de las instituciones y/o personal a cargo de los planes, estrategias conjuntas de intervención.</h5>
<h5>• Participar en acciones tendientes a mejorar los sistemas de relación y comunicación entre los grupos de menores y la comunidad, la institución y los grupos familiares.</h5>
<h5>• Coordinar grupos de menores en lo concerniente a actividades educativas y recreativas.</h5>
<h5>• Detectar los “casos problema”, orientarlos y efectuar las derivaciones al equipo de profesionales correspondiente.</h5>
<h5>• Informar a los menores y su familia, las condiciones jurídicas en las que se encuentran encuadrados.</h5>
<h5>• Participar en el proceso de orientación de los menores en situación de egreso institucional.</h5>
<h5>• Intervenir en la prevención y tratamiento de la salud de los menores, según las indicaciones de los profesionales intervinientes.</h5>
<h5>• Asistir en forma primaria, en comunidades e instituciones a los menores en caso de accidente o situaciones de riesgo.</h5>
<p>[/vc_column_text]<div class=""><a  id="btn-69f5be9c51800" class="btn btn-rounded  ti-pencil  btn-sm-sm" href= "http://www.sociales.unlz.edu.ar/wp-content/uploads/2018/11/TecMinoridadyFamilia.pdf" target=' _blank' >Plan de Estudios</a></div>[/vc_column][/vc_row]</p>

<p>[vc_row css=&#8221;.vc_custom_1650980987650{background-color: #f4f4f4 !important;}&#8221;][vc_column][vc_column_text] PERFIL DEL TÉCNICO/A A EN MINORIDAD Y FAMILIA [/vc_column_text][vc_column_text] El técnico en&#8230;</p>
