{"id":25617,"date":"2026-04-29T09:43:46","date_gmt":"2026-04-29T12:43:46","guid":{"rendered":"https:\/\/www.sociales.unlz.edu.ar\/?page_id=25617"},"modified":"2026-04-29T09:43:46","modified_gmt":"2026-04-29T12:43:46","slug":"aulas-dias-y-horarios-examenes-finales-intermedios-mayo-2026","status":"publish","type":"page","link":"https:\/\/www.sociales.unlz.edu.ar\/index.php\/aulas-dias-y-horarios-examenes-finales-intermedios-mayo-2026\/","title":{"rendered":"Aulas, d\u00edas y horarios | Ex\u00e1menes finales intermedios | Mayo 2026"},"content":{"rendered":"<table dir=\"ltr\" border=\"1\" cellspacing=\"0\" cellpadding=\"0\" data-sheets-root=\"1\" data-sheets-baot=\"1\">\n<colgroup>\n<col width=\"392\" \/>\n<col width=\"61\" \/>\n<col width=\"70\" \/>\n<col width=\"104\" \/>\n<col width=\"96\" \/><\/colgroup>\n<tbody>\n<tr>\n<td>MATERIA<\/td>\n<td>D\u00eda<\/td>\n<td>Fecha<\/td>\n<td><\/td>\n<td>AULA<\/td>\n<\/tr>\n<tr>\n<td>Abordaje psicoanal\u00edtico en ni\u00f1os y adolescentes<\/td>\n<td>VI<\/td>\n<td>15-may<\/td>\n<td>16hs<\/td>\n<td>B<\/td>\n<\/tr>\n<tr>\n<td>Administraci\u00f3n de la Educaci\u00f3n y Elaboraci\u00f3n de Proyectos Educativos<\/td>\n<td>MA<\/td>\n<td>19-may<\/td>\n<td>16hs<\/td>\n<td>9<\/td>\n<\/tr>\n<tr>\n<td>Administraci\u00f3n de personal<\/td>\n<td>VI<\/td>\n<td>15-may<\/td>\n<td>17hs<\/td>\n<td>15<\/td>\n<\/tr>\n<tr>\n<td>Administraci\u00f3n y liquidaci\u00f3n de sueldos y jornales<\/td>\n<td>VI<\/td>\n<td>15-may<\/td>\n<td>17hs<\/td>\n<td>15<\/td>\n<\/tr>\n<tr>\n<td>An\u00e1lisis del discurso<\/td>\n<td>MI<\/td>\n<td>13-may<\/td>\n<td>17hs<\/td>\n<td>3<\/td>\n<\/tr>\n<tr>\n<td>Animaci\u00f3n sociocultural<\/td>\n<td>LU<\/td>\n<td>11-may<\/td>\n<td>18hs<\/td>\n<td>6<\/td>\n<\/tr>\n<tr>\n<td>Antropolog\u00eda cultural<\/td>\n<td>JU<\/td>\n<td>14-may<\/td>\n<td>12hs<\/td>\n<td>108<\/td>\n<\/tr>\n<tr>\n<td>Campo I (Comunidad)<\/td>\n<td>LU<\/td>\n<td>11-may<\/td>\n<td>17hs<\/td>\n<td>3<\/td>\n<\/tr>\n<tr>\n<td>Campo I MF<\/td>\n<td>MA<\/td>\n<td>19-may<\/td>\n<td>18hs<\/td>\n<td>13<\/td>\n<\/tr>\n<tr>\n<td>Campo II (Instituci\u00f3n)<\/td>\n<td>MA<\/td>\n<td>19-may<\/td>\n<td>18hs<\/td>\n<td>14<\/td>\n<\/tr>\n<tr>\n<td>Campo II MF<\/td>\n<td>MI<\/td>\n<td>13-may<\/td>\n<td>18hs<\/td>\n<td>112<\/td>\n<\/tr>\n<tr>\n<td>Campo III (grupo)<\/td>\n<td>MI<\/td>\n<td>13-may<\/td>\n<td>17hs<\/td>\n<td>111<\/td>\n<\/tr>\n<tr>\n<td>Campo IV (Familia)<\/td>\n<td>MI<\/td>\n<td>13-may<\/td>\n<td>17hs<\/td>\n<td>107<\/td>\n<\/tr>\n<tr>\n<td>Ceremonial, Protocolo y Eventos<\/td>\n<td>LU<\/td>\n<td>11-may<\/td>\n<td>18hs<\/td>\n<td>2<\/td>\n<\/tr>\n<tr>\n<td>Cl\u00ednica psicopedag\u00f3gica<\/td>\n<td>JU<\/td>\n<td>14-may<\/td>\n<td>15.30hs<\/td>\n<td>9<\/td>\n<\/tr>\n<tr>\n<td>Comportamiento organizacional<\/td>\n<td>MA<\/td>\n<td>19-may<\/td>\n<td>16.30hs<\/td>\n<td>107<\/td>\n<\/tr>\n<tr>\n<td>Comunicaci\u00f3n I<\/td>\n<td>MI<\/td>\n<td>13-may<\/td>\n<td>15hs<\/td>\n<td>8<\/td>\n<\/tr>\n<tr>\n<td>Comunicaci\u00f3n II<\/td>\n<td>MA<\/td>\n<td>19-may<\/td>\n<td>16hs<\/td>\n<td>106<\/td>\n<\/tr>\n<tr>\n<td>Comunicaci\u00f3n III<\/td>\n<td>MA<\/td>\n<td>19-may<\/td>\n<td>14hs<\/td>\n<td>105<\/td>\n<\/tr>\n<tr>\n<td>Comunicaci\u00f3n IV<\/td>\n<td>JU<\/td>\n<td>14-may<\/td>\n<td>18hs<\/td>\n<td>106<\/td>\n<\/tr>\n<tr>\n<td>Comunicaci\u00f3n publicitaria<\/td>\n<td>LU<\/td>\n<td>11-may<\/td>\n<td>17.30hs<\/td>\n<td>9<\/td>\n<\/tr>\n<tr>\n<td>Comunicaci\u00f3n visual<\/td>\n<td>MA<\/td>\n<td>19-may<\/td>\n<td>14hs<\/td>\n<td>Lab.2<\/td>\n<\/tr>\n<tr>\n<td>Condiciones y medio ambiente del trabajo<\/td>\n<td>SA<\/td>\n<td>16-may<\/td>\n<td>10hs<\/td>\n<td>102<\/td>\n<\/tr>\n<tr>\n<td>Creatividad en publicidad<\/td>\n<td>MI<\/td>\n<td>13-may<\/td>\n<td>17hs<\/td>\n<td>10<\/td>\n<\/tr>\n<tr>\n<td>Derecho civil y penal<\/td>\n<td>MA<\/td>\n<td>19-may<\/td>\n<td>10hs<\/td>\n<td>111<\/td>\n<\/tr>\n<tr>\n<td>Derecho de la seguridad social<\/td>\n<td>JU<\/td>\n<td>14-may<\/td>\n<td>18hs<\/td>\n<td>110<\/td>\n<\/tr>\n<tr>\n<td>Derecho del menor y la familia<\/td>\n<td>MI<\/td>\n<td>13-may<\/td>\n<td>18hs<\/td>\n<td>3<\/td>\n<\/tr>\n<tr>\n<td>Derecho Laboral<\/td>\n<td>LU<\/td>\n<td>11-may<\/td>\n<td>17hs<\/td>\n<td>11<\/td>\n<\/tr>\n<tr>\n<td>Derecho Laboral I<\/td>\n<td>LU<\/td>\n<td>11-may<\/td>\n<td>17hs<\/td>\n<td>11<\/td>\n<\/tr>\n<tr>\n<td>Derecho Laboral II<\/td>\n<td>JU<\/td>\n<td>14-may<\/td>\n<td>18hs<\/td>\n<td>110<\/td>\n<\/tr>\n<tr>\n<td>Derecho procesal, judicial, laboral y administrativo<\/td>\n<td>JU<\/td>\n<td>14-may<\/td>\n<td>18hs<\/td>\n<td>110<\/td>\n<\/tr>\n<tr>\n<td>Diagn\u00f3stico Psicopedag\u00f3gico<\/td>\n<td>JU<\/td>\n<td>14-may<\/td>\n<td>14.30hs<\/td>\n<td>13<\/td>\n<\/tr>\n<tr>\n<td>Did\u00e1ctica I<\/td>\n<td>JU<\/td>\n<td>14-may<\/td>\n<td>10hs<\/td>\n<td>1<\/td>\n<\/tr>\n<tr>\n<td>Did\u00e1ctica II<\/td>\n<td>LU<\/td>\n<td>11-may<\/td>\n<td>18hs<\/td>\n<td>109<\/td>\n<\/tr>\n<tr>\n<td>Did\u00e1ctica III<\/td>\n<td>SA<\/td>\n<td>16-may<\/td>\n<td>10hs<\/td>\n<td>14<\/td>\n<\/tr>\n<tr>\n<td>Did\u00e1ctica IV<\/td>\n<td>LU<\/td>\n<td>11-may<\/td>\n<td>9hs<\/td>\n<td>9<\/td>\n<\/tr>\n<tr>\n<td>Din\u00e1mica de Grupos<\/td>\n<td>SA<\/td>\n<td>16-may<\/td>\n<td>9hs<\/td>\n<td>105<\/td>\n<\/tr>\n<tr>\n<td>Dise\u00f1o multimedial<\/td>\n<td>LU<\/td>\n<td>11-may<\/td>\n<td>18.30hs<\/td>\n<td>Lab.2<\/td>\n<\/tr>\n<tr>\n<td>Dise\u00f1o y producci\u00f3n gr\u00e1fica<\/td>\n<td>JU<\/td>\n<td>14-may<\/td>\n<td>19hs<\/td>\n<td>Lab.1<\/td>\n<\/tr>\n<tr>\n<td>Econom\u00eda general<\/td>\n<td>MA<\/td>\n<td>19-may<\/td>\n<td>9hs<\/td>\n<td>12<\/td>\n<\/tr>\n<tr>\n<td>Econom\u00eda y presupuesto<\/td>\n<td>VI<\/td>\n<td>15-may<\/td>\n<td>17hs<\/td>\n<td>14<\/td>\n<\/tr>\n<tr>\n<td>El deseo y su articulaci\u00f3n con el aprendizaje<\/td>\n<td>MI<\/td>\n<td>13-may<\/td>\n<td>18hs<\/td>\n<td>3<\/td>\n<\/tr>\n<tr>\n<td>Elementos de neuropsicolog\u00eda infantil<\/td>\n<td>MA<\/td>\n<td>19-may<\/td>\n<td>16.30hs<\/td>\n<td>B<\/td>\n<\/tr>\n<tr>\n<td>Empleo<\/td>\n<td>SA<\/td>\n<td>16-may<\/td>\n<td>11hs<\/td>\n<td>106<\/td>\n<\/tr>\n<tr>\n<td>Epistemolog\u00eda de las Ciencias de la educaci\u00f3n<\/td>\n<td>JU<\/td>\n<td>14-may<\/td>\n<td>16hs<\/td>\n<td>106<\/td>\n<\/tr>\n<tr>\n<td>Epistemolog\u00eda y Psicolog\u00eda Gen\u00e9tica<\/td>\n<td>LU<\/td>\n<td>11-may<\/td>\n<td>17hs<\/td>\n<td>109<\/td>\n<\/tr>\n<tr>\n<td>Equidad de g\u00e9nero y construcci\u00f3n de ciudadan\u00eda<\/td>\n<td>LU<\/td>\n<td>11-may<\/td>\n<td>11hs<\/td>\n<td>7<\/td>\n<\/tr>\n<tr>\n<td>Estad\u00edstica y an\u00e1lisis de la informaci\u00f3n<\/td>\n<td>MI<\/td>\n<td>13-may<\/td>\n<td>16hs<\/td>\n<td>12<\/td>\n<\/tr>\n<tr>\n<td>Estado y Pol\u00edticas P\u00fablicas<\/td>\n<td>VI<\/td>\n<td>15-may<\/td>\n<td>16hs<\/td>\n<td>111<\/td>\n<\/tr>\n<tr>\n<td>Estimulaci\u00f3n temprana<\/td>\n<td>VI<\/td>\n<td>15-may<\/td>\n<td>13hs<\/td>\n<td>6<\/td>\n<\/tr>\n<tr>\n<td>Estrategias para el Abordaje de las Dificultades del Aprendizaje<\/td>\n<td>VI<\/td>\n<td>15-may<\/td>\n<td>16hs<\/td>\n<td>106<\/td>\n<\/tr>\n<tr>\n<td>Estudio del Lenguaje y sus Trastornos<\/td>\n<td>LU<\/td>\n<td>11-may<\/td>\n<td>9hs<\/td>\n<td>C<\/td>\n<\/tr>\n<tr>\n<td>Filosof\u00eda<\/td>\n<td>MA<\/td>\n<td>19-may<\/td>\n<td>11hs<\/td>\n<td>112<\/td>\n<\/tr>\n<tr>\n<td>Filosof\u00eda de la educaci\u00f3n<\/td>\n<td>JU<\/td>\n<td>14-may<\/td>\n<td>16hs<\/td>\n<td>106<\/td>\n<\/tr>\n<tr>\n<td>Formaci\u00f3n y Capacitaci\u00f3n<\/td>\n<td>VI<\/td>\n<td>15-may<\/td>\n<td>17hs<\/td>\n<td>101<\/td>\n<\/tr>\n<tr>\n<td>Fundamentos biol\u00f3gicos para la educaci\u00f3n<\/td>\n<td>VI<\/td>\n<td>15-may<\/td>\n<td>15hs<\/td>\n<td>C<\/td>\n<\/tr>\n<tr>\n<td>Fundamentos de la educaci\u00f3n<\/td>\n<td>MI<\/td>\n<td>13-may<\/td>\n<td>18hs<\/td>\n<td>2<\/td>\n<\/tr>\n<tr>\n<td>Fundamentos del aprendizaje<\/td>\n<td>LU<\/td>\n<td>11-may<\/td>\n<td>15hs<\/td>\n<td>10<\/td>\n<\/tr>\n<tr>\n<td>Gesti\u00f3n y producci\u00f3n de medios<\/td>\n<td>SA<\/td>\n<td>16-may<\/td>\n<td>9hs<\/td>\n<td>3<\/td>\n<\/tr>\n<tr>\n<td>Gesti\u00f3n y resoluci\u00f3n de conflictos<\/td>\n<td>VI<\/td>\n<td>15-may<\/td>\n<td>18hs<\/td>\n<td>9<\/td>\n<\/tr>\n<tr>\n<td>Gram\u00e1tica espa\u00f1ola I<\/td>\n<td>VI<\/td>\n<td>15-may<\/td>\n<td>10hs<\/td>\n<td>9<\/td>\n<\/tr>\n<tr>\n<td>Gram\u00e1tica espa\u00f1ola II<\/td>\n<td>VI<\/td>\n<td>15-may<\/td>\n<td>10hs<\/td>\n<td>9<\/td>\n<\/tr>\n<tr>\n<td>Griego I<\/td>\n<td>VI<\/td>\n<td>15-may<\/td>\n<td>17hs<\/td>\n<td>10<\/td>\n<\/tr>\n<tr>\n<td>Griego II<\/td>\n<td>VI<\/td>\n<td>15-may<\/td>\n<td>17hs<\/td>\n<td>10<\/td>\n<\/tr>\n<tr>\n<td>Historia de la educaci\u00f3n<\/td>\n<td>JU<\/td>\n<td>14-may<\/td>\n<td>8hs<\/td>\n<td>101<\/td>\n<\/tr>\n<tr>\n<td>Historia Social Argentina<\/td>\n<td>VI<\/td>\n<td>15-may<\/td>\n<td>17hs<\/td>\n<td>105<\/td>\n<\/tr>\n<tr>\n<td>Historia Social General<\/td>\n<td>JU<\/td>\n<td>14-may<\/td>\n<td>17hs<\/td>\n<td>B<\/td>\n<\/tr>\n<tr>\n<td>Ingl\u00e9s avanzado<\/td>\n<td>MI<\/td>\n<td>13-may<\/td>\n<td>11hs<\/td>\n<td>105<\/td>\n<\/tr>\n<tr>\n<td>Ingl\u00e9s inicial<\/td>\n<td>MI<\/td>\n<td>13-may<\/td>\n<td>10hs<\/td>\n<td>105<\/td>\n<\/tr>\n<tr>\n<td>Integraci\u00f3n escolar y adaptaciones curriculares<\/td>\n<td>MI<\/td>\n<td>13-may<\/td>\n<td>14hs<\/td>\n<td>2<\/td>\n<\/tr>\n<tr>\n<td>Introducci\u00f3n a la comunicaci\u00f3n<\/td>\n<td>VI<\/td>\n<td>15-may<\/td>\n<td>8.30hs<\/td>\n<td>B<\/td>\n<\/tr>\n<tr>\n<td>Introducci\u00f3n a la Educaci\u00f3n<\/td>\n<td>LU<\/td>\n<td>11-may<\/td>\n<td>14hs<\/td>\n<td>B<\/td>\n<\/tr>\n<tr>\n<td>Introducci\u00f3n a la pr\u00e1ctica psicopedag\u00f3gica<\/td>\n<td>MA<\/td>\n<td>19-may<\/td>\n<td>14hs<\/td>\n<td>112<\/td>\n<\/tr>\n<tr>\n<td>Introducci\u00f3n a la problem\u00e1tica del menor y la familia<\/td>\n<td>MI<\/td>\n<td>13-may<\/td>\n<td>17hs<\/td>\n<td>6<\/td>\n<\/tr>\n<tr>\n<td>Introducci\u00f3n a la publicidad<\/td>\n<td>JU<\/td>\n<td>14-may<\/td>\n<td>18hs<\/td>\n<td>2<\/td>\n<\/tr>\n<tr>\n<td>Introducci\u00f3n a la sociolog\u00eda<\/td>\n<td>LU<\/td>\n<td>11-may<\/td>\n<td>16hs<\/td>\n<td>C<\/td>\n<\/tr>\n<tr>\n<td>Introducci\u00f3n a las Relaciones Laborales<\/td>\n<td>LU<\/td>\n<td>11-may<\/td>\n<td>15hs<\/td>\n<td>112<\/td>\n<\/tr>\n<tr>\n<td>Introducci\u00f3n a los estudios literarios<\/td>\n<td>MA<\/td>\n<td>19-may<\/td>\n<td>16hs<\/td>\n<td>3<\/td>\n<\/tr>\n<tr>\n<td>Introducci\u00f3n al trabajo social<\/td>\n<td>JU<\/td>\n<td>14-may<\/td>\n<td>17hs<\/td>\n<td>109<\/td>\n<\/tr>\n<tr>\n<td>Investigaci\u00f3n en comunicaci\u00f3n social<\/td>\n<td>JU<\/td>\n<td>14-may<\/td>\n<td>18hs<\/td>\n<td>11<\/td>\n<\/tr>\n<tr>\n<td>Investigaci\u00f3n en Publicidad<\/td>\n<td>MA<\/td>\n<td>19-may<\/td>\n<td>16.30hs<\/td>\n<td>14<\/td>\n<\/tr>\n<tr>\n<td>Investigacion periodistica<\/td>\n<td>LU<\/td>\n<td>11-may<\/td>\n<td>16hs<\/td>\n<td>Lab.1<\/td>\n<\/tr>\n<tr>\n<td>La filosof\u00eda pol\u00edtica moderna<\/td>\n<td>VI<\/td>\n<td>15-may<\/td>\n<td>18hs<\/td>\n<td>4<\/td>\n<\/tr>\n<tr>\n<td>Lat\u00edn I<\/td>\n<td>LU<\/td>\n<td>11-may<\/td>\n<td>15hs<\/td>\n<td>2<\/td>\n<\/tr>\n<tr>\n<td>Lat\u00edn II<\/td>\n<td>LU<\/td>\n<td>11-may<\/td>\n<td>15hs<\/td>\n<td>2<\/td>\n<\/tr>\n<tr>\n<td>Ling\u00fc\u00edstica<\/td>\n<td>VI<\/td>\n<td>15-may<\/td>\n<td>16hs<\/td>\n<td>107<\/td>\n<\/tr>\n<tr>\n<td>Ling\u00fc\u00edstica (Letras)<\/td>\n<td>JU<\/td>\n<td>14-may<\/td>\n<td>15hs<\/td>\n<td>1<\/td>\n<\/tr>\n<tr>\n<td>ling\u00fc\u00edstica Y Semi\u00f3tica (Psicopedagog\u00eda)<\/td>\n<td>JU<\/td>\n<td>14-may<\/td>\n<td>15hs<\/td>\n<td>1<\/td>\n<\/tr>\n<tr>\n<td>Literatura Argentina I<\/td>\n<td>LU<\/td>\n<td>11-may<\/td>\n<td>18hs<\/td>\n<td>102<\/td>\n<\/tr>\n<tr>\n<td>Literatura Argentina II<\/td>\n<td>LU<\/td>\n<td>11-may<\/td>\n<td>18hs<\/td>\n<td>102<\/td>\n<\/tr>\n<tr>\n<td>Literatura espa\u00f1ola I<\/td>\n<td>MI<\/td>\n<td>13-may<\/td>\n<td>15hs<\/td>\n<td>10<\/td>\n<\/tr>\n<tr>\n<td>Literatura espa\u00f1ola II<\/td>\n<td>MI<\/td>\n<td>13-may<\/td>\n<td>14hs<\/td>\n<td>107<\/td>\n<\/tr>\n<tr>\n<td>Literatura espa\u00f1ola III<\/td>\n<td>LU<\/td>\n<td>11-may<\/td>\n<td>16hs<\/td>\n<td>106<\/td>\n<\/tr>\n<tr>\n<td>Literatura europea I<\/td>\n<td>JU<\/td>\n<td>14-may<\/td>\n<td>15hs<\/td>\n<td>10<\/td>\n<\/tr>\n<tr>\n<td>Literatura europea II<\/td>\n<td>JU<\/td>\n<td>14-may<\/td>\n<td>15hs<\/td>\n<td>10<\/td>\n<\/tr>\n<tr>\n<td>Literatura Griega<\/td>\n<td>SA<\/td>\n<td>16-may<\/td>\n<td>9hs<\/td>\n<td>5<\/td>\n<\/tr>\n<tr>\n<td>Literatura Latina<\/td>\n<td>SA<\/td>\n<td>16-may<\/td>\n<td>9hs<\/td>\n<td>5<\/td>\n<\/tr>\n<tr>\n<td>Literatura Latinoamericana I<\/td>\n<td>MA<\/td>\n<td>19-may<\/td>\n<td>17hs<\/td>\n<td>2<\/td>\n<\/tr>\n<tr>\n<td>Literatura latinoamericana II<\/td>\n<td>MA<\/td>\n<td>19-may<\/td>\n<td>17hs<\/td>\n<td>2<\/td>\n<\/tr>\n<tr>\n<td>Marketing I<\/td>\n<td>VI<\/td>\n<td>15-may<\/td>\n<td>18hs<\/td>\n<td>109<\/td>\n<\/tr>\n<tr>\n<td>Marketing II<\/td>\n<td>LU<\/td>\n<td>11-may<\/td>\n<td>18hs<\/td>\n<td>4<\/td>\n<\/tr>\n<tr>\n<td>Medicina preventiva y social<\/td>\n<td>MA<\/td>\n<td>19-may<\/td>\n<td>16hs<\/td>\n<td>10<\/td>\n<\/tr>\n<tr>\n<td>Medios de comunicaci\u00f3n publicitaria<\/td>\n<td>MI<\/td>\n<td>13-may<\/td>\n<td>8.30hs<\/td>\n<td>2<\/td>\n<\/tr>\n<tr>\n<td>Medios de comunicaci\u00f3n social<\/td>\n<td>VI<\/td>\n<td>15-may<\/td>\n<td>18hs<\/td>\n<td>2<\/td>\n<\/tr>\n<tr>\n<td>Metodolog\u00eda de la Investigaci\u00f3n Social<\/td>\n<td>MI<\/td>\n<td>13-may<\/td>\n<td>16.30hs<\/td>\n<td>B<\/td>\n<\/tr>\n<tr>\n<td>Metodolog\u00eda de la Investigaci\u00f3n Social I<\/td>\n<td>MI<\/td>\n<td>13-may<\/td>\n<td>16.30hs<\/td>\n<td>B<\/td>\n<\/tr>\n<tr>\n<td>Metodolog\u00eda de la Investigaci\u00f3n Social II<\/td>\n<td>SA<\/td>\n<td>16-may<\/td>\n<td>11hs<\/td>\n<td>C<\/td>\n<\/tr>\n<tr>\n<td>Opini\u00f3n p\u00fablica<\/td>\n<td>MI<\/td>\n<td>13-may<\/td>\n<td>17.30hs<\/td>\n<td>4<\/td>\n<\/tr>\n<tr>\n<td>Organizaci\u00f3n y administraci\u00f3n de empresas<\/td>\n<td>MA<\/td>\n<td>19-may<\/td>\n<td>16hs<\/td>\n<td>109<\/td>\n<\/tr>\n<tr>\n<td>Organizaci\u00f3n y Administraci\u00f3n de la empresa publicitaria<\/td>\n<td>JU<\/td>\n<td>14-may<\/td>\n<td>17hs<\/td>\n<td>Lab.1<\/td>\n<\/tr>\n<tr>\n<td>Organizaci\u00f3n y pr\u00e1ctica sindical<\/td>\n<td>MI<\/td>\n<td>13-may<\/td>\n<td>15hs<\/td>\n<td>108<\/td>\n<\/tr>\n<tr>\n<td>Orientaci\u00f3n educacional y laboral<\/td>\n<td>MI<\/td>\n<td>13-may<\/td>\n<td>18hs<\/td>\n<td>5<\/td>\n<\/tr>\n<tr>\n<td>Pedagog\u00eda<\/td>\n<td>MI<\/td>\n<td>13-may<\/td>\n<td>17.30hs<\/td>\n<td>A<\/td>\n<\/tr>\n<tr>\n<td>Pedagog\u00eda especial<\/td>\n<td>LU<\/td>\n<td>11-may<\/td>\n<td>14hs<\/td>\n<td>A<\/td>\n<\/tr>\n<tr>\n<td>Pedagog\u00eda institucional<\/td>\n<td>SA<\/td>\n<td>16-may<\/td>\n<td>10hs<\/td>\n<td>A<\/td>\n<\/tr>\n<tr>\n<td>Periodismo gr\u00e1fico<\/td>\n<td>MI<\/td>\n<td>13-may<\/td>\n<td>13hs<\/td>\n<td>Lab.2<\/td>\n<\/tr>\n<tr>\n<td>Periodismo y Literatura<\/td>\n<td>MA<\/td>\n<td>19-may<\/td>\n<td>14hs<\/td>\n<td>13<\/td>\n<\/tr>\n<tr>\n<td>Planeamiento de Servicios<\/td>\n<td>VI<\/td>\n<td>15-may<\/td>\n<td>17hs<\/td>\n<td>2<\/td>\n<\/tr>\n<tr>\n<td>Planeamiento social<\/td>\n<td>VI<\/td>\n<td>15-may<\/td>\n<td>16hs<\/td>\n<td>111<\/td>\n<\/tr>\n<tr>\n<td>Planificaci\u00f3n Comunicacional<\/td>\n<td>MI<\/td>\n<td>13-may<\/td>\n<td>19hs<\/td>\n<td>111<\/td>\n<\/tr>\n<tr>\n<td>Planificaci\u00f3n de medios<\/td>\n<td>VI<\/td>\n<td>15-may<\/td>\n<td>17hs<\/td>\n<td>109<\/td>\n<\/tr>\n<tr>\n<td>Pol\u00edtica de los medios de comunicaci\u00f3n social<\/td>\n<td>JU<\/td>\n<td>14-may<\/td>\n<td>17hs<\/td>\n<td>108<\/td>\n<\/tr>\n<tr>\n<td>Pol\u00edtica Educativa<\/td>\n<td>LU<\/td>\n<td>11-may<\/td>\n<td>9hs<\/td>\n<td>12<\/td>\n<\/tr>\n<tr>\n<td>Pol\u00edtica y Legislaci\u00f3n Educativa<\/td>\n<td>LU<\/td>\n<td>11-may<\/td>\n<td>9hs<\/td>\n<td>12<\/td>\n<\/tr>\n<tr>\n<td>Pol\u00edtica y planificaci\u00f3n de la funci\u00f3n p\u00fablica<\/td>\n<td>JU<\/td>\n<td>14-may<\/td>\n<td>17hs<\/td>\n<td>112<\/td>\n<\/tr>\n<tr>\n<td>Portugu\u00e9s avanzado<\/td>\n<td>SA<\/td>\n<td>16-may<\/td>\n<td>9hs<\/td>\n<td>103<\/td>\n<\/tr>\n<tr>\n<td>Portugu\u00e9s inicial<\/td>\n<td>SA<\/td>\n<td>16-may<\/td>\n<td>9hs<\/td>\n<td>103<\/td>\n<\/tr>\n<tr>\n<td>Pr\u00e1ctica publicitaria<\/td>\n<td>VI<\/td>\n<td>15-may<\/td>\n<td>18hs<\/td>\n<td>Lab.1<\/td>\n<\/tr>\n<tr>\n<td>Prensa y Comunicaci\u00f3n Institucional<\/td>\n<td>MA<\/td>\n<td>19-may<\/td>\n<td>17hs<\/td>\n<td>1<\/td>\n<\/tr>\n<tr>\n<td>Problem\u00e1tica de la comunicaci\u00f3n<\/td>\n<td>VI<\/td>\n<td>15-may<\/td>\n<td>8.30hs<\/td>\n<td>B<\/td>\n<\/tr>\n<tr>\n<td>Problem\u00e1tica period\u00edstica<\/td>\n<td>MA<\/td>\n<td>19-may<\/td>\n<td>18hs<\/td>\n<td>9<\/td>\n<\/tr>\n<tr>\n<td>Producci\u00f3n audiovisual<\/td>\n<td>MA<\/td>\n<td>19-may<\/td>\n<td>18hs<\/td>\n<td>Lab.2<\/td>\n<\/tr>\n<tr>\n<td>Producci\u00f3n de contenidos para medios audiovisuales<\/td>\n<td>MI<\/td>\n<td>13-may<\/td>\n<td>17.30hs<\/td>\n<td>Lab.1<\/td>\n<\/tr>\n<tr>\n<td>Promoci\u00f3n social de la salud<\/td>\n<td>MA<\/td>\n<td>19-may<\/td>\n<td>16hs<\/td>\n<td>10<\/td>\n<\/tr>\n<tr>\n<td>Psicolog\u00eda del desarrollo (Cs. de la educaci\u00f3n \/ Prof. Comun. Social)<\/td>\n<td>LU<\/td>\n<td>11-may<\/td>\n<td>15hs<\/td>\n<td>110<\/td>\n<\/tr>\n<tr>\n<td>Psicolog\u00eda del desarrollo (Tr. Soc.)<\/td>\n<td>LU<\/td>\n<td>11-may<\/td>\n<td>15hs<\/td>\n<td>110<\/td>\n<\/tr>\n<tr>\n<td>Psicolog\u00eda del desarrollo I<\/td>\n<td>LU<\/td>\n<td>11-may<\/td>\n<td>9hs<\/td>\n<td>112<\/td>\n<\/tr>\n<tr>\n<td>Psicolog\u00eda del desarrollo II<\/td>\n<td>LU<\/td>\n<td>11-may<\/td>\n<td>9hs<\/td>\n<td>112<\/td>\n<\/tr>\n<tr>\n<td>Psicolog\u00eda evolutiva<\/td>\n<td>LU<\/td>\n<td>11-may<\/td>\n<td>15hs<\/td>\n<td>10<\/td>\n<\/tr>\n<tr>\n<td>Psicolog\u00eda general<\/td>\n<td>VI<\/td>\n<td>15-may<\/td>\n<td>12hs<\/td>\n<td>A<\/td>\n<\/tr>\n<tr>\n<td>Psicolog\u00eda institucional<\/td>\n<td>LU<\/td>\n<td>11-may<\/td>\n<td>17hs<\/td>\n<td>111<\/td>\n<\/tr>\n<tr>\n<td>Psicolog\u00eda motivacional<\/td>\n<td>VI<\/td>\n<td>15-may<\/td>\n<td>15hs<\/td>\n<td>3<\/td>\n<\/tr>\n<tr>\n<td>Psicolog\u00eda psicoanal\u00edtica<\/td>\n<td>VI<\/td>\n<td>15-may<\/td>\n<td>16hs<\/td>\n<td>B<\/td>\n<\/tr>\n<tr>\n<td>Psicolog\u00eda social<\/td>\n<td>MA<\/td>\n<td>19-may<\/td>\n<td>10hs<\/td>\n<td>D<\/td>\n<\/tr>\n<tr>\n<td>Psicomotricidad<\/td>\n<td>MI<\/td>\n<td>13-may<\/td>\n<td>14hs<\/td>\n<td>6<\/td>\n<\/tr>\n<tr>\n<td>Psicopatolog\u00eda (TS)<\/td>\n<td>VI<\/td>\n<td>15-may<\/td>\n<td>18hs<\/td>\n<td>4<\/td>\n<\/tr>\n<tr>\n<td>Psicopatolog\u00eda del desarrollo I<\/td>\n<td>MI<\/td>\n<td>13-may<\/td>\n<td>14hs<\/td>\n<td>14<\/td>\n<\/tr>\n<tr>\n<td>Psicopatolog\u00eda del desarrollo II<\/td>\n<td>MI<\/td>\n<td>13-may<\/td>\n<td>14hs<\/td>\n<td>14<\/td>\n<\/tr>\n<tr>\n<td>Radio<\/td>\n<td>MA<\/td>\n<td>19-may<\/td>\n<td>14hs<\/td>\n<td>Medios<\/td>\n<\/tr>\n<tr>\n<td>Redacci\u00f3n publicitaria<\/td>\n<td>JU<\/td>\n<td>14-may<\/td>\n<td>18hs<\/td>\n<td>111<\/td>\n<\/tr>\n<tr>\n<td>Redacci\u00f3n y oratoria<\/td>\n<td>JU<\/td>\n<td>14-may<\/td>\n<td>17hs<\/td>\n<td>6<\/td>\n<\/tr>\n<tr>\n<td>Relaciones humanas<\/td>\n<td>MI<\/td>\n<td>13-may<\/td>\n<td>14hs<\/td>\n<td>9<\/td>\n<\/tr>\n<tr>\n<td>Relaciones Internacionales<\/td>\n<td>MA<\/td>\n<td>19-may<\/td>\n<td>17hs<\/td>\n<td>6<\/td>\n<\/tr>\n<tr>\n<td>Relaciones laborales<\/td>\n<td>LU<\/td>\n<td>11-may<\/td>\n<td>9hs<\/td>\n<td>106<\/td>\n<\/tr>\n<tr>\n<td>Relaciones P\u00fablicas I<\/td>\n<td>JU<\/td>\n<td>14-may<\/td>\n<td>17hs<\/td>\n<td>3<\/td>\n<\/tr>\n<tr>\n<td>Relaciones P\u00fablicas II<\/td>\n<td>JU<\/td>\n<td>14-may<\/td>\n<td>18hs<\/td>\n<td>15<\/td>\n<\/tr>\n<tr>\n<td>Relaciones p\u00fablicas III<\/td>\n<td>JU<\/td>\n<td>14-may<\/td>\n<td>17hs<\/td>\n<td>5<\/td>\n<\/tr>\n<tr>\n<td>Remuneraciones y pol\u00edtica salarial<\/td>\n<td>MA<\/td>\n<td>19-may<\/td>\n<td>18hs<\/td>\n<td>12<\/td>\n<\/tr>\n<tr>\n<td>Sem. De abordaje en adicciones<\/td>\n<td>VI<\/td>\n<td>15-may<\/td>\n<td>16hs<\/td>\n<td>5<\/td>\n<\/tr>\n<tr>\n<td>Sem. El trabajo social en la promoci\u00f3n de ciudadan\u00eda<\/td>\n<td>MI<\/td>\n<td>13-may<\/td>\n<td>18hs<\/td>\n<td>11<\/td>\n<\/tr>\n<tr>\n<td>Sem. Herramientas de Trabajo Social: Informes sociales<\/td>\n<td>LU<\/td>\n<td>11-may<\/td>\n<td>14.30hs<\/td>\n<td>4<\/td>\n<\/tr>\n<tr>\n<td>Sem. La lengua del Poema: singularidades y sitios de Acontecimiento<\/td>\n<td>SA<\/td>\n<td>16-may<\/td>\n<td>9hs<\/td>\n<td>4<\/td>\n<\/tr>\n<tr>\n<td>Sem. Pensamiento Nacional<\/td>\n<td>VI<\/td>\n<td>15-may<\/td>\n<td>14hs<\/td>\n<td>7<\/td>\n<\/tr>\n<tr>\n<td>Sem. Taller abierto en Derechos Humanos &#8220;R.O.Pe\u00f1a&#8221;<\/td>\n<td>JU<\/td>\n<td>14-may<\/td>\n<td>18hs<\/td>\n<td>4<\/td>\n<\/tr>\n<tr>\n<td>Sem.Imaginarios argentinos e identidad: en busca de nuestras visiones sobre nosotros mismos<\/td>\n<td>JU<\/td>\n<td>14-may<\/td>\n<td>13hs<\/td>\n<td>108<\/td>\n<\/tr>\n<tr>\n<td>Sem.Imaginarios argentinos e identidad: qu\u00e9 es \u2018ser argentino\u2019 entre 1810 y 1930<\/td>\n<td>JU<\/td>\n<td>14-may<\/td>\n<td>13hs<\/td>\n<td>108<\/td>\n<\/tr>\n<tr>\n<td>Seminario de Integraci\u00f3n Asistenciales<\/td>\n<td>LU<\/td>\n<td>11-may<\/td>\n<td>16hs<\/td>\n<td>3<\/td>\n<\/tr>\n<tr>\n<td>Seminario de Integraci\u00f3n Discapacitados<\/td>\n<td>VI<\/td>\n<td>15-may<\/td>\n<td>14hs<\/td>\n<td>14<\/td>\n<\/tr>\n<tr>\n<td>Seminario de Integracion Materno Infantil<\/td>\n<td>LU<\/td>\n<td>11-may<\/td>\n<td>17hs<\/td>\n<td>12<\/td>\n<\/tr>\n<tr>\n<td>Seminario de Integraci\u00f3n Penales<\/td>\n<td>JU<\/td>\n<td>14-may<\/td>\n<td>15hs<\/td>\n<td>7<\/td>\n<\/tr>\n<tr>\n<td>Seminario Mito y Tragedia<\/td>\n<td>SA<\/td>\n<td>16-may<\/td>\n<td>11hs<\/td>\n<td>6<\/td>\n<\/tr>\n<tr>\n<td>Seminario el Mundo de Homero<\/td>\n<td>SA<\/td>\n<td>16-may<\/td>\n<td>11hs<\/td>\n<td>6<\/td>\n<\/tr>\n<tr>\n<td>Seminario Taller dise\u00f1o y gesti\u00f3n de proyectos sociales<\/td>\n<td>LU<\/td>\n<td>11-may<\/td>\n<td>17hs<\/td>\n<td>5<\/td>\n<\/tr>\n<tr>\n<td>Seminario. Perspectivas de g\u00e9nero<\/td>\n<td>MA<\/td>\n<td>19-may<\/td>\n<td>15hs<\/td>\n<td>4<\/td>\n<\/tr>\n<tr>\n<td>Semiolog\u00eda<\/td>\n<td>LU<\/td>\n<td>11-may<\/td>\n<td>15hs<\/td>\n<td>105<\/td>\n<\/tr>\n<tr>\n<td>Semiolog\u00eda y an\u00e1lisis del discurso<\/td>\n<td>LU<\/td>\n<td>11-may<\/td>\n<td>15hs<\/td>\n<td>105<\/td>\n<\/tr>\n<tr>\n<td>Sociolog\u00eda de la educaci\u00f3n<\/td>\n<td>JU<\/td>\n<td>14-may<\/td>\n<td>14hs<\/td>\n<td>15<\/td>\n<\/tr>\n<tr>\n<td>Sociolog\u00eda del trabajo<\/td>\n<td>JU<\/td>\n<td>14-may<\/td>\n<td>16hs<\/td>\n<td>A<\/td>\n<\/tr>\n<tr>\n<td>Taller de innovaciones educativas<\/td>\n<td>MA<\/td>\n<td>19-may<\/td>\n<td>17hs<\/td>\n<td>Lab.1<\/td>\n<\/tr>\n<tr>\n<td>Taller de lectura y escritura<\/td>\n<td>MI<\/td>\n<td>13-may<\/td>\n<td>11hs<\/td>\n<td>101<\/td>\n<\/tr>\n<tr>\n<td>Taller de periodismo gr\u00e1fico<\/td>\n<td>VI<\/td>\n<td>15-may<\/td>\n<td>17hs<\/td>\n<td>Lab.2<\/td>\n<\/tr>\n<tr>\n<td>Taller de Radio (Periodismo)<\/td>\n<td>JU<\/td>\n<td>14-may<\/td>\n<td>16hs<\/td>\n<td>Medios<\/td>\n<\/tr>\n<tr>\n<td>Taller de Radio (Prof. en Com. Soc.)<\/td>\n<td>MA<\/td>\n<td>19-may<\/td>\n<td>14hs<\/td>\n<td>Medios<\/td>\n<\/tr>\n<tr>\n<td>Taller de Redacci\u00f3n Period\u00edstica<\/td>\n<td>MI<\/td>\n<td>13-may<\/td>\n<td>9hs<\/td>\n<td>Lab.1<\/td>\n<\/tr>\n<tr>\n<td>Taller de Redacci\u00f3n Period\u00edstica<\/td>\n<td>JU<\/td>\n<td>14-may<\/td>\n<td>18hs<\/td>\n<td>Lab.2<\/td>\n<\/tr>\n<tr>\n<td>Taller de Televisi\u00f3n<\/td>\n<td>LU<\/td>\n<td>11-may<\/td>\n<td>18hs<\/td>\n<td>Medios<\/td>\n<\/tr>\n<tr>\n<td>T\u00e9cnicas de exploraci\u00f3n psicopedag\u00f3gicas<\/td>\n<td>MA<\/td>\n<td>19-may<\/td>\n<td>15hs<\/td>\n<td>12<\/td>\n<\/tr>\n<tr>\n<td>Tecnologias aplicadas a las relaciones laborales<\/td>\n<td>VI<\/td>\n<td>15-may<\/td>\n<td>16hs<\/td>\n<td>Lab.1<\/td>\n<\/tr>\n<tr>\n<td>Televisi\u00f3n<\/td>\n<td>SA<\/td>\n<td>16-may<\/td>\n<td>10hs<\/td>\n<td>7<\/td>\n<\/tr>\n<tr>\n<td>Teor\u00eda de la Educaci\u00f3n<\/td>\n<td>JU<\/td>\n<td>14-may<\/td>\n<td>14hs<\/td>\n<td>15<\/td>\n<\/tr>\n<tr>\n<td>Teor\u00eda Pol\u00edtica<\/td>\n<td>JU<\/td>\n<td>14-may<\/td>\n<td>17hs<\/td>\n<td>14<\/td>\n<\/tr>\n<tr>\n<td>Teor\u00eda social<\/td>\n<td>LU<\/td>\n<td>11-may<\/td>\n<td>18hs<\/td>\n<td>110<\/td>\n<\/tr>\n<tr>\n<td>Teor\u00eda y cr\u00edtica literarias I<\/td>\n<td>VI<\/td>\n<td>15-may<\/td>\n<td>15hs<\/td>\n<td>9<\/td>\n<\/tr>\n<tr>\n<td>Teor\u00eda y cr\u00edtica literarias II<\/td>\n<td>VI<\/td>\n<td>15-may<\/td>\n<td>15hs<\/td>\n<td>9<\/td>\n<\/tr>\n<tr>\n<td>Teoria y dise\u00f1o curricular<\/td>\n<td>MI<\/td>\n<td>13-may<\/td>\n<td>18hs<\/td>\n<td>Sala de Prof.<\/td>\n<\/tr>\n<tr>\n<td>Teor\u00eda y M\u00e9todo del Trabajo Social I<\/td>\n<td>LU<\/td>\n<td>11-may<\/td>\n<td>17hs<\/td>\n<td>3<\/td>\n<\/tr>\n<tr>\n<td>Teor\u00eda y M\u00e9todo del Trabajo Social II<\/td>\n<td>MA<\/td>\n<td>19-may<\/td>\n<td>18hs<\/td>\n<td>14<\/td>\n<\/tr>\n<tr>\n<td>Teor\u00eda y M\u00e9todo del Trabajo Social III<\/td>\n<td>MI<\/td>\n<td>13-may<\/td>\n<td>17hs<\/td>\n<td>111<\/td>\n<\/tr>\n<tr>\n<td>Teor\u00eda y M\u00e9todo del Trabajo Social IV<\/td>\n<td>MI<\/td>\n<td>13-may<\/td>\n<td>17hs<\/td>\n<td>107<\/td>\n<\/tr>\n<tr>\n<td>Teoria y procesos grupales<\/td>\n<td>SA<\/td>\n<td>16-may<\/td>\n<td>9hs<\/td>\n<td>105<\/td>\n<\/tr>\n<tr>\n<td>Teor\u00eda de la Educaci\u00f3n (Minoridad y Familia)<\/td>\n<td>JU<\/td>\n<td>14-may<\/td>\n<td>17hs<\/td>\n<td>107<\/td>\n<\/tr>\n<tr>\n<td>Teor\u00edas del aprendizaje<\/td>\n<td>MI<\/td>\n<td>13-may<\/td>\n<td>10hs<\/td>\n<td>A<\/td>\n<\/tr>\n<tr>\n<td>Teor\u00edas psicoanal\u00edticas contempor\u00e1neas<\/td>\n<td>VI<\/td>\n<td>15-may<\/td>\n<td>16hs<\/td>\n<td>B<\/td>\n<\/tr>\n<tr>\n<td>Teor\u00edas sociol\u00f3gicas contempor\u00e1neas<\/td>\n<td>LU<\/td>\n<td>11-may<\/td>\n<td>18hs<\/td>\n<td>110<\/td>\n<\/tr>\n<\/tbody>\n<\/table>\n","protected":false},"excerpt":{"rendered":"<p>MATERIA D\u00eda Fecha AULA Abordaje psicoanal\u00edtico en ni\u00f1os y adolescentes VI 15-may 16hs B Administraci\u00f3n de&#8230;<\/p>\n","protected":false},"author":8,"featured_media":0,"parent":0,"menu_order":0,"comment_status":"closed","ping_status":"closed","template":"","meta":{"footnotes":""},"class_list":["post-25617","page","type-page","status-publish","hentry"],"_links":{"self":[{"href":"https:\/\/www.sociales.unlz.edu.ar\/index.php\/wp-json\/wp\/v2\/pages\/25617","targetHints":{"allow":["GET"]}}],"collection":[{"href":"https:\/\/www.sociales.unlz.edu.ar\/index.php\/wp-json\/wp\/v2\/pages"}],"about":[{"href":"https:\/\/www.sociales.unlz.edu.ar\/index.php\/wp-json\/wp\/v2\/types\/page"}],"author":[{"embeddable":true,"href":"https:\/\/www.sociales.unlz.edu.ar\/index.php\/wp-json\/wp\/v2\/users\/8"}],"replies":[{"embeddable":true,"href":"https:\/\/www.sociales.unlz.edu.ar\/index.php\/wp-json\/wp\/v2\/comments?post=25617"}],"version-history":[{"count":1,"href":"https:\/\/www.sociales.unlz.edu.ar\/index.php\/wp-json\/wp\/v2\/pages\/25617\/revisions"}],"predecessor-version":[{"id":25618,"href":"https:\/\/www.sociales.unlz.edu.ar\/index.php\/wp-json\/wp\/v2\/pages\/25617\/revisions\/25618"}],"wp:attachment":[{"href":"https:\/\/www.sociales.unlz.edu.ar\/index.php\/wp-json\/wp\/v2\/media?parent=25617"}],"curies":[{"name":"wp","href":"https:\/\/api.w.org\/{rel}","templated":true}]}}