{"id":22533,"date":"2024-09-13T10:14:28","date_gmt":"2024-09-13T13:14:28","guid":{"rendered":"https:\/\/www.sociales.unlz.edu.ar\/?page_id=22533"},"modified":"2026-04-14T18:03:58","modified_gmt":"2026-04-14T21:03:58","slug":"diplomatura-universitaria-de-comunicacion-agropecuaria","status":"publish","type":"page","link":"https:\/\/www.sociales.unlz.edu.ar\/index.php\/diplomatura-universitaria-de-comunicacion-agropecuaria\/","title":{"rendered":"Diplomatura Universitaria en Comunicaci\u00f3n Agropecuaria"},"content":{"rendered":"<p>[vc_row full_width=&#8221;stretch_row_content_no_spaces&#8221; css=&#8221;.vc_custom_1726247470834{background-image: url(https:\/\/www.sociales.unlz.edu.ar\/wp-content\/uploads\/2024\/09\/Diseno-sin-titulo-2.jpg?id=22628) !important;}&#8221;][vc_column][vc_column_text]<\/p>\n<h3><span style=\"color: #ffffff;\"><strong>DIPLOMATURA EN COMUNICACI\u00d3N AGROPECUARIA<\/strong><\/span><\/h3>\n<h4><span style=\"color: #ffffff;\"><em>Segunda Cohorte<\/em><\/span><\/h4>\n<p><span style=\"color: #ffffff;\">\u2014<\/span><\/p>\n<h5 class=\"cvGsUA direction-ltr align-start para-style-body\"><span class=\"a_GcMg font-feature-liga-off font-feature-clig-off font-feature-calt-off text-decoration-none text-strikethrough-none\" style=\"color: #ffffff;\">El agro argentino, adem\u00e1s de su reconocida relevancia socioecon\u00f3mica, ocupa un lugar central en la vida institucional y pol\u00edtica del pa\u00eds. Su din\u00e1mica involucra a una amplia red de actores que participan en la definici\u00f3n de pol\u00edticas p\u00fablicas, en un entramado donde interact\u00faan permanentemente los sectores p\u00fablico y privado. En este contexto, la comunicaci\u00f3n se convierte en una herramienta estrat\u00e9gica para interpretar esa complejidad y proyectarla hacia la sociedad.<\/span><\/h5>\n<h5 class=\"cvGsUA direction-ltr align-start para-style-body\"><span class=\"a_GcMg font-feature-liga-off font-feature-clig-off font-feature-calt-off text-decoration-none text-strikethrough-none\" style=\"color: #ffffff;\">La transformaci\u00f3n digital, la multiplicaci\u00f3n de plataformas y la circulaci\u00f3n constante de contenidos muestran que la actividad agropecuaria no solo produce bienes, sino tambi\u00e9n informaci\u00f3n, sentidos y mensajes que requieren nuevas capacidades para ser comprendidos y transmitidos con responsabilidad.<\/span><\/h5>\n<h5 class=\"cvGsUA direction-ltr align-start para-style-body\"><span class=\"a_GcMg font-feature-liga-off font-feature-clig-off font-feature-calt-off text-decoration-none text-strikethrough-none\" style=\"color: #ffffff;\">La Diplomatura Universitaria en Comunicaci\u00f3n Agropecuaria est\u00e1 dise\u00f1ada para formar profesionales capaces de leer este escenario en toda su profundidad, integrando conocimientos del sector con herramientas de comunicaci\u00f3n contempor\u00e1neas, pensamiento cr\u00edtico y una mirada interdisciplinaria.<\/span><\/h5>\n<h5 class=\"cvGsUA direction-ltr align-start para-style-body\"><span class=\"a_GcMg font-feature-liga-off font-feature-clig-off font-feature-calt-off text-decoration-none text-strikethrough-none\" style=\"color: #ffffff;\">Una propuesta acad\u00e9mica que invita a tender puentes: entre la producci\u00f3n y la comunicaci\u00f3n, la estrategia y la innovaci\u00f3n, y el territorio y la sociedad.<\/span><\/h5>\n<p>[\/vc_column_text][vc_row_inner][vc_column_inner]<div class=\"\"><a  id=\"btn-69f11e7178326\" class=\"btn btn-rounded  ti-pencil-alt  btn-sm-sm\" href= \"https:\/\/docs.google.com\/forms\/d\/e\/1FAIpQLSdD2DfqjsCcu4UjkU0OeD60Y1GAAkV0I3NP59_dk92-6jI4Ig\/viewform?usp=sharing&#038;ouid=104584173121737077292\" target=\"_self\" >Formulario de Inscripci\u00f3n<\/a><\/div>[\/vc_column_inner][\/vc_row_inner][\/vc_column][\/vc_row][vc_row][vc_column][vc_row_inner][vc_column_inner width=&#8221;1\/3&#8243;][vc_single_image image=&#8221;19856&#8243; img_size=&#8221;medium&#8221; alignment=&#8221;center&#8221;][vc_column_text]<\/p>\n<h4 style=\"text-align: center;\"><strong>MODALIDAD<\/strong><\/h4>\n<h5 style=\"text-align: center;\">Virtual<\/h5>\n<p>[\/vc_column_text][\/vc_column_inner][vc_column_inner width=&#8221;1\/3&#8243;][vc_single_image image=&#8221;19857&#8243; img_size=&#8221;medium&#8221; alignment=&#8221;center&#8221;][vc_column_text]<\/p>\n<h4 style=\"text-align: center;\"><strong>INICIA<\/strong><\/h4>\n<h5 style=\"text-align: center;\">Abril 2026<\/h5>\n<p>[\/vc_column_text][\/vc_column_inner][vc_column_inner width=&#8221;1\/3&#8243;][vc_single_image image=&#8221;19860&#8243; img_size=&#8221;medium&#8221; alignment=&#8221;center&#8221;][vc_column_text]<\/p>\n<h4 style=\"text-align: center;\"><strong>DURACI\u00d3N<\/strong><\/h4>\n<h5 style=\"text-align: center;\">100 horas en 2 trimestres<\/h5>\n<p>[\/vc_column_text][\/vc_column_inner][\/vc_row_inner][\/vc_column][\/vc_row][vc_row css=&#8221;.vc_custom_1726237199900{background-color: #e8e8e8 !important;}&#8221;][vc_column width=&#8221;1\/3&#8243; css=&#8221;.vc_custom_1726238002264{background-color: #e8e8e8 !important;}&#8221;][vc_column_text]<\/p>\n<h4><strong><span style=\"color: #000000;\">\u00bfA QUI\u00c9NES EST\u00c1 DIRIGIDA?<\/span><\/strong><\/h4>\n<h5 class=\"cvGsUA direction-ltr align-start para-style-body\"><span class=\"a_GcMg font-feature-liga-off font-feature-clig-off font-feature-calt-off text-decoration-none text-strikethrough-none\">Periodistas, comunicadores, influencers y asesores en comunicaci\u00f3n agroindustrial.<\/span><\/h5>\n<h5 class=\"cvGsUA direction-ltr align-start para-style-body\"><span class=\"a_GcMg font-feature-liga-off font-feature-clig-off font-feature-calt-off text-decoration-none text-strikethrough-none\">Responsables e integrantes de equipos de comunicaci\u00f3n o \u00e1reas afines de las empresas agropecuarias, de organizaciones del \u00e1mbito rural y personal de organismos gubernamentales.<\/span><\/h5>\n<h5 class=\"cvGsUA direction-ltr align-start para-style-body\"><span class=\"a_GcMg font-feature-liga-off font-feature-clig-off font-feature-calt-off text-decoration-none text-strikethrough-none\">Integrantes de instituciones intermedias relacionadas a la actividad agropecuaria y estudiantes de las carreras de comunicaci\u00f3n, periodismo y ciencias agropecuarias.<\/span><\/h5>\n<p>[\/vc_column_text][\/vc_column][vc_column width=&#8221;2\/3&#8243;][vc_single_image image=&#8221;22560&#8243; img_size=&#8221;large&#8221; alignment=&#8221;right&#8221; style=&#8221;vc_box_outline&#8221;][\/vc_column][\/vc_row][vc_row css=&#8221;.vc_custom_1726238100340{background-color: #ffffff !important;}&#8221;][vc_column css=&#8221;.vc_custom_1726238381041{background-color: #ffffff !important;}&#8221;][vc_column_text]<\/p>\n<h4><strong>NUESTROS OBJETIVOS<\/strong><\/h4>\n<h5>La Diplomatura tiene como objetivo formar comunicadores capaces de comprender el escenario agropecuario argentino, desarrollar estrategias de comunicaci\u00f3n efectivas y producir contenidos de valor para los diferentes actores del sector agroindustrial.<\/h5>\n<h5>Fomentar la importancia del papel de la comunicaci\u00f3n como herramienta de gesti\u00f3n estrat\u00e9gica.<\/h5>\n<h5>Contribuir en el nivel formativo del comunicador agropecuario en el \u00e1mbito institucional ofreciendo herramientas innovadoras para dise\u00f1ar y ejecutar acciones de comunicaci\u00f3n estrat\u00e9gica.<\/h5>\n<p>&nbsp;<\/p>\n<h4><strong>OBJETIVOS ESPEC\u00cdFICOS<\/strong><\/h4>\n<h5 class=\"cvGsUA direction-ltr align-start para-style-body\"><span class=\"a_GcMg font-feature-liga-off font-feature-clig-off font-feature-calt-off text-decoration-none text-strikethrough-none\">Reconocer los aspectos productivos agropecuarios, los actores del complejo agroindustrial argentino y el rol de sus instituciones.<\/span><\/h5>\n<h5 class=\"cvGsUA direction-ltr align-start para-style-body\"><span class=\"a_GcMg font-feature-liga-off font-feature-clig-off font-feature-calt-off text-decoration-none text-strikethrough-none\">Identificar los p\u00fablicos objetivos, los lenguajes de la comunicaci\u00f3n digital,agropecuaria.<\/span><\/h5>\n<h5 class=\"cvGsUA direction-ltr align-start para-style-body\"><span class=\"a_GcMg font-feature-liga-off font-feature-clig-off font-feature-calt-off text-decoration-none text-strikethrough-none\">Conocer las<\/span> <span class=\"a_GcMg font-feature-liga-off font-feature-clig-off font-feature-calt-off text-decoration-none text-strikethrough-none\">herramientas para analizar el conflicto y planificar el desarrollo de estrategias comunicacionales para abordar escenarios crisis.<\/span><\/h5>\n<h5 class=\"cvGsUA direction-ltr align-start para-style-body\"><span class=\"a_GcMg font-feature-liga-off font-feature-clig-off font-feature-calt-off text-decoration-none text-strikethrough-none\">Reafirmar conocimientos de los sistemas agropecuarios para la elaboraci\u00f3n de contenidos comunicacionales.<\/span><\/h5>\n<h5 class=\"cvGsUA direction-ltr align-start para-style-body\"><span class=\"a_GcMg font-feature-liga-off font-feature-clig-off font-feature-calt-off text-decoration-none text-strikethrough-none\">Adquirir herramientas para desarrollar una imagen corporativa, mensajes claves y contenidos de comunicaci\u00f3n con los stakeholders.<\/span><\/h5>\n<p>[\/vc_column_text][\/vc_column][\/vc_row][vc_row css=&#8221;.vc_custom_1726237199900{background-color: #e8e8e8 !important;}&#8221;][vc_column css=&#8221;.vc_custom_1726238002264{background-color: #e8e8e8 !important;}&#8221;][vc_column_text]<\/p>\n<h3><strong>PLAN DE ESTUDIOS<\/strong><\/h3>\n<p>[\/vc_column_text][\/vc_column][\/vc_row][vc_row css=&#8221;.vc_custom_1726247297005{margin-top: 0% !important;border-top-width: 0% !important;padding-top: 0% !important;background-color: #e8e8e8 !important;}&#8221;][vc_column width=&#8221;1\/2&#8243;][vc_column_text]<\/p>\n<h4><span style=\"color: #003366;\"><strong>M\u00d3DULO 1<\/strong><\/span><\/h4>\n<h5>\u2022 El Escenario de la comunicaci\u00f3n<br \/>\n\u2022 Estructura de la gesti\u00f3n y comercializaci\u00f3n del sistema agropecuario<br \/>\n\u2022 Comunicaci\u00f3n institucional<br \/>\n\u2022 Comunicaci\u00f3n Gubernamental<br \/>\n\u2022 Cultivos Extensivos<br \/>\n\u2022 Comunicaci\u00f3n y marketing<br \/>\n\u2022 Cadena animal<br \/>\n\u2022 Comunicaci\u00f3n Estrat\u00e9gica<br \/>\n\u2022 Taller de redacci\u00f3n y radio<br \/>\n\u2022 Taller de Planificaci\u00f3n<\/h5>\n<p>[\/vc_column_text][\/vc_column][vc_column width=&#8221;1\/2&#8243;][vc_column_text]<\/p>\n<h4><span style=\"color: #003366;\"><strong>M\u00d3DULO 2<\/strong><\/span><\/h4>\n<h5>\u2022 Tecnolog\u00edas y comunicaci\u00f3n<br \/>\n\u2022 Narrativas digitales<br \/>\n\u2022 Econom\u00edas regionales<br \/>\n\u2022 Lobby y comunicaci\u00f3n de crisis<br \/>\n\u2022 Taller de Planificaci\u00f3n<br \/>\n\u2022 Historia de la carne<br \/>\n\u2022 Oratoria<br \/>\n\u2022 Taller de redes sociales<br \/>\n\u2022 Taller Podcats<br \/>\n\u2022 Casos de \u00e9xitos<br \/>\n\u2022 Taller de Planificaci\u00f3n<\/h5>\n<p>[\/vc_column_text][\/vc_column][\/vc_row][vc_row css=&#8221;.vc_custom_1726241804984{margin-top: 0% !important;padding-top: 0% !important;background-color: #e8e8e8 !important;}&#8221;][vc_column width=&#8221;1\/2&#8243; css=&#8221;.vc_custom_1726240955659{padding-top: 3% !important;padding-right: 5% !important;padding-bottom: 5% !important;padding-left: 5% !important;background-color: #ffffff !important;}&#8221;][vc_column_text css=&#8221;.vc_custom_1763495187035{padding-top: 3% !important;padding-right: 3% !important;padding-bottom: 3% !important;padding-left: 3% !important;}&#8221;]<\/p>\n<h5><strong><span style=\"color: #003366;\">12 CLASES VIRTUALES SINCR\u00d3NICAS POR M\u00d3DULO (JUEVES DE 18 A 21 Y CUATRO S\u00c1BADOS DE 9 A 12)<\/span><\/strong><\/h5>\n<h5><strong>TALLER TRANSVERSAL SOBRE CONTENIDOS COMUNICACIONALES Y TRABAJO FINAL<\/strong><\/h5>\n<h5><strong>TRABAJO FINAL DE LA DIPLOMATURA:<\/strong><br \/>\nDise\u00f1o y realizaci\u00f3n de un plan de comunicaci\u00f3n estrat\u00e9gico para una organizaci\u00f3n o iniciativa vinculada a la actividad agroalimentaria.<\/h5>\n<h5><strong>REQUISITOS DE ASISTENCIA Y EGRESO:<\/strong><br \/>\n80% de asistencia a m\u00f3dulos te\u00f3ricos y aprobaci\u00f3n de los trabajos pr\u00e1cticos.<\/h5>\n<p>[\/vc_column_text][\/vc_column][vc_column width=&#8221;1\/4&#8243; css=&#8221;.vc_custom_1726238002264{background-color: #e8e8e8 !important;}&#8221;]<div id=\"iconbox-69f11e717836f\" class=\"\"><div class=\"icon-link\"><div class=\"boxed-icon boxed relative mb0 text-center  mt50 \">\n\t\t\t\t\t\t\t\t<i style=\"background-color:#6d96e8;border-color:#6d96e8;\" class=\"ti-user circle-icon circle-icon-bg small-icon top50  inline-block mb16 ms-text icon-lg\"><\/i>\n\t\t\t\t\t\t\t<h5 style=\"color:#0a0a0a;\" class=\"widgettitle mb8 mt24\"><a href= \"https:\/\/www.sociales.unlz.edu.ar\/wp-content\/uploads\/2024\/10\/Cuerpo-Docente-DCA_compressed.pdf\" target=\"_self\" >CUERPO DOCENTE<\/a><\/h5>\n\t\t\t\t\t\t\t<div  class=\"widgetsubtitle mb16\"><\/div>\n\t\t\t\t\t\t\t<div  class=\"icon-content\"><\/div>\n\t\t\t\t\t\t<\/div><\/div><\/div>[vc_row_inner css=&#8221;.vc_custom_1729683793311{padding-left: 25% !important;}&#8221;][vc_column_inner]<div class=\"\"><a  id=\"btn-69f11e71783ae\" class=\"btn  ti-location-arrow  btn-sm-sm\" href= \"https:\/\/www.sociales.unlz.edu.ar\/wp-content\/uploads\/2026\/04\/diplomatura-agrarias-sociales.pdf.pdf\" target=\"_self\" >VER<\/a><\/div>[\/vc_column_inner][\/vc_row_inner][\/vc_column][vc_column width=&#8221;1\/4&#8243; css=&#8221;.vc_custom_1729263118588{padding-top: 12% !important;}&#8221;]<div id=\"iconbox-69f11e71783c6\" class=\"\"><div class=\"icon-link\"><div class=\"boxed-icon boxed relative mb0 text-center  mt50 \">\n\t\t\t\t\t\t\t\t<i style=\"background-color:#6d96e8;border-color:#6d96e8;\" class=\"ti-calendar circle-icon circle-icon-bg small-icon top50  inline-block mb16 ms-text icon-lg\"><\/i>\n\t\t\t\t\t\t\t<h5 style=\"color:#0a0a0a;\" class=\"widgettitle mb8 mt24\"><a href= \"https:\/\/www.sociales.unlz.edu.ar\/index.php\/diplomatura-en-comunicacion-agropecuaria\/\" target=\"_self\" >CRONOGRAMA<\/a><\/h5>\n\t\t\t\t\t\t\t<div  class=\"widgetsubtitle mb16\"><\/div>\n\t\t\t\t\t\t\t<div  class=\"icon-content\"><\/div>\n\t\t\t\t\t\t<\/div><\/div><\/div>[vc_row_inner css=&#8221;.vc_custom_1729683815408{padding-left: 25% !important;}&#8221;][vc_column_inner]<div class=\"\"><a  id=\"btn-69f11e71783e0\" class=\"btn  ti-location-arrow  btn-sm-sm\" href= \"https:\/\/www.sociales.unlz.edu.ar\/index.php\/diplomatura-en-comunicacion-agropecuaria\/\" target=\"_self\" >VER<\/a><\/div>[\/vc_column_inner][\/vc_row_inner][\/vc_column][\/vc_row][vc_row css=&#8221;.vc_custom_1728913372828{background-color: #e8e8e8 !important;}&#8221;][vc_column width=&#8221;1\/4&#8243;][\/vc_column][vc_column width=&#8221;1\/2&#8243;][\/vc_column][vc_column width=&#8221;1\/4&#8243;][\/vc_column][\/vc_row][vc_row][vc_column][\/vc_column][\/vc_row][vc_row][vc_column width=&#8221;1\/2&#8243;][vc_column_text]<\/p>\n<blockquote>\n<h5><strong>INSCRIPCI\u00d3N Y CONSULTAS:<\/strong><br \/>\ninfodiplomados@agrarias.unlz.edu.ar<br \/>\ninfodiplomatura@sociales.unlz.edu.ar<br \/>\n+54 9 11 3077-1466<\/h5>\n<\/blockquote>\n<p>[\/vc_column_text][\/vc_column][vc_column width=&#8221;1\/4&#8243;][vc_single_image image=&#8221;22616&#8243; img_size=&#8221;large&#8221; alignment=&#8221;center&#8221;][\/vc_column][vc_column width=&#8221;1\/4&#8243;][vc_single_image image=&#8221;22617&#8243; img_size=&#8221;full&#8221; alignment=&#8221;center&#8221; css=&#8221;.vc_custom_1726242585173{padding-top: 15% !important;}&#8221;][\/vc_column][\/vc_row]<\/p>\n","protected":false},"excerpt":{"rendered":"<p>[vc_row full_width=&#8221;stretch_row_content_no_spaces&#8221; css=&#8221;.vc_custom_1726247470834{background-image: url(https:\/\/www.sociales.unlz.edu.ar\/wp-content\/uploads\/2024\/09\/Diseno-sin-titulo-2.jpg?id=22628) !important;}&#8221;][vc_column][vc_column_text] DIPLOMATURA EN COMUNICACI\u00d3N AGROPECUARIA Segunda Cohorte \u2014 El agro argentino, adem\u00e1s&#8230;<\/p>\n","protected":false},"author":8,"featured_media":0,"parent":0,"menu_order":0,"comment_status":"closed","ping_status":"closed","template":"","meta":{"footnotes":""},"class_list":["post-22533","page","type-page","status-publish","hentry"],"_links":{"self":[{"href":"https:\/\/www.sociales.unlz.edu.ar\/index.php\/wp-json\/wp\/v2\/pages\/22533","targetHints":{"allow":["GET"]}}],"collection":[{"href":"https:\/\/www.sociales.unlz.edu.ar\/index.php\/wp-json\/wp\/v2\/pages"}],"about":[{"href":"https:\/\/www.sociales.unlz.edu.ar\/index.php\/wp-json\/wp\/v2\/types\/page"}],"author":[{"embeddable":true,"href":"https:\/\/www.sociales.unlz.edu.ar\/index.php\/wp-json\/wp\/v2\/users\/8"}],"replies":[{"embeddable":true,"href":"https:\/\/www.sociales.unlz.edu.ar\/index.php\/wp-json\/wp\/v2\/comments?post=22533"}],"version-history":[{"count":137,"href":"https:\/\/www.sociales.unlz.edu.ar\/index.php\/wp-json\/wp\/v2\/pages\/22533\/revisions"}],"predecessor-version":[{"id":25572,"href":"https:\/\/www.sociales.unlz.edu.ar\/index.php\/wp-json\/wp\/v2\/pages\/22533\/revisions\/25572"}],"wp:attachment":[{"href":"https:\/\/www.sociales.unlz.edu.ar\/index.php\/wp-json\/wp\/v2\/media?parent=22533"}],"curies":[{"name":"wp","href":"https:\/\/api.w.org\/{rel}","templated":true}]}}