{"id":20131,"date":"2023-09-05T10:50:55","date_gmt":"2023-09-05T13:50:55","guid":{"rendered":"https:\/\/www.sociales.unlz.edu.ar\/?page_id=20131"},"modified":"2023-09-05T11:04:48","modified_gmt":"2023-09-05T14:04:48","slug":"1-congreso-sobre-imaginarios-argentinos-e-identidad-primera-circular","status":"publish","type":"page","link":"https:\/\/www.sociales.unlz.edu.ar\/index.php\/1-congreso-sobre-imaginarios-argentinos-e-identidad-primera-circular\/","title":{"rendered":"1\u00b0 Congreso sobre Imaginarios Argentinos e Identidad | Primera circular"},"content":{"rendered":"<h4 style=\"text-align: center;\"><strong>1\u00b0 Congreso sobre Imaginarios Argentinos e Identidad<\/strong><\/h4>\n<h5 style=\"text-align: center;\"><strong>Los desaf\u00edos de siempre\u2026 <\/strong><strong>Identidad Nacional, Democracia y Ciudadan\u00eda en Argentina<\/strong><\/h5>\n<h5 style=\"text-align: center;\"><strong>Un encuentro entre debates, di\u00e1logos, producciones y espacios de reflexi\u00f3n a prop\u00f3sito de lo argentino\u2026<\/strong><\/h5>\n<h5 style=\"text-align: center;\"><strong>14 y 15 de septiembre de 2023<\/strong><\/h5>\n<h5 style=\"text-align: center;\"><strong>Facultad de Ciencias Sociales<\/strong><\/h5>\n<h5 style=\"text-align: center;\"><strong>\u00a0Universidad Nacional de Lomas de Zamora<\/strong><\/h5>\n<h5 style=\"text-align: center;\"><strong>Campus Universitario Camino de Cintura y Juan XXIII<\/strong><\/h5>\n<p><strong>\u00a0<\/strong><\/p>\n<p style=\"text-align: left;\"><strong>Primera circular<\/strong><\/p>\n<p style=\"text-align: left;\">En tr\u00e1nsito a nuestros primeros 40 a\u00f1os de democracia ininterrumpida, y cumplidos ya m\u00e1s de 15 de vida del Proyecto de investigaci\u00f3n Imaginarios Argentinos e Identidad, iniciamos con este Congreso, en virtud del estimulante efecto expansivo que todos estos a\u00f1os fueron produciendo nuestras interacciones en nuestro \u00e1mbito acad\u00e9mico, con la comunidad y con colegas e instituciones invitados, la anhelada posibilidad de compartir un espacio mucho mayor que en el de nuestras Jornadas anuales anteriores.<\/p>\n<p style=\"text-align: left;\">El Proyecto Imaginarios Argentinos e Identidad se integra por un colectivo interdisciplinario conformado por investigadores, docentes, y estudiantes de distintas \u00e1reas de las ciencias sociales que trabaja en torno a los imaginarios argentinos y a los procesos de construcci\u00f3n de identidad que se materializan en la comunicaci\u00f3n masiva, en el sistema educativo y en la cultura ciudadana.<\/p>\n<p style=\"text-align: left;\">El Seminario Imaginarios Argentinos e Identidad, que se dicta regularmente en la Facultad de Ciencias Sociales de la Universidad Nacional de Lomas de Zamora como espacio curricular acad\u00e9mico para la Formaci\u00f3n de Grado, es el espacio fundante de nuestro Proyecto.<\/p>\n<p style=\"text-align: left;\">Entendemos por imaginarios argentinos, representaciones y creencias que circulan en el \u201cdecir\u201d nuestro de cada d\u00eda, expresando <em>c\u00f3mo nos vemos a nosotros mismos <\/em>en nuestro car\u00e1cter de\u00a0 argentinos; y por identidad, procesos de construcci\u00f3n social e hist\u00f3rica referidos al sentido de pertenencia de personas, grupos, comunidades o sociedades, que \u00b4definen\u00b4 para sus actores el \u00b4qui\u00e9nes son\u00b4 a partir de lo que tienen en com\u00fan y de lo que los diferencia de quienes adscriben a otros sentidos de pertenencia.<\/p>\n<p style=\"text-align: left;\">En nuestro caso estudiamos procesos de construcci\u00f3n de identidades colectivas que tienen origen en nuestro territorio en relaci\u00f3n a la idea de naci\u00f3n y de \u2018<em>qu\u00e9 somos\u2019<\/em> los argentinos.<\/p>\n<p style=\"text-align: left;\"><em>A partir de esos imaginarios<\/em> sociales que, en alusi\u00f3n a nuestra <em>condici\u00f3n de argentinos<\/em>, impregnan nuestras interacciones cotidianas, y alrededor de aquellas representaciones que identifican al conjunto de los habitantes como colectivo \u2018nacional\u2019, y a cada sujeto como \u2018ciudadano\u2019 de la Naci\u00f3n, cada vez que nos pensamos como Naci\u00f3n, en el \u201chacer\u201c o \u201cre-fundar\u201d el Pa\u00eds, todas las propuestas y sus pol\u00e9micas, desde los escritos de los revolucionarios de Mayo -en el siglo XIX- hasta los postulados de nuestros diversos \u2018nacionalismos\u2019 -en el siglo XX- as\u00ed como en las actuales sobre <em>qu\u00e9 va a ser<\/em> \u201cla Argentina\u201d -en el siglo XXI- , son construcciones en disputa acerca de qui\u00e9nes conforman el \u201cnosotros\u201d argentino y qui\u00e9nes no.<\/p>\n<p style=\"text-align: left;\">De eso se trata la convocatoria de este Congreso: exponer, dialogar, debatir, reflexionar, sobre nosotros mismos\u2026, antes y ahora\u2026<\/p>\n<p style=\"text-align: left;\"><strong>\u00a0<\/strong><\/p>\n<p style=\"text-align: left;\"><strong>DESTINATARIOS<\/strong><\/p>\n<ul style=\"text-align: left;\">\n<li>Docentes Investigadores y Equipos de C\u00e1tedra de instituciones interesadas en problem\u00e1ticas de identidad y ciudadan\u00eda<\/li>\n<li>Estudiantes orientados a la ense\u00f1anza y a la comunicaci\u00f3n<\/li>\n<li>Comunicadores<\/li>\n<li>Agentes de Organismos P\u00fablicos y de Organizaciones intermedias<\/li>\n<li>Docentes de Escuelas y de Institutos de Formaci\u00f3n<\/li>\n<\/ul>\n<p style=\"text-align: left;\"><strong>PROP\u00d3SITOS<\/strong><\/p>\n<ul style=\"text-align: left;\">\n<li>Problematizar contenidos y hechos que giran en torno a la construcci\u00f3n de \u201clo argentino\u00a8 en nuestras pr\u00e1cticas cotidianas, en la vida com\u00fan, en nuestras \u00e1reas de trabajo<\/li>\n<li>Analizar, reflexionar y discutir, sobre sus formas de producci\u00f3n<\/li>\n<\/ul>\n<p style=\"text-align: left;\"><em><u>\u00a0<\/u><\/em><\/p>\n<p style=\"text-align: left;\"><strong>OBJETIVOS<\/strong><\/p>\n<ul style=\"text-align: left;\">\n<li>Contribuir a la conformaci\u00f3n de espacios de reflexi\u00f3n y discusi\u00f3n con especialistas y colegas de distintas \u00e1reas disciplinares en torno a la problem\u00e1tica de la identidad nacional y de nuestros imaginarios de argentinos<\/li>\n<li>Establecer circuitos perdurables de comunicaci\u00f3n e intercambio entre los interesados<\/li>\n<li>Estimular la producci\u00f3n de conocimiento en el campo de las identidades y de las representaciones sociales en general<\/li>\n<\/ul>\n<p style=\"text-align: left;\"><strong>ACTIVIDADES<\/strong><\/p>\n<p style=\"text-align: left;\">Mesas tem\u00e1ticas<\/p>\n<p style=\"text-align: left;\">Ponencias<\/p>\n<p style=\"text-align: left;\">Paneles<\/p>\n<p style=\"text-align: left;\">Conferencias<\/p>\n<p style=\"text-align: left;\">Contribuciones y aportes al debate<\/p>\n<p style=\"text-align: left;\">Talleres<\/p>\n<p style=\"text-align: left;\">Trabajo por comisiones y plenarios<\/p>\n<p style=\"text-align: left;\"><strong>\u00a0<\/strong><\/p>\n<p style=\"text-align: left;\"><strong>EJES TEM\u00c1TICOS<\/strong> para ponencias, contribuciones y aportes<\/p>\n<p style=\"text-align: left;\">Sociedad<\/p>\n<p style=\"text-align: left;\">Cultura<\/p>\n<p style=\"text-align: left;\">Comunicaci\u00f3n<\/p>\n<p style=\"text-align: left;\">Pol\u00edtica<\/p>\n<p style=\"text-align: left;\">Historia<\/p>\n<p style=\"text-align: left;\"><strong>\u00a0<\/strong><\/p>\n<p style=\"text-align: left;\"><strong><u>CRONOGRAMA<\/u><\/strong><\/p>\n<p style=\"text-align: left;\"><b>Env\u00edo de trabajos hasta el 24 de agosto<\/b><\/p>\n<p style=\"text-align: left;\"><strong><u>Pautas para la presentaci\u00f3n y el env\u00edo de res\u00famenes y de trabajos<\/u><\/strong><\/p>\n<p style=\"text-align: left;\"><strong>Condiciones y requisitos<\/strong><\/p>\n<ol style=\"text-align: left;\">\n<li>Los trabajos deber\u00e1n ser in\u00e9ditos.<\/li>\n<li>Se admitir\u00e1 s\u00f3lo un trabajo por autor, ya sea que se trate de un trabajo individual o como integrante de un equipo<\/li>\n<li>Se aceptar\u00e1n trabajos que den cuenta de investigaciones preliminares, exploratorias o en curso, as\u00ed como de los que est\u00e9n concluidos o constituyan una unidad en s\u00ed mismos<\/li>\n<li>La extensi\u00f3n m\u00e1xima de los trabajos, incluidas notas y bibliograf\u00eda, ser\u00e1 de 6 (seis) p\u00e1ginas formato A4, tipograf\u00eda Arial tama\u00f1o 12, interlineado 1.5, m\u00e1rgenes 3 cm. En formato Microsoft Word. Las notas ir\u00e1n a pie de p\u00e1gina, numer\u00e1ndolas correlativamente.<\/li>\n<li>Todos los trabajos que resulten aceptados ser\u00e1n pasibles de ser publicados en las actas del Congreso y se har\u00e1n los mayores esfuerzos para que todos puedan ser expuestos. De no resultar posible de acuerdo al n\u00famero final y a los espacios de tiempo posibles, se har\u00e1 una selecci\u00f3n de los trabajos que ser\u00e1n invitados a exponerse que ser\u00e1 informada v\u00eda correo electr\u00f3nico en la fecha que se indica.<\/li>\n<\/ol>\n<p style=\"text-align: left;\">Dicha exposici\u00f3n no podr\u00e1 superar en ning\u00fan caso -esto es, cualquiera sea el soporte t\u00e9cnico o recurso que se utilice- los 10 minutos.<\/p>\n<ol style=\"text-align: left;\">\n<li>En caso de que la\/el expositor\/a viva a m\u00e1s de 200 km de distancia, y se encuentre con impedimentos para viajar, podr\u00e1 presentar un video de su ponencia, de un m\u00e1ximo de 10 (diez) minutos. Los requisitos del mismo se detallar\u00e1n por correo electr\u00f3nico que se enviar\u00e1 luego de la aceptaci\u00f3n del trabajo. Asimismo, deber\u00e1 estar presente de manera virtual para las preguntas que resulten de su presentaci\u00f3n.<\/li>\n<\/ol>\n<p style=\"text-align: left;\">Para unificar criterios de edici\u00f3n se solicita atenerse a las establecidas seg\u00fan normas APA 2021. Para ejemplificar las formas de cita:<\/p>\n<ul style=\"text-align: left;\">\n<li>En el texto: (Apellido del autor citado, a\u00f1o: p\u00e1gina).<\/li>\n<li>Al final del texto, como bibliograf\u00eda citada: APELLIDO, Nombre, (A\u00f1o) &#8211; T\u00edtulo de la obra citada en bastardilla. Ciudad y pa\u00eds: Editorial.<\/li>\n<li>Si se trata de art\u00edculos, en la bibliograf\u00eda citada: APELLIDO, Nombre, (A\u00f1o) &#8211; T\u00edtulo de la obra citada en bastardilla. En: Nombre de la publicaci\u00f3n, tomo: n\u00fameros de p\u00e1ginas que comprende el art\u00edculo. Ciudad, pa\u00eds: Editorial.<\/li>\n<li>Si se trata de cap\u00edtulo de libro: APELLIDO, Nombre, (A\u00f1o) &#8211; T\u00edtulo de la obra citada en bastardilla. En: nombre del compilador, Nombre en bastardilla del libro, tomo: n\u00fameros de p\u00e1ginas que comprende el cap\u00edtulo citado. Ciudad, pa\u00eds: Editorial.<\/li>\n<\/ul>\n<p style=\"text-align: left;\">Para la cita de art\u00edculos digitalizados, p\u00e1ginas webs, blogs y otros, consultar en:<br \/>\n<a href=\"https:\/\/normasapa.com\/\">https:\/\/normasapa.com\/<\/a><\/p>\n<p style=\"text-align: left;\"><strong>Env\u00edos<\/strong><\/p>\n<p style=\"text-align: left;\"><strong>Res\u00famenes<\/strong><\/p>\n<p style=\"text-align: left;\">Se deber\u00e1 presentar un resumen escrito que no supere las 300 palabras al momento de la inscripci\u00f3n, a trav\u00e9s del formulario habilitado al respecto.<br \/>\nEl resumen deber\u00e1 consignar:<\/p>\n<ul style=\"text-align: left;\">\n<li>T\u00edtulo del trabajo, nombre y filiaci\u00f3n institucional de autores\/as.<\/li>\n<li>Eje tem\u00e1tico en el cual se inscribe la propuesta<\/li>\n<li>Tres palabras clave.<\/li>\n<\/ul>\n<p style=\"text-align: left;\">Deber\u00e1 indicar claramente el tema central que se propondr\u00e1, la relaci\u00f3n que se establece con la tem\u00e1tica del Congreso, y el motivo de inter\u00e9s de su presentaci\u00f3n.<\/p>\n<p style=\"text-align: left;\">En archivo de Word, tama\u00f1o de p\u00e1gina A4 (29,7 x 21 cm), en sentido vertical, con 2,5 cm en los m\u00e1rgenes izquierdo, derecho, superior e inferior, tipo de letra Arial, tama\u00f1o 12, interlineado 1,5.<\/p>\n<p style=\"text-align: left;\">Dicho archivo deber\u00e1 titularse:<\/p>\n<p style=\"text-align: left;\">Apellido (del \/los\/as autores\/as)\/ T\u00edtulo del trabajo\/ Nombre del eje tem\u00e1tico (Ej. Perez y Gonzalez\/La imaginaci\u00f3n argentina\/Cultura)<\/p>\n<p style=\"text-align: left;\">La recepci\u00f3n de los res\u00famenes ser\u00e1 hasta el 31 de julio inclusive y deber\u00e1 realizarse a trav\u00e9s de <a href=\"https:\/\/forms.gle\/CfCn6ag6etyT3NPZ8\">https:\/\/forms.gle\/CfCn6ag6etyT3NPZ8<\/a><\/p>\n<p style=\"text-align: left;\"><strong>Trabajos completos<\/strong><\/p>\n<p style=\"text-align: left;\">Una vez recibida la comunicaci\u00f3n de la aceptaci\u00f3n, para el env\u00edo del trabajo completo se observar\u00e1n las mismas pautas formales que para el de los res\u00famenes en cuanto al tipo de archivo, y manera de titularlo, con las especificaciones de m\u00e1rgenes y extensi\u00f3n que se establecen en Condiciones y requisitos.<\/p>\n<p style=\"text-align: left;\">Se har\u00e1 a trav\u00e9s del formulario habilitado a tal efecto.<\/p>\n<p style=\"text-align: left;\">Cualquier actualizaci\u00f3n de la informaci\u00f3n sobre el Congreso, as\u00ed como cualquier aviso de modificaciones, la Facultad los informar\u00e1 por los medios utilizados para esta comunicaci\u00f3n y mediante sus redes sociales.<\/p>\n<p style=\"text-align: left;\">Para cualquier tipo de consulta, dirigirse a <a href=\"mailto:institucionales@sociales.unlz.edu.ar\">institucionales@sociales.unlz.edu.ar<\/a><\/p>\n","protected":false},"excerpt":{"rendered":"<p>1\u00b0 Congreso sobre Imaginarios Argentinos e Identidad Los desaf\u00edos de siempre\u2026 Identidad Nacional, Democracia y Ciudadan\u00eda&#8230;<\/p>\n","protected":false},"author":5,"featured_media":0,"parent":0,"menu_order":0,"comment_status":"closed","ping_status":"closed","template":"","meta":{"footnotes":""},"class_list":["post-20131","page","type-page","status-publish","hentry"],"_links":{"self":[{"href":"https:\/\/www.sociales.unlz.edu.ar\/index.php\/wp-json\/wp\/v2\/pages\/20131","targetHints":{"allow":["GET"]}}],"collection":[{"href":"https:\/\/www.sociales.unlz.edu.ar\/index.php\/wp-json\/wp\/v2\/pages"}],"about":[{"href":"https:\/\/www.sociales.unlz.edu.ar\/index.php\/wp-json\/wp\/v2\/types\/page"}],"author":[{"embeddable":true,"href":"https:\/\/www.sociales.unlz.edu.ar\/index.php\/wp-json\/wp\/v2\/users\/5"}],"replies":[{"embeddable":true,"href":"https:\/\/www.sociales.unlz.edu.ar\/index.php\/wp-json\/wp\/v2\/comments?post=20131"}],"version-history":[{"count":4,"href":"https:\/\/www.sociales.unlz.edu.ar\/index.php\/wp-json\/wp\/v2\/pages\/20131\/revisions"}],"predecessor-version":[{"id":20149,"href":"https:\/\/www.sociales.unlz.edu.ar\/index.php\/wp-json\/wp\/v2\/pages\/20131\/revisions\/20149"}],"wp:attachment":[{"href":"https:\/\/www.sociales.unlz.edu.ar\/index.php\/wp-json\/wp\/v2\/media?parent=20131"}],"curies":[{"name":"wp","href":"https:\/\/api.w.org\/{rel}","templated":true}]}}