{"id":18576,"date":"2023-03-26T12:09:41","date_gmt":"2023-03-26T15:09:41","guid":{"rendered":"https:\/\/www.sociales.unlz.edu.ar\/?page_id=18576"},"modified":"2025-04-01T09:54:50","modified_gmt":"2025-04-01T12:54:50","slug":"aulas-dias-y-horarios-de-materias-de-primer-ano","status":"publish","type":"page","link":"https:\/\/www.sociales.unlz.edu.ar\/index.php\/aulas-dias-y-horarios-de-materias-de-primer-ano\/","title":{"rendered":"Aulas, d\u00edas y horarios de materias de primer a\u00f1o"},"content":{"rendered":"<p>[vc_row][vc_column][vc_column_text]<\/p>\n<h4><span style=\"font-weight: 400;\">A continuaci\u00f3n compartimos las aulas, d\u00edas y horarios de cursada de las materias de primer a\u00f1o 2025<\/span><\/h4>\n<p>[\/vc_column_text][\/vc_column][\/vc_row][vc_row][vc_column]<div class=\"\"><a  id=\"btn-69f0da78913ee\" class=\"btn btn-filled btn-dark btn-rounded  ti-arrow-right  btn-sm-sm\" href= \"https:\/\/www.sociales.unlz.edu.ar\/wp-content\/uploads\/2025\/04\/aulas-martes_-modificado_materias-primer-ano-1c-2025.pdf\" target=\"_self\" >Martes<\/a><\/div>[\/vc_column][\/vc_row]<\/p>\n","protected":false},"excerpt":{"rendered":"<p>[vc_row][vc_column][vc_column_text] A continuaci\u00f3n compartimos las aulas, d\u00edas y horarios de cursada de las materias de primer&#8230;<\/p>\n","protected":false},"author":8,"featured_media":0,"parent":0,"menu_order":0,"comment_status":"closed","ping_status":"closed","template":"","meta":{"footnotes":""},"class_list":["post-18576","page","type-page","status-publish","hentry"],"_links":{"self":[{"href":"https:\/\/www.sociales.unlz.edu.ar\/index.php\/wp-json\/wp\/v2\/pages\/18576","targetHints":{"allow":["GET"]}}],"collection":[{"href":"https:\/\/www.sociales.unlz.edu.ar\/index.php\/wp-json\/wp\/v2\/pages"}],"about":[{"href":"https:\/\/www.sociales.unlz.edu.ar\/index.php\/wp-json\/wp\/v2\/types\/page"}],"author":[{"embeddable":true,"href":"https:\/\/www.sociales.unlz.edu.ar\/index.php\/wp-json\/wp\/v2\/users\/8"}],"replies":[{"embeddable":true,"href":"https:\/\/www.sociales.unlz.edu.ar\/index.php\/wp-json\/wp\/v2\/comments?post=18576"}],"version-history":[{"count":13,"href":"https:\/\/www.sociales.unlz.edu.ar\/index.php\/wp-json\/wp\/v2\/pages\/18576\/revisions"}],"predecessor-version":[{"id":23982,"href":"https:\/\/www.sociales.unlz.edu.ar\/index.php\/wp-json\/wp\/v2\/pages\/18576\/revisions\/23982"}],"wp:attachment":[{"href":"https:\/\/www.sociales.unlz.edu.ar\/index.php\/wp-json\/wp\/v2\/media?parent=18576"}],"curies":[{"name":"wp","href":"https:\/\/api.w.org\/{rel}","templated":true}]}}

Aulas, días y horarios de materias de primer año

<p>[vc_row][vc_column][vc_column_text]</p>
<h4><span style="font-weight: 400;">A continuación compartimos las aulas, días y horarios de cursada de las materias de primer año 2025</span></h4>
<p>[/vc_column_text][/vc_column][/vc_row][vc_row][vc_column]<div class=""><a  id="btn-69f0da78913ee" class="btn btn-filled btn-dark btn-rounded  ti-arrow-right  btn-sm-sm" href= "https://www.sociales.unlz.edu.ar/wp-content/uploads/2025/04/aulas-martes_-modificado_materias-primer-ano-1c-2025.pdf" target="_self" >Martes</a></div>[/vc_column][/vc_row]</p>

<p>[vc_row][vc_column][vc_column_text] A continuación compartimos las aulas, días y horarios de cursada de las materias de primer&#8230;</p>
