{"id":16315,"date":"2022-06-16T16:33:40","date_gmt":"2022-06-16T19:33:40","guid":{"rendered":"https:\/\/www.sociales.unlz.edu.ar\/?page_id=16315"},"modified":"2022-07-08T08:56:52","modified_gmt":"2022-07-08T11:56:52","slug":"ingreso-2022-de-pacientes-al-saop","status":"publish","type":"page","link":"https:\/\/www.sociales.unlz.edu.ar\/index.php\/ingreso-2022-de-pacientes-al-saop\/","title":{"rendered":"Ingreso 2022 de pacientes al SAOP"},"content":{"rendered":"<p>El Servicio de Asistencia y Orientaci\u00f3n Psicopedag\u00f3gico (SAOP) de la Facultad de Ciencias Sociales anunci\u00f3 las fechas de ingreso 2022 de pacientes.<\/p>\n<p>La inscripci\u00f3n es presencial y se llevar\u00e1 a cabo el jueves 7, viernes 8, lunes 11 y martes 12 de julio en el horario de 8.30 a 12.30 hs.<\/p>\n<p>\ud835\udde6\ud835\uddfc\ud835\uddf9\ud835\uddfc \ud835\udff3\ud835\udff1 \ud835\ude01\ud835\ude02\ud835\uddff\ud835\uddfb\ud835\uddfc\ud835\ude00 \ud835\uddfd\ud835\uddfc\ud835\uddff \ud835\uddf1\u00ed\ud835\uddee<\/p>\n<p>Los requisitos son:<\/p>\n<ul>\n<li>Concurrir a escuela p\u00fablica<\/li>\n<li>Fotocopia del DNI del ni\u00f1o\/ni\u00f1a\/joven<\/li>\n<li>Familias que no cuenten con obra social<\/li>\n<\/ul>\n<p>Por otro lado, en el caso de que se trate de una derivaci\u00f3n, desde el SAOP solicitan informes de:<\/p>\n<ul>\n<li>Equipo de Orientaci\u00f3n Escolar<\/li>\n<li>Neuropediatr\u00eda<\/li>\n<li>Psicolog\u00eda<\/li>\n<li>Fonoaudiolog\u00eda<\/li>\n<li>Otros<\/li>\n<\/ul>\n<p>Por dudas o consultas pueden enviar un mail a <a href=\"mailto:saop@sociales.unlz.edu.ar\">saop@sociales.unlz.edu.ar<\/a> o comunicarse por tel\u00e9fono al 70921040 interno 2240.<\/p>\n<p><strong>M\u00e1s de 20 a\u00f1os al servicio de la comunidad<\/strong><\/p>\n<p>El SAOP es un Servicio de atenci\u00f3n y orientaci\u00f3n psicopedag\u00f3gica p\u00fablico y gratuito dependiente de la Facultad de Ciencias Sociales de la Universidad Nacional de Lomas de Zamora, que se halla ampliamente difundido entre las escuelas y los servicios hospitalarios de los municipios de la zona sur de la provincia de Buenos Aires.<\/p>\n<p>Sus objetivos son:<\/p>\n<p>Propiciar que las y los profesionales de la Psicopedagog\u00eda con graduaci\u00f3n en la carrera de Psicopedagog\u00eda de la Facultad realicen sus primeras experiencias profesionales, como tambi\u00e9n recibir a profesionales experimentados a contribuir con su experiencia, e incluso a aquellas\/os que retornan despu\u00e9s de haber transitado el SAOP.<\/p>\n<ul>\n<li>Desarrollar una forma concreta de devolver a la comunidad los recursos que ella, a trav\u00e9s de sus impuestos, destina a la Universidad.<\/li>\n<\/ul>\n<p>Adem\u00e1s, desde 2019 implementan Talleres cl\u00ednicos y Tutor\u00edas de asistencia y orientaci\u00f3n, destinados a estudiantes ingresantes e intermedios de las carreras de la Facultad que manifiesten diversos grados de dificultad en sus estudios universitarios.<\/p>\n","protected":false},"excerpt":{"rendered":"<p>El Servicio de Asistencia y Orientaci\u00f3n Psicopedag\u00f3gico (SAOP) de la Facultad de Ciencias Sociales anunci\u00f3 las&#8230;<\/p>\n","protected":false},"author":8,"featured_media":0,"parent":0,"menu_order":0,"comment_status":"closed","ping_status":"closed","template":"","meta":{"footnotes":""},"class_list":["post-16315","page","type-page","status-publish","hentry"],"_links":{"self":[{"href":"https:\/\/www.sociales.unlz.edu.ar\/index.php\/wp-json\/wp\/v2\/pages\/16315","targetHints":{"allow":["GET"]}}],"collection":[{"href":"https:\/\/www.sociales.unlz.edu.ar\/index.php\/wp-json\/wp\/v2\/pages"}],"about":[{"href":"https:\/\/www.sociales.unlz.edu.ar\/index.php\/wp-json\/wp\/v2\/types\/page"}],"author":[{"embeddable":true,"href":"https:\/\/www.sociales.unlz.edu.ar\/index.php\/wp-json\/wp\/v2\/users\/8"}],"replies":[{"embeddable":true,"href":"https:\/\/www.sociales.unlz.edu.ar\/index.php\/wp-json\/wp\/v2\/comments?post=16315"}],"version-history":[{"count":3,"href":"https:\/\/www.sociales.unlz.edu.ar\/index.php\/wp-json\/wp\/v2\/pages\/16315\/revisions"}],"predecessor-version":[{"id":16318,"href":"https:\/\/www.sociales.unlz.edu.ar\/index.php\/wp-json\/wp\/v2\/pages\/16315\/revisions\/16318"}],"wp:attachment":[{"href":"https:\/\/www.sociales.unlz.edu.ar\/index.php\/wp-json\/wp\/v2\/media?parent=16315"}],"curies":[{"name":"wp","href":"https:\/\/api.w.org\/{rel}","templated":true}]}}