{"id":14206,"date":"2021-09-06T14:35:55","date_gmt":"2021-09-06T17:35:55","guid":{"rendered":"https:\/\/www.sociales.unlz.edu.ar\/?page_id=14206"},"modified":"2021-09-23T20:34:36","modified_gmt":"2021-09-23T23:34:36","slug":"70-anos-de-la-television-argentina","status":"publish","type":"page","link":"https:\/\/www.sociales.unlz.edu.ar\/index.php\/70-anos-de-la-television-argentina\/","title":{"rendered":"Ciclo de charlas: 70 A\u00d1OS DE LA TELEVISI\u00d3N ARGENTINA"},"content":{"rendered":"\r\n<h4 class=\"wp-block-heading\">En el marco del 70 aniversario de la televisi\u00f3n, se realizar\u00e1 un ciclo de charlas con invitados especiales sobre distintos aspectos de este medio de comunicaci\u00f3n que en nuestro pa\u00eds tuvo su primera transmisi\u00f3n el 17 de octubre de 1951. Los encuentros son abiertos a la comunidad y se realizar\u00e1n a trav\u00e9s de la plataforma zoom.<\/h4>\r\n\r\n\r\n\r\n<p>&nbsp;<\/p>\r\n\r\n\r\n\r\n<h4><strong>Jueves 23 de Septiembre | 17 horas<\/strong><\/h4>\r\n\r\n\r\n\r\n<h4><strong>PRODUCIR HOY EN LA TV<\/strong><\/h4>\r\n\r\n\r\n\r\n<p>A cargo de:<\/p>\r\n\r\n\r\n\r\n<ul class=\"wp-block-list\">\r\n<li>Marcos Gorb\u00e1n, periodista y productor de programas de entretenimiento y reality shows.<\/li>\r\n<li>Marcia Venegas, productora ejecutiva del canal de noticias IP.<\/li>\r\n<li>Fernando Spiner, guionista y director de cine y Televisi\u00f3n<\/li>\r\n<\/ul>\r\n\r\n\r\n\r\n<p>Modera: Patricio Insua, periodista y docente universitario.<\/p>\r\n<p><strong>Inscripci\u00f3n:<\/strong> <a href=\"https:\/\/forms.gle\/aGCL7Yh1pmkfCd1e7\">\u00a1CLICK AC\u00c1!<\/a><\/p>\r\n\r\n\r\n\r\n<h4>\u00a0<\/h4>\r\n<h4><strong>Lunes 27 de Septiembre | 18 horas<\/strong><\/h4>\r\n\r\n\r\n\r\n<h4><b>GRANDES HITOS DE LA TV<\/b><\/h4>\r\n\r\n\r\n\r\n<p>A cargo de:<\/p>\r\n\r\n\r\n\r\n<ul class=\"wp-block-list\">\r\n<li>Carlos Ulanovsky, periodista y autor de 20 libros con investigaciones hist\u00f3ricas sobre la radio, televisi\u00f3n, diarios y revistas de Argentina.<\/li>\r\n<\/ul>\r\n\r\n\r\n\r\n<p>Modera: Julio Rivero, docente titular de Taller de Televisi\u00f3n<\/p>\r\n<p><strong>Inscripci\u00f3n:<\/strong> <a href=\"https:\/\/forms.gle\/3bbKJ6jEFekUrvBD8\">\u00a1CLICK AC\u00c1!<\/a><\/p>\r\n\r\n\r\n\r\n<h4>\u00a0<\/h4>\r\n<h4><strong>Jueves 30 de Septiembre | 18 horas<\/strong><\/h4>\r\n\r\n\r\n\r\n<h4><b>EL ROL DE LOS CANALES P\u00daBLICOS<\/b><\/h4>\r\n\r\n\r\n\r\n<p>A cargo de:<\/p>\r\n\r\n\r\n\r\n<ul class=\"wp-block-list\">\r\n<li>J\u00e9sica Tritten, presidenta de Contenidos P\u00fablicos S.E<\/li>\r\n<li>Daniel D\u00e1tola, director de DeporTV<\/li>\r\n<li>Claudio Mart\u00ednez, director ejecutivo de la TV P\u00fablica.<\/li>\r\n<li>Claudia Ducatenzeiler, coordinadora Ejecutiva de la Red Nacional Audiovisual Universitaria ( RENAU).<\/li>\r\n<\/ul>\r\n\r\n\r\n\r\n<p>Modera: Pablo Romano, coordinador del \u00c1rea de Medios<\/p>\r\n<p><strong>Inscripci\u00f3n:<\/strong> <a href=\"https:\/\/forms.gle\/5uqyAfTL2xy1yihv7\">\u00a1CLICK AC\u00c1!<\/a><\/p>\r\n\r\n\r\n\r\n<h4>\u00a0<\/h4>\r\n<h4><strong>S\u00e1bado 16 de octubre | 10 horas<\/strong><\/h4>\r\n\r\n\r\n\r\n<h4><b>CONTAR LA NOTICIA EN LA TV<\/b><\/h4>\r\n\r\n\r\n\r\n<p>A cargo de:<\/p>\r\n\r\n\r\n\r\n<ul class=\"wp-block-list\">\r\n<li>Lucila Mois\u00e9s Trujillo, conductora de &#8220;Bien Temprano&#8221; en C5N.<\/li>\r\n<li>Claudio R\u00edgoli, conductor de El Nueve.\u00a0<\/li>\r\n<\/ul>\r\n\r\n\r\n\r\n<p>Modera: Noelia Barral Grigera, conductora en IP Noticias.<\/p>\r\n<p><strong>Inscripci\u00f3n:<\/strong> <a href=\"https:\/\/forms.gle\/UfxBrxKAp1DqBNuX9\">\u00a1CLICK AC\u00c1!<\/a><\/p>\r\n\r\n\r\n\r\n<p>&nbsp;<\/p>\r\n<h4>Organiza el \u00c1rea de Medios en conjunto con las c\u00e1tedras de Televisi\u00f3n.<\/h4>\r\n\r\n\r\n","protected":false},"excerpt":{"rendered":"<p>En el marco del 70 aniversario de la televisi\u00f3n, se realizar\u00e1 un ciclo de charlas con&#8230;<\/p>\n","protected":false},"author":8,"featured_media":14207,"parent":0,"menu_order":0,"comment_status":"closed","ping_status":"closed","template":"","meta":{"footnotes":""},"class_list":["post-14206","page","type-page","status-publish","has-post-thumbnail","hentry"],"_links":{"self":[{"href":"https:\/\/www.sociales.unlz.edu.ar\/index.php\/wp-json\/wp\/v2\/pages\/14206","targetHints":{"allow":["GET"]}}],"collection":[{"href":"https:\/\/www.sociales.unlz.edu.ar\/index.php\/wp-json\/wp\/v2\/pages"}],"about":[{"href":"https:\/\/www.sociales.unlz.edu.ar\/index.php\/wp-json\/wp\/v2\/types\/page"}],"author":[{"embeddable":true,"href":"https:\/\/www.sociales.unlz.edu.ar\/index.php\/wp-json\/wp\/v2\/users\/8"}],"replies":[{"embeddable":true,"href":"https:\/\/www.sociales.unlz.edu.ar\/index.php\/wp-json\/wp\/v2\/comments?post=14206"}],"version-history":[{"count":21,"href":"https:\/\/www.sociales.unlz.edu.ar\/index.php\/wp-json\/wp\/v2\/pages\/14206\/revisions"}],"predecessor-version":[{"id":14414,"href":"https:\/\/www.sociales.unlz.edu.ar\/index.php\/wp-json\/wp\/v2\/pages\/14206\/revisions\/14414"}],"wp:featuredmedia":[{"embeddable":true,"href":"https:\/\/www.sociales.unlz.edu.ar\/index.php\/wp-json\/wp\/v2\/media\/14207"}],"wp:attachment":[{"href":"https:\/\/www.sociales.unlz.edu.ar\/index.php\/wp-json\/wp\/v2\/media?parent=14206"}],"curies":[{"name":"wp","href":"https:\/\/api.w.org\/{rel}","templated":true}]}}

Ciclo de charlas: 70 AÑOS DE LA TELEVISIÓN ARGENTINA

<h4 class="wp-block-heading">En el marco del 70 aniversario de la televisión, se realizará un ciclo de charlas con invitados especiales sobre distintos aspectos de este medio de comunicación que en nuestro país tuvo su primera transmisión el 17 de octubre de 1951. Los encuentros son abiertos a la comunidad y se realizarán a través de la plataforma zoom.</h4>



<p>&nbsp;</p>



<h4><strong>Jueves 23 de Septiembre | 17 horas</strong></h4>



<h4><strong>PRODUCIR HOY EN LA TV</strong></h4>



<p>A cargo de:</p>



<ul class="wp-block-list">
<li>Marcos Gorbán, periodista y productor de programas de entretenimiento y reality shows.</li>
<li>Marcia Venegas, productora ejecutiva del canal de noticias IP.</li>
<li>Fernando Spiner, guionista y director de cine y Televisión</li>
</ul>



<p>Modera: Patricio Insua, periodista y docente universitario.</p>
<p><strong>Inscripción:</strong> <a href="https://forms.gle/aGCL7Yh1pmkfCd1e7">¡CLICK ACÁ!</a></p>



<h4> </h4>
<h4><strong>Lunes 27 de Septiembre | 18 horas</strong></h4>



<h4><b>GRANDES HITOS DE LA TV</b></h4>



<p>A cargo de:</p>



<ul class="wp-block-list">
<li>Carlos Ulanovsky, periodista y autor de 20 libros con investigaciones históricas sobre la radio, televisión, diarios y revistas de Argentina.</li>
</ul>



<p>Modera: Julio Rivero, docente titular de Taller de Televisión</p>
<p><strong>Inscripción:</strong> <a href="https://forms.gle/3bbKJ6jEFekUrvBD8">¡CLICK ACÁ!</a></p>



<h4> </h4>
<h4><strong>Jueves 30 de Septiembre | 18 horas</strong></h4>



<h4><b>EL ROL DE LOS CANALES PÚBLICOS</b></h4>



<p>A cargo de:</p>



<ul class="wp-block-list">
<li>Jésica Tritten, presidenta de Contenidos Públicos S.E</li>
<li>Daniel Dátola, director de DeporTV</li>
<li>Claudio Martínez, director ejecutivo de la TV Pública.</li>
<li>Claudia Ducatenzeiler, coordinadora Ejecutiva de la Red Nacional Audiovisual Universitaria ( RENAU).</li>
</ul>



<p>Modera: Pablo Romano, coordinador del Área de Medios</p>
<p><strong>Inscripción:</strong> <a href="https://forms.gle/5uqyAfTL2xy1yihv7">¡CLICK ACÁ!</a></p>



<h4> </h4>
<h4><strong>Sábado 16 de octubre | 10 horas</strong></h4>



<h4><b>CONTAR LA NOTICIA EN LA TV</b></h4>



<p>A cargo de:</p>



<ul class="wp-block-list">
<li>Lucila Moisés Trujillo, conductora de &#8220;Bien Temprano&#8221; en C5N.</li>
<li>Claudio Rígoli, conductor de El Nueve. </li>
</ul>



<p>Modera: Noelia Barral Grigera, conductora en IP Noticias.</p>
<p><strong>Inscripción:</strong> <a href="https://forms.gle/UfxBrxKAp1DqBNuX9">¡CLICK ACÁ!</a></p>



<p>&nbsp;</p>
<h4>Organiza el Área de Medios en conjunto con las cátedras de Televisión.</h4>

<p>En el marco del 70 aniversario de la televisión, se realizará un ciclo de charlas con&#8230;</p>
