{"id":13566,"date":"2021-06-01T14:50:47","date_gmt":"2021-06-01T17:50:47","guid":{"rendered":"https:\/\/www.sociales.unlz.edu.ar\/?page_id=13566"},"modified":"2021-06-02T12:40:38","modified_gmt":"2021-06-02T15:40:38","slug":"el-saop-el-municipio-de-lomas-los-municipios-la-provincia","status":"publish","type":"page","link":"https:\/\/www.sociales.unlz.edu.ar\/index.php\/el-saop-el-municipio-de-lomas-los-municipios-la-provincia\/","title":{"rendered":"El SAOP, el municipio de Lomas, los municipios, la provincia"},"content":{"rendered":"<p>[vc_row][vc_column][vc_column_text]<\/p>\n<h3 class=\"titulo\">Un encuentro de educadores pensando en los m\u00e1s peque\u00f1os<\/h3>\n<p>El Servicio de Atenci\u00f3n y Orientaci\u00f3n Psicopedag\u00f3gica (SAOP), que funciona en la Facultad de Ciencias Sociales de la UNLZ, realizar\u00e1 este s\u00e1bado una jornada virtual junto a integrantes de diferentes instituciones locales.<\/p>\n<p>Docentes y educadoras de jardines municipales, comunitarios, centros de promoci\u00f3n integral de las infancias (CPII), sistemas alternativos y mam\u00e1s cuidadoras participar\u00e1n del encuentro que lleva el nombre de &#8220;La ternura es un pan que alimenta&#8221;.<\/p>\n<p>&#8220;La ternura es una pr\u00e1ctica de crianza que se encuentra atravesada por una \u00e9tica y pol\u00edtica de cuidado que se lleva a cabo desde los jardines, escuelas e instituciones comunitarias. Lo mismo sucede en la cl\u00ednica psicopedag\u00f3gica con un acompa\u00f1amiento y trabajo de recibimiento y de apoyo a las problem\u00e1ticas que surgen en torno a los aprendizajes&#8221;, expres\u00f3 Oscar Amaya, director del SAOP, quien agreg\u00f3: &#8220;Si la ternura es un practica de crianza en t\u00e9rminos de calor, arrullo y de alimento, la idea que queremos plantear es seguir con esa trilog\u00eda amorosa y pensarla en t\u00e9rminos de conversaci\u00f3n sobre el alimento como un s\u00edmbolo que es propiedad de todos (un bien com\u00fan), y del calor que brindan las aulas y los consultorios donde conviven el juego, el conocimiento y la conversaci\u00f3n&#8221;.[\/vc_column_text][vc_single_image image=&#8221;13567&#8243; img_size=&#8221;large&#8221;][vc_column_text]El encuentro por Zoom comenzar\u00e1 a las 10 y tambi\u00e9n ser\u00e1 transmitido desde el Facebook de la<a href=\"https:\/\/www.facebook.com\/Subsecretar%C3%ADa-de-Educaci%C3%B3n-Popular-Formaci%C3%B3n-Profesional-y-Participaci%C3%B3n-103575231130807\" target=\"_blank\" rel=\"nofollow noopener\">\u00a0Subsecretar\u00eda de Educaci\u00f3n Popular<\/a>. &#8220;Tambi\u00e9n vamos a hablar sobre la teor\u00eda de la recepci\u00f3n como hospitalidad y amparo en estos tiempos tan peligrosos, apostando a la potencia, imaginaci\u00f3n y la alegr\u00eda&#8221;, indic\u00f3 Amaya.<\/p>\n<p>&#8220;El SAOP es un servicio muy prestigioso y de una gran calidad humana que ya trabaj\u00f3 con los jardines comunitarios haciendo capacitaciones para docentes y pr\u00e1cticas con ni\u00f1os sobre temas de conducta, atenci\u00f3n y diagn\u00f3stico. La de este s\u00e1bado es una jornada muy esperada e importante ya que podremos ampliar a otras instituciones como sistemas alternativos y los centros integrales&#8221;, se\u00f1al\u00f3 la directora de Pol\u00edticas Educativas Comunitarias, Ver\u00f3nica Randi, coordinadora de la propuesta.<\/p>\n<p>M\u00e1s de un centenar de ni\u00f1os, ni\u00f1as y adolescentes reciben tratamiento psicopedag\u00f3gico a trav\u00e9s de los profesionales del SAOP, que tambi\u00e9n trabaja con decenas de familias. &#8220;Es un servicio p\u00fablico y gratuito para familias del conurbano sur que est\u00e1n fuertemente castigadas y m\u00e1s en la pandemia. Nos parece que el concepto de ternura viene a paliar y acompa\u00f1ar estos tiempos de indefensi\u00f3n, desamparo y riesgo donde hasta respirar se ha vuelta peligroso&#8221;, destac\u00f3 Amaya.<\/p>\n<p>[\/vc_column_text][\/vc_column][\/vc_row][vc_row][vc_column]<div id=\"iconbox-69f28eda14e56\" class=\"\"><div class=\"icon-link\"><div class=\"relative mb0 text-center\">\n\t\t\t\t\t\t\t<i  class=\"ti-minus   inline-block mb16 ms-text icon-lg\"><\/i>\n\t\t\t\t\t\t\t<h5  class=\"widgettitle mb8\"><\/h5>\n\t\t\t\t\t\t\t<div  class=\"widgetsubtitle mb16\"><\/div>\n\t\t\t\t\t\t\t<div  class=\"icon-content\"><\/div> \n\t\t\t\t\t\t<\/div><\/div><\/div>[vc_column_text]<\/p>\n<h3 class=\"titulo\">Realizan el segundo encuentro para docentes y educadora<\/h3>\n<p>El segundo encuentro virtual sobre Pedagog\u00edas de la Ternura, impulsado por el Municipio junto al Servicio de Atenci\u00f3n y Orientaci\u00f3n Psicopedag\u00f3gica (SAOP), se realizar\u00e1 este s\u00e1bado a las 10 con la presencia de diferentes instituciones.<\/p>\n<p>Docentes, educadoras y trabajadoras de jardines municipales, comunitarios, centros de promoci\u00f3n integral de las infancias (CPII), sistemas alternativos y mam\u00e1s cuidadoras volver\u00e1n a reencontrarse en el marco de la propuesta que lleva el nombre de &#8220;La ternura es un pan que alimenta&#8221;&#8221;El primer encuentro tuvo una respuesta enorme, con m\u00e1s asistentes de los que esper\u00e1bamos as\u00ed que para el segundo hemos abierto un espacio para 300 concurrentes (antes era de 100). Estamos tratando de construir un espacio capaz de asumir las consecuencias inesperadas y crueles de estos tiempos pand\u00e9micos, levantando las banderas de la ternura entendidas como el acceso a ciertos derechos b\u00e1sicos que son las pautas de crianza y reconociendo este trabajo tan temprano que se hace desde la funci\u00f3n materna y paterna&#8221;, expres\u00f3 Oscar Amaya, director del SAOP que funciona en la Facultad de Ciencias Sociales de la Universidad de Lomas (UNLZ).[\/vc_column_text][vc_single_image image=&#8221;13577&#8243; img_size=&#8221;large&#8221;][vc_column_text]La idea es generar un espacio de conversaci\u00f3n sobre la crianza y las experiencias que se generan en cada establecimiento educativo. &#8220;Lo que proponemos es extender las pr\u00e1cticas de crianza para alcanzar en las aulas y salas de jardines y escuelas algo equivalente al juego y al conocimiento. Por eso elegimos la figura del aprendiente: la adultez no es un etapa de cierre sino una posici\u00f3n m\u00f3vil en la que seguimos aprendiendo de quienes llegaron despu\u00e9s de nosotros&#8221;, destac\u00f3 Amaya, y agreg\u00f3: &#8220;No nos pensamos \u00fanicamente como ense\u00f1antes porque seguimos siendo aprendientes junto con nuestras infancias y adolescencias&#8221;.<\/p>\n<p>Para unirse a la reuni\u00f3n de Zoom hay que ingresar el ID 896 4790 2152 y la contrase\u00f1a 792845. &#8220;El SAOP es un servicio muy prestigioso y de una gran calidad humana que ya trabaj\u00f3 con los jardines comunitarios haciendo capacitaciones para docentes y pr\u00e1cticas con ni\u00f1os sobre temas de conducta, atenci\u00f3n y diagn\u00f3stico&#8221;, se\u00f1al\u00f3 la directora de Pol\u00edticas Educativas Comunitarias del Municipio, Ver\u00f3nica Randi, que se encarga de coordinar la propuesta.<\/p>\n<p>M\u00e1s de un centenar de ni\u00f1os, ni\u00f1as y adolescentes reciben tratamiento psicopedag\u00f3gico a trav\u00e9s de los profesionales del SAOP, que tambi\u00e9n trabaja con decenas de familias. &#8220;Es un servicio p\u00fablico y gratuito para familias del conurbano sur que est\u00e1n fuertemente castigadas y m\u00e1s en pandemia. Nos parece que el concepto de ternura viene a paliar y acompa\u00f1ar estos tiempos de indefensi\u00f3n, desamparo y riesgo&#8221;, remarc\u00f3 Amaya, que es psicopedagogo.[\/vc_column_text]<div id=\"iconbox-69f28eda14e80\" class=\"\"><div class=\"icon-link\"><div class=\"relative mb0 text-center\">\n\t\t\t\t\t\t\t<i  class=\"ti-minus   inline-block mb16 ms-text icon-lg\"><\/i>\n\t\t\t\t\t\t\t<h5  class=\"widgettitle mb8\"><\/h5>\n\t\t\t\t\t\t\t<div  class=\"widgetsubtitle mb16\"><\/div>\n\t\t\t\t\t\t\t<div  class=\"icon-content\"><\/div> \n\t\t\t\t\t\t<\/div><\/div><\/div>[vc_single_image image=&#8221;13599&#8243; img_size=&#8221;large&#8221; onclick=&#8221;custom_link&#8221; img_link_target=&#8221;_blank&#8221; title=&#8221;Subsecretar\u00eda de Educaci\u00f3n Popular, Formaci\u00f3n Profesional y Participaci\u00f3n&#8221; link=&#8221;https:\/\/www.facebook.com\/watch\/live\/?v=2560804687542744&amp;ref=watch_permalink&#8221;][\/vc_column][\/vc_row]<\/p>\n","protected":false},"excerpt":{"rendered":"<p>[vc_row][vc_column][vc_column_text] Un encuentro de educadores pensando en los m\u00e1s peque\u00f1os El Servicio de Atenci\u00f3n y Orientaci\u00f3n&#8230;<\/p>\n","protected":false},"author":8,"featured_media":0,"parent":0,"menu_order":0,"comment_status":"closed","ping_status":"closed","template":"","meta":{"footnotes":""},"class_list":["post-13566","page","type-page","status-publish","hentry"],"_links":{"self":[{"href":"https:\/\/www.sociales.unlz.edu.ar\/index.php\/wp-json\/wp\/v2\/pages\/13566","targetHints":{"allow":["GET"]}}],"collection":[{"href":"https:\/\/www.sociales.unlz.edu.ar\/index.php\/wp-json\/wp\/v2\/pages"}],"about":[{"href":"https:\/\/www.sociales.unlz.edu.ar\/index.php\/wp-json\/wp\/v2\/types\/page"}],"author":[{"embeddable":true,"href":"https:\/\/www.sociales.unlz.edu.ar\/index.php\/wp-json\/wp\/v2\/users\/8"}],"replies":[{"embeddable":true,"href":"https:\/\/www.sociales.unlz.edu.ar\/index.php\/wp-json\/wp\/v2\/comments?post=13566"}],"version-history":[{"count":11,"href":"https:\/\/www.sociales.unlz.edu.ar\/index.php\/wp-json\/wp\/v2\/pages\/13566\/revisions"}],"predecessor-version":[{"id":13570,"href":"https:\/\/www.sociales.unlz.edu.ar\/index.php\/wp-json\/wp\/v2\/pages\/13566\/revisions\/13570"}],"wp:attachment":[{"href":"https:\/\/www.sociales.unlz.edu.ar\/index.php\/wp-json\/wp\/v2\/media?parent=13566"}],"curies":[{"name":"wp","href":"https:\/\/api.w.org\/{rel}","templated":true}]}}

<p>[vc_row][vc_column][vc_column_text]</p>
<h3 class="titulo">Un encuentro de educadores pensando en los más pequeños</h3>
<p>El Servicio de Atención y Orientación Psicopedagógica (SAOP), que funciona en la Facultad de Ciencias Sociales de la UNLZ, realizará este sábado una jornada virtual junto a integrantes de diferentes instituciones locales.</p>
<p>Docentes y educadoras de jardines municipales, comunitarios, centros de promoción integral de las infancias (CPII), sistemas alternativos y mamás cuidadoras participarán del encuentro que lleva el nombre de &#8220;La ternura es un pan que alimenta&#8221;.</p>
<p>&#8220;La ternura es una práctica de crianza que se encuentra atravesada por una ética y política de cuidado que se lleva a cabo desde los jardines, escuelas e instituciones comunitarias. Lo mismo sucede en la clínica psicopedagógica con un acompañamiento y trabajo de recibimiento y de apoyo a las problemáticas que surgen en torno a los aprendizajes&#8221;, expresó Oscar Amaya, director del SAOP, quien agregó: &#8220;Si la ternura es un practica de crianza en términos de calor, arrullo y de alimento, la idea que queremos plantear es seguir con esa trilogía amorosa y pensarla en términos de conversación sobre el alimento como un símbolo que es propiedad de todos (un bien común), y del calor que brindan las aulas y los consultorios donde conviven el juego, el conocimiento y la conversación&#8221;.[/vc_column_text][vc_single_image image=&#8221;13567&#8243; img_size=&#8221;large&#8221;][vc_column_text]El encuentro por Zoom comenzará a las 10 y también será transmitido desde el Facebook de la<a href="https://www.facebook.com/Subsecretar%C3%ADa-de-Educaci%C3%B3n-Popular-Formaci%C3%B3n-Profesional-y-Participaci%C3%B3n-103575231130807" target="_blank" rel="nofollow noopener"> Subsecretaría de Educación Popular</a>. &#8220;También vamos a hablar sobre la teoría de la recepción como hospitalidad y amparo en estos tiempos tan peligrosos, apostando a la potencia, imaginación y la alegría&#8221;, indicó Amaya.</p>
<p>&#8220;El SAOP es un servicio muy prestigioso y de una gran calidad humana que ya trabajó con los jardines comunitarios haciendo capacitaciones para docentes y prácticas con niños sobre temas de conducta, atención y diagnóstico. La de este sábado es una jornada muy esperada e importante ya que podremos ampliar a otras instituciones como sistemas alternativos y los centros integrales&#8221;, señaló la directora de Políticas Educativas Comunitarias, Verónica Randi, coordinadora de la propuesta.</p>
<p>Más de un centenar de niños, niñas y adolescentes reciben tratamiento psicopedagógico a través de los profesionales del SAOP, que también trabaja con decenas de familias. &#8220;Es un servicio público y gratuito para familias del conurbano sur que están fuertemente castigadas y más en la pandemia. Nos parece que el concepto de ternura viene a paliar y acompañar estos tiempos de indefensión, desamparo y riesgo donde hasta respirar se ha vuelta peligroso&#8221;, destacó Amaya.</p>
<p>[/vc_column_text][/vc_column][/vc_row][vc_row][vc_column]<div id="iconbox-69f28eda14e56" class=""><div class="icon-link"><div class="relative mb0 text-center">
							<i  class="ti-minus   inline-block mb16 ms-text icon-lg"></i>
							<h5  class="widgettitle mb8"></h5>
							<div  class="widgetsubtitle mb16"></div>
							<div  class="icon-content"></div> 
						</div></div></div>[vc_column_text]</p>
<h3 class="titulo">Realizan el segundo encuentro para docentes y educadora</h3>
<p>El segundo encuentro virtual sobre Pedagogías de la Ternura, impulsado por el Municipio junto al Servicio de Atención y Orientación Psicopedagógica (SAOP), se realizará este sábado a las 10 con la presencia de diferentes instituciones.</p>
<p>Docentes, educadoras y trabajadoras de jardines municipales, comunitarios, centros de promoción integral de las infancias (CPII), sistemas alternativos y mamás cuidadoras volverán a reencontrarse en el marco de la propuesta que lleva el nombre de &#8220;La ternura es un pan que alimenta&#8221;&#8221;El primer encuentro tuvo una respuesta enorme, con más asistentes de los que esperábamos así que para el segundo hemos abierto un espacio para 300 concurrentes (antes era de 100). Estamos tratando de construir un espacio capaz de asumir las consecuencias inesperadas y crueles de estos tiempos pandémicos, levantando las banderas de la ternura entendidas como el acceso a ciertos derechos básicos que son las pautas de crianza y reconociendo este trabajo tan temprano que se hace desde la función materna y paterna&#8221;, expresó Oscar Amaya, director del SAOP que funciona en la Facultad de Ciencias Sociales de la Universidad de Lomas (UNLZ).[/vc_column_text][vc_single_image image=&#8221;13577&#8243; img_size=&#8221;large&#8221;][vc_column_text]La idea es generar un espacio de conversación sobre la crianza y las experiencias que se generan en cada establecimiento educativo. &#8220;Lo que proponemos es extender las prácticas de crianza para alcanzar en las aulas y salas de jardines y escuelas algo equivalente al juego y al conocimiento. Por eso elegimos la figura del aprendiente: la adultez no es un etapa de cierre sino una posición móvil en la que seguimos aprendiendo de quienes llegaron después de nosotros&#8221;, destacó Amaya, y agregó: &#8220;No nos pensamos únicamente como enseñantes porque seguimos siendo aprendientes junto con nuestras infancias y adolescencias&#8221;.</p>
<p>Para unirse a la reunión de Zoom hay que ingresar el ID 896 4790 2152 y la contraseña 792845. &#8220;El SAOP es un servicio muy prestigioso y de una gran calidad humana que ya trabajó con los jardines comunitarios haciendo capacitaciones para docentes y prácticas con niños sobre temas de conducta, atención y diagnóstico&#8221;, señaló la directora de Políticas Educativas Comunitarias del Municipio, Verónica Randi, que se encarga de coordinar la propuesta.</p>
<p>Más de un centenar de niños, niñas y adolescentes reciben tratamiento psicopedagógico a través de los profesionales del SAOP, que también trabaja con decenas de familias. &#8220;Es un servicio público y gratuito para familias del conurbano sur que están fuertemente castigadas y más en pandemia. Nos parece que el concepto de ternura viene a paliar y acompañar estos tiempos de indefensión, desamparo y riesgo&#8221;, remarcó Amaya, que es psicopedagogo.[/vc_column_text]<div id="iconbox-69f28eda14e80" class=""><div class="icon-link"><div class="relative mb0 text-center">
							<i  class="ti-minus   inline-block mb16 ms-text icon-lg"></i>
							<h5  class="widgettitle mb8"></h5>
							<div  class="widgetsubtitle mb16"></div>
							<div  class="icon-content"></div> 
						</div></div></div>[vc_single_image image=&#8221;13599&#8243; img_size=&#8221;large&#8221; onclick=&#8221;custom_link&#8221; img_link_target=&#8221;_blank&#8221; title=&#8221;Subsecretaría de Educación Popular, Formación Profesional y Participación&#8221; link=&#8221;https://www.facebook.com/watch/live/?v=2560804687542744&amp;ref=watch_permalink&#8221;][/vc_column][/vc_row]</p>

<p>[vc_row][vc_column][vc_column_text] Un encuentro de educadores pensando en los más pequeños El Servicio de Atención y Orientación&#8230;</p>
