{"id":13510,"date":"2021-05-28T11:56:02","date_gmt":"2021-05-28T14:56:02","guid":{"rendered":"https:\/\/www.sociales.unlz.edu.ar\/?page_id=13510"},"modified":"2021-06-04T14:56:55","modified_gmt":"2021-06-04T17:56:55","slug":"el-saop-y-los-tiempos-pandemicos","status":"publish","type":"page","link":"https:\/\/www.sociales.unlz.edu.ar\/index.php\/el-saop-y-los-tiempos-pandemicos\/","title":{"rendered":"EL SAOP Y LOS TIEMPOS PAND\u00c9MICOS"},"content":{"rendered":"<p>[vc_row][vc_column][vc_column_text]<\/p>\n<div id=\"la_heading_60b103bd0462a\" class=\"la-headings text-center\">\n<h3 class=\"js-el heading-tag la-unit-responsive\" style=\"text-align: center;\" data-la_component=\"UnitResponsive\" data-el_target=\"#la_heading_60b103bd0462a .heading-tag\" data-el_media_sizes=\"{&quot;font-size&quot;:&quot;xlg:60px;lg:50px;mb:25px;&quot;,&quot;line-height&quot;:&quot;&quot;}\">La atenci\u00f3n del SAOP contin\u00faa desde casa<\/h3>\n<\/div>\n<p>[\/vc_column_text][vc_column_text]<\/p>\n<h5><b>M\u00e1s de un centenar de ni\u00f1os, ni\u00f1as y adolescentes siguen con su tratamiento psicopedag\u00f3gico a trav\u00e9s de herramientas virtuales. \u201cNos abocamos a sostener a las familias frente a la continuidad pedag\u00f3gica, que tambi\u00e9n suscita angustia ante las tareas escolares\u201d, explica Oscar Amaya, director del Servicio.<\/b><\/h5>\n<h4><\/h4>\n<p>[\/vc_column_text][vc_column_text]El Servicio de Atenci\u00f3n y Orientaci\u00f3n Psicopedag\u00f3gica que funciona en la Facultad de Ciencias Sociales adapt\u00f3 su trabajo a esta nueva etapa de aislamiento social preventivo y obligatorio. Desde que comenz\u00f3 la cuarentena, las y los profesionales siguieron vinculados con los pacientes a trav\u00e9s de medios digitales.<\/p>\n<p>En esta entrevista, el director del espacio, Oscar Amaya, nos cuentan las tareas que realizan, los obst\u00e1culos que fueron superando y las estrategias que encontraron.<\/p>\n<p>[\/vc_column_text][vc_single_image image=&#8221;13521&#8243; img_size=&#8221;large&#8221; alignment=&#8221;center&#8221;][\/vc_column][\/vc_row][vc_row][vc_column][vc_column_text]<\/p>\n<h5><em><strong>-\u00bfCu\u00e1ntos pacientes est\u00e1n atendiendo en modo a distancia?<\/strong><\/em><\/h5>\n<p>[\/vc_column_text][vc_column_text]En este mes de mayo, son 127 los pacientes que se encuentran atendidos. Adem\u00e1s en el espacio cl\u00ednico para familias, estamos trabajando con 30 familias. Tambi\u00e9n sigue en marcha el proceso de admisi\u00f3n de familias. En este momento se encuentran en proceso de admisi\u00f3n 14 familias[\/vc_column_text][vc_column_text]<\/p>\n<h5><em><strong>-\u00bfC\u00f3mo se adaptan las familias este nuevo escenario?<\/strong><\/em><\/h5>\n<p>[\/vc_column_text][vc_column_text]Las adaptaciones han sido diversas. Hay familias que se comunican a trav\u00e9s de videollamadas y nos invitan a conocer su casa, otras restringen la videollamada a un lugar espec\u00edfico de la casa. Con otras familias es una llamada, donde la terapeuta habla con un adulto y luego trabaja con el paciente. Con un grupo de familias la relaci\u00f3n es a trav\u00e9s de mensajes de texto o whatsapp. La gran mayor\u00eda ha hecho el pasaje a la virtualidad con aceptaci\u00f3n y hasta entusiasmo, ya que hemos intensificado el trabajo de orientaci\u00f3n a las familias en este contexto de aislamiento. Pocos casos no han logrado la regularidad semanal, a veces no est\u00e1n en sus casas cuando los llamamos.[\/vc_column_text][vc_column_text]<\/p>\n<h5><em><b>-\u00bfAparecieron nuevas problem\u00e1ticas en el contexto de aislamiento?<\/b><\/em><\/h5>\n<p>[\/vc_column_text][vc_column_text]Se han manifestado problem\u00e1ticas caracter\u00edsticas a la situaci\u00f3n de encierro: apat\u00eda, angustia, aburrimiento, impotencia, enojo, desorientaci\u00f3n. Nos abocamos a sostener a las familias frente a la continuidad pedag\u00f3gica, que tambi\u00e9n suscita angustia ante las tareas escolares. Hacemos trabajo de orientaci\u00f3n frente a la situaci\u00f3n de convivencia forzada. Un trabajo especial con pacientes p\u00faberes y adolescentes que padecen la falta de libertad de movimiento y corte en sus interacciones de grupos con pares. Tambi\u00e9n la brecha digital obstaculiza la continuidad pedag\u00f3gica en muchas familias que asisten al SAOP, y por eso triangulamos con las escuelas para que nos remitan las actividades pedag\u00f3gicas para hac\u00e9rselas llegar.[\/vc_column_text][vc_column_text]<\/p>\n<h5><em><b>-\u00bfCu\u00e1les son las limitaciones y las posibilidades para las y los profesionales que presenta este nuevo modo de trabajo?<\/b><\/em><\/h5>\n<p>[\/vc_column_text][vc_column_text]En una primera etapa, vivenciamos las limitaciones que nos impon\u00eda la virtualidad: la imposibilidad del encuentro en los consultorios, las actividades cl\u00ednicas basadas en la presencialidad, la p\u00e9rdida de privacidad con los pacientes, el sonido ambiente de las casas\u2026<\/p>\n<p>Luego de comprender el escenario del aislamiento como de condici\u00f3n prolongada, y ya en comunicaci\u00f3n con las familias, comenzamos a dise\u00f1ar actividades adaptadas a la virtualidad, como audiocuentos, videos en youtube y otras plataformas, juegos, juguetes, tableros digitalizados y actividades familiares en torno a juegos, lecturas, tareas escolares y otros soportes que nos propiciaran un trabajo cl\u00ednico sin comp\u00e1s de espera.<\/p>\n<p>Paulatinamente implementamos la continuidad de los espacios grupales: adem\u00e1s de los talleres cl\u00ednicos de cuentos y el dispositivo de tratamiento grupal, el taller cl\u00ednico de lectura y escritura, las tutor\u00edas para estudiantes universitarios de la Facultad y el Espacio cl\u00ednico para familias.[\/vc_column_text][\/vc_column][\/vc_row][vc_row][vc_column][vc_single_image image=&#8221;13593&#8243; img_size=&#8221;large&#8221; onclick=&#8221;custom_link&#8221; link=&#8221;https:\/\/www.youtube.com\/watch?v=i90VYNaiDI0&#8243;][vc_video link=&#8221;https:\/\/www.youtube.com\/watch?v=lqLku5Zrx5c&#8221; el_width=&#8221;80&#8243;]<div class=\"\"><a  id=\"btn-69f480b90d6f3\" class=\"btn btn-filled  ti-book  btn-sm-sm\" href= \"https:\/\/www.sociales.unlz.edu.ar\/wp-content\/uploads\/2021\/06\/barrios-de-pie.docx.pdf\" target=' _blank' >Barrios de Pie<\/a><\/div>[\/vc_column][\/vc_row]<\/p>\n","protected":false},"excerpt":{"rendered":"<p>[vc_row][vc_column][vc_column_text] La atenci\u00f3n del SAOP contin\u00faa desde casa [\/vc_column_text][vc_column_text] M\u00e1s de un centenar de ni\u00f1os, ni\u00f1as&#8230;<\/p>\n","protected":false},"author":8,"featured_media":13523,"parent":0,"menu_order":0,"comment_status":"closed","ping_status":"closed","template":"","meta":{"footnotes":""},"class_list":["post-13510","page","type-page","status-publish","has-post-thumbnail","hentry"],"_links":{"self":[{"href":"https:\/\/www.sociales.unlz.edu.ar\/index.php\/wp-json\/wp\/v2\/pages\/13510","targetHints":{"allow":["GET"]}}],"collection":[{"href":"https:\/\/www.sociales.unlz.edu.ar\/index.php\/wp-json\/wp\/v2\/pages"}],"about":[{"href":"https:\/\/www.sociales.unlz.edu.ar\/index.php\/wp-json\/wp\/v2\/types\/page"}],"author":[{"embeddable":true,"href":"https:\/\/www.sociales.unlz.edu.ar\/index.php\/wp-json\/wp\/v2\/users\/8"}],"replies":[{"embeddable":true,"href":"https:\/\/www.sociales.unlz.edu.ar\/index.php\/wp-json\/wp\/v2\/comments?post=13510"}],"version-history":[{"count":21,"href":"https:\/\/www.sociales.unlz.edu.ar\/index.php\/wp-json\/wp\/v2\/pages\/13510\/revisions"}],"predecessor-version":[{"id":13607,"href":"https:\/\/www.sociales.unlz.edu.ar\/index.php\/wp-json\/wp\/v2\/pages\/13510\/revisions\/13607"}],"wp:featuredmedia":[{"embeddable":true,"href":"https:\/\/www.sociales.unlz.edu.ar\/index.php\/wp-json\/wp\/v2\/media\/13523"}],"wp:attachment":[{"href":"https:\/\/www.sociales.unlz.edu.ar\/index.php\/wp-json\/wp\/v2\/media?parent=13510"}],"curies":[{"name":"wp","href":"https:\/\/api.w.org\/{rel}","templated":true}]}}

EL SAOP Y LOS TIEMPOS PANDÉMICOS

<p>[vc_row][vc_column][vc_column_text]</p>
<div id="la_heading_60b103bd0462a" class="la-headings text-center">
<h3 class="js-el heading-tag la-unit-responsive" style="text-align: center;" data-la_component="UnitResponsive" data-el_target="#la_heading_60b103bd0462a .heading-tag" data-el_media_sizes="{&quot;font-size&quot;:&quot;xlg:60px;lg:50px;mb:25px;&quot;,&quot;line-height&quot;:&quot;&quot;}">La atención del SAOP continúa desde casa</h3>
</div>
<p>[/vc_column_text][vc_column_text]</p>
<h5><b>Más de un centenar de niños, niñas y adolescentes siguen con su tratamiento psicopedagógico a través de herramientas virtuales. “Nos abocamos a sostener a las familias frente a la continuidad pedagógica, que también suscita angustia ante las tareas escolares”, explica Oscar Amaya, director del Servicio.</b></h5>
<h4></h4>
<p>[/vc_column_text][vc_column_text]El Servicio de Atención y Orientación Psicopedagógica que funciona en la Facultad de Ciencias Sociales adaptó su trabajo a esta nueva etapa de aislamiento social preventivo y obligatorio. Desde que comenzó la cuarentena, las y los profesionales siguieron vinculados con los pacientes a través de medios digitales.</p>
<p>En esta entrevista, el director del espacio, Oscar Amaya, nos cuentan las tareas que realizan, los obstáculos que fueron superando y las estrategias que encontraron.</p>
<p>[/vc_column_text][vc_single_image image=&#8221;13521&#8243; img_size=&#8221;large&#8221; alignment=&#8221;center&#8221;][/vc_column][/vc_row][vc_row][vc_column][vc_column_text]</p>
<h5><em><strong>-¿Cuántos pacientes están atendiendo en modo a distancia?</strong></em></h5>
<p>[/vc_column_text][vc_column_text]En este mes de mayo, son 127 los pacientes que se encuentran atendidos. Además en el espacio clínico para familias, estamos trabajando con 30 familias. También sigue en marcha el proceso de admisión de familias. En este momento se encuentran en proceso de admisión 14 familias[/vc_column_text][vc_column_text]</p>
<h5><em><strong>-¿Cómo se adaptan las familias este nuevo escenario?</strong></em></h5>
<p>[/vc_column_text][vc_column_text]Las adaptaciones han sido diversas. Hay familias que se comunican a través de videollamadas y nos invitan a conocer su casa, otras restringen la videollamada a un lugar específico de la casa. Con otras familias es una llamada, donde la terapeuta habla con un adulto y luego trabaja con el paciente. Con un grupo de familias la relación es a través de mensajes de texto o whatsapp. La gran mayoría ha hecho el pasaje a la virtualidad con aceptación y hasta entusiasmo, ya que hemos intensificado el trabajo de orientación a las familias en este contexto de aislamiento. Pocos casos no han logrado la regularidad semanal, a veces no están en sus casas cuando los llamamos.[/vc_column_text][vc_column_text]</p>
<h5><em><b>-¿Aparecieron nuevas problemáticas en el contexto de aislamiento?</b></em></h5>
<p>[/vc_column_text][vc_column_text]Se han manifestado problemáticas características a la situación de encierro: apatía, angustia, aburrimiento, impotencia, enojo, desorientación. Nos abocamos a sostener a las familias frente a la continuidad pedagógica, que también suscita angustia ante las tareas escolares. Hacemos trabajo de orientación frente a la situación de convivencia forzada. Un trabajo especial con pacientes púberes y adolescentes que padecen la falta de libertad de movimiento y corte en sus interacciones de grupos con pares. También la brecha digital obstaculiza la continuidad pedagógica en muchas familias que asisten al SAOP, y por eso triangulamos con las escuelas para que nos remitan las actividades pedagógicas para hacérselas llegar.[/vc_column_text][vc_column_text]</p>
<h5><em><b>-¿Cuáles son las limitaciones y las posibilidades para las y los profesionales que presenta este nuevo modo de trabajo?</b></em></h5>
<p>[/vc_column_text][vc_column_text]En una primera etapa, vivenciamos las limitaciones que nos imponía la virtualidad: la imposibilidad del encuentro en los consultorios, las actividades clínicas basadas en la presencialidad, la pérdida de privacidad con los pacientes, el sonido ambiente de las casas…</p>
<p>Luego de comprender el escenario del aislamiento como de condición prolongada, y ya en comunicación con las familias, comenzamos a diseñar actividades adaptadas a la virtualidad, como audiocuentos, videos en youtube y otras plataformas, juegos, juguetes, tableros digitalizados y actividades familiares en torno a juegos, lecturas, tareas escolares y otros soportes que nos propiciaran un trabajo clínico sin compás de espera.</p>
<p>Paulatinamente implementamos la continuidad de los espacios grupales: además de los talleres clínicos de cuentos y el dispositivo de tratamiento grupal, el taller clínico de lectura y escritura, las tutorías para estudiantes universitarios de la Facultad y el Espacio clínico para familias.[/vc_column_text][/vc_column][/vc_row][vc_row][vc_column][vc_single_image image=&#8221;13593&#8243; img_size=&#8221;large&#8221; onclick=&#8221;custom_link&#8221; link=&#8221;https://www.youtube.com/watch?v=i90VYNaiDI0&#8243;][vc_video link=&#8221;https://www.youtube.com/watch?v=lqLku5Zrx5c&#8221; el_width=&#8221;80&#8243;]<div class=""><a  id="btn-69f480b90d6f3" class="btn btn-filled  ti-book  btn-sm-sm" href= "https://www.sociales.unlz.edu.ar/wp-content/uploads/2021/06/barrios-de-pie.docx.pdf" target=' _blank' >Barrios de Pie</a></div>[/vc_column][/vc_row]</p>

<p>[vc_row][vc_column][vc_column_text] La atención del SAOP continúa desde casa [/vc_column_text][vc_column_text] Más de un centenar de niños, niñas&#8230;</p>
