{"id":13409,"date":"2021-05-05T11:38:11","date_gmt":"2021-05-05T14:38:11","guid":{"rendered":"https:\/\/www.sociales.unlz.edu.ar\/?page_id=13409"},"modified":"2021-05-27T13:47:41","modified_gmt":"2021-05-27T16:47:41","slug":"lucio-cerda-nuestro-fundador","status":"publish","type":"page","link":"https:\/\/www.sociales.unlz.edu.ar\/index.php\/lucio-cerda-nuestro-fundador\/","title":{"rendered":"Lucio Cerd\u00e1"},"content":{"rendered":"<p>[vc_row][vc_column][vc_single_image image=&#8221;13469&#8243; img_size=&#8221;large&#8221; alignment=&#8221;center&#8221;][\/vc_column][\/vc_row][vc_row][vc_column width=&#8221;1\/3&#8243;]<div class=\"\"><a  id=\"btn-69f28f0f46443\" class=\"btn btn-filled    btn-sm-sm\" href= \"https:\/\/www.sociales.unlz.edu.ar\/wp-content\/uploads\/2021\/05\/El-saop-por-lucio.pdf\" target=' _blank' >El SAOP por Lucio Cerd\u00e1<\/a><\/div>[\/vc_column][vc_column width=&#8221;1\/3&#8243;]<div class=\"\"><a  id=\"btn-69f28f0f46473\" class=\"btn btn-filled    btn-sm-sm\" href= \"https:\/\/www.sociales.unlz.edu.ar\/wp-content\/uploads\/2021\/05\/Lucio-Cerd\u00e1-La-formaci\u00f3n-acad\u00e9mica-y-cient\u00edfica-1.docx.pdf\" target=' _blank' >Lucio Cerd\u00e1, La formaci\u00f3n acad\u00e9mica y cient\u00edfica<\/a><\/div>[\/vc_column][vc_column width=&#8221;1\/3&#8243;][\/vc_column][\/vc_row]<\/p>\n","protected":false},"excerpt":{"rendered":"<p>[vc_row][vc_column][vc_single_image image=&#8221;13469&#8243; img_size=&#8221;large&#8221; alignment=&#8221;center&#8221;][\/vc_column][\/vc_row][vc_row][vc_column width=&#8221;1\/3&#8243;][\/vc_column][vc_column width=&#8221;1\/3&#8243;][\/vc_column][vc_column width=&#8221;1\/3&#8243;][\/vc_column][\/vc_row]<\/p>\n","protected":false},"author":8,"featured_media":13276,"parent":0,"menu_order":0,"comment_status":"closed","ping_status":"closed","template":"","meta":{"footnotes":""},"class_list":["post-13409","page","type-page","status-publish","has-post-thumbnail","hentry"],"_links":{"self":[{"href":"https:\/\/www.sociales.unlz.edu.ar\/index.php\/wp-json\/wp\/v2\/pages\/13409","targetHints":{"allow":["GET"]}}],"collection":[{"href":"https:\/\/www.sociales.unlz.edu.ar\/index.php\/wp-json\/wp\/v2\/pages"}],"about":[{"href":"https:\/\/www.sociales.unlz.edu.ar\/index.php\/wp-json\/wp\/v2\/types\/page"}],"author":[{"embeddable":true,"href":"https:\/\/www.sociales.unlz.edu.ar\/index.php\/wp-json\/wp\/v2\/users\/8"}],"replies":[{"embeddable":true,"href":"https:\/\/www.sociales.unlz.edu.ar\/index.php\/wp-json\/wp\/v2\/comments?post=13409"}],"version-history":[{"count":9,"href":"https:\/\/www.sociales.unlz.edu.ar\/index.php\/wp-json\/wp\/v2\/pages\/13409\/revisions"}],"predecessor-version":[{"id":13479,"href":"https:\/\/www.sociales.unlz.edu.ar\/index.php\/wp-json\/wp\/v2\/pages\/13409\/revisions\/13479"}],"wp:featuredmedia":[{"embeddable":true,"href":"https:\/\/www.sociales.unlz.edu.ar\/index.php\/wp-json\/wp\/v2\/media\/13276"}],"wp:attachment":[{"href":"https:\/\/www.sociales.unlz.edu.ar\/index.php\/wp-json\/wp\/v2\/media?parent=13409"}],"curies":[{"name":"wp","href":"https:\/\/api.w.org\/{rel}","templated":true}]}}

Lucio Cerdá

<p>[vc_row][vc_column][vc_single_image image=&#8221;13469&#8243; img_size=&#8221;large&#8221; alignment=&#8221;center&#8221;][/vc_column][/vc_row][vc_row][vc_column width=&#8221;1/3&#8243;]<div class=""><a  id="btn-69f28f0f46443" class="btn btn-filled    btn-sm-sm" href= "https://www.sociales.unlz.edu.ar/wp-content/uploads/2021/05/El-saop-por-lucio.pdf" target=' _blank' >El SAOP por Lucio Cerdá</a></div>[/vc_column][vc_column width=&#8221;1/3&#8243;]<div class=""><a  id="btn-69f28f0f46473" class="btn btn-filled    btn-sm-sm" href= "https://www.sociales.unlz.edu.ar/wp-content/uploads/2021/05/Lucio-Cerdá-La-formación-académica-y-científica-1.docx.pdf" target=' _blank' >Lucio Cerdá, La formación académica y científica</a></div>[/vc_column][vc_column width=&#8221;1/3&#8243;][/vc_column][/vc_row]</p>
