{"id":13275,"date":"2021-04-28T14:45:34","date_gmt":"2021-04-28T17:45:34","guid":{"rendered":"https:\/\/www.sociales.unlz.edu.ar\/?page_id=13275"},"modified":"2021-04-28T14:45:34","modified_gmt":"2021-04-28T17:45:34","slug":"estrategias-de-intervencion-clinica","status":"publish","type":"page","link":"https:\/\/www.sociales.unlz.edu.ar\/index.php\/estrategias-de-intervencion-clinica\/","title":{"rendered":"Estrategias de intervenci\u00f3n cl\u00ednica"},"content":{"rendered":"<p style=\"text-align: center;\"><b>Estrategias de intervenci\u00f3n cl\u00ednica desde una psicopedagog\u00eda comunitaria\u00a0<\/b><\/p>\n<p>&nbsp;<\/p>\n<p><span style=\"font-weight: 400;\">El SAOP se propuso realizar el trabajo de dise\u00f1o de una teor\u00eda y una pr\u00e1ctica de la prevenci\u00f3n y atenci\u00f3n psicopedag\u00f3gica basadas, en primera instancia, en delimitar y esclarecer las problem\u00e1ticas de consulta en torno a los aprendizajes, para posteriormente, establecer la posible pertinencia de diagn\u00f3sticos y tratamientos, es decir, desarrollar una labor propiamente asistencial y de orientaci\u00f3n, de car\u00e1cter comunitario.<\/span><\/p>\n<p>&nbsp;<\/p>\n<p><span style=\"font-weight: 400;\">Cuando se lleva a cabo un desempe\u00f1o cl\u00ednico en una instituci\u00f3n p\u00fablica, se hace necesario adoptar criterios que surjan de su condici\u00f3n de espacio no privado: una instituci\u00f3n donde lo que se privilegia son los objetivos de inclusi\u00f3n, en este caso lo que en un sentido amplio puede denominarse <\/span><i><span style=\"font-weight: 400;\">salud mental comunitaria<\/span><\/i><span style=\"font-weight: 400;\">, y por lo tanto el ejercicio de una \u00e9tica solidaria.<\/span><\/p>\n<p>&nbsp;<\/p>\n<p><span style=\"font-weight: 400;\">Es por ello que el SAOP ha adoptado una perspectiva te\u00f3rico-cl\u00ednica que propicia un tipo de intervenci\u00f3n psicopedag\u00f3gica, y que se constituye entonces como eje central de la labor terap\u00e9utica: se trata de evitar las hegemon\u00edas te\u00f3ricas, que suelen empobrecer la mirada sobre el campo que se pretende comprender, alej\u00e1ndose de pr\u00e1cticas obedientes a modelos te\u00f3ricos euroc\u00e9ntricos.\u00a0<\/span><\/p>\n<p>&nbsp;<\/p>\n<p><span style=\"font-weight: 400;\">En este sentido, se decidi\u00f3 asumir la idea de <\/span><i><span style=\"font-weight: 400;\">dispositivo cl\u00ednico<\/span><\/i><span style=\"font-weight: 400;\"> como aquel \u201cconjunto de presupuestos te\u00f3ricos y cl\u00ednicos con que el terapeuta se acerca al abordaje de los sujetos que consultan y que configuran un marco general de trabajo que generalmente puede hacerse expl\u00edcito tanto al paciente como a sus familiares\u201d, para trabajar con los diversos enfoques te\u00f3ricos a modo de <\/span><i><span style=\"font-weight: 400;\">caja de herramientas<\/span><\/i><span style=\"font-weight: 400;\"> y no con un sistema de saber cerrado, que construye por ello miradas r\u00edgidas y unidimensionales. Es as\u00ed que Cerd\u00e1 sostiene que \u201cintentar explicar los procesos del aprendizaje desde una teor\u00eda desde\u00f1ando las otras, s\u00f3lo puede ser efecto de esa notable forma de ignorancia llamada soberbia\u201d.\u00a0<\/span><\/p>\n<p>&nbsp;<\/p>\n<p><span style=\"font-weight: 400;\">De tal modo, se incorporaron a la formaci\u00f3n y a la labor propiamente cl\u00ednica saberes provenientes de las perspectivas constructivistas, las neurociencias, los estudios del lenguaje, la gen\u00e9tica, el psicoan\u00e1lisis y la neuropediatr\u00eda, entre otras disciplinas. \u201cEstos abordajes \u2013sostiene Cerd\u00e1- vinieron a sumarse a una l\u00ednea de trabajo que, con base en la teor\u00eda psicoanal\u00edtica, hace hincapi\u00e9 en la existencia de un sujeto hablante, emergente de un determinado entorno familiar que lo contextualiza en sus aspectos individuales, simb\u00f3licos y fantasm\u00e1ticos. Desde este supuesto es que fueron construy\u00e9ndose sucesivas y cada vez m\u00e1s precisas estrategias de abordaje cl\u00ednico acerca de las dificultades de los aprendizajes\u201d.\u00a0<\/span><\/p>\n<p>&nbsp;<\/p>\n<p><span style=\"font-weight: 400;\">Respecto de la multireferencialidad en torno a los saberes mencionados, es importante resaltar la advertencia planteada por Cerd\u00e1: \u201cno se trata de importarlas acr\u00edticamente, sino de utilizar ciertos recortes de sus desarrollos que pueden resultar muy \u00fatiles en la tarea de comprender a un ni\u00f1o que puede padecer dificultades de variada \u00edndole, que se reflejan en sus dificultades\u201d.<\/span><\/p>\n<p><span style=\"font-weight: 400;\">Es por ello que \u2013puntualiza- que \u201ccuando hacemos referencia al t\u00e9rmino <\/span><i><span style=\"font-weight: 400;\">estrategias<\/span><\/i><span style=\"font-weight: 400;\">, aludimos a una praxis caracterizada por su flexibilidad cl\u00ednica, que lleva la marca de la teorizaci\u00f3n psicoanal\u00edtica como un punto de partida ineludible para comprender los fen\u00f3menos de significaci\u00f3n, pero que no puede ser la \u00fanica perspectiva con que intentar el abordaje del c\u00famulo de determinaciones, procesos y aristas que ofrecen los aprendizajes y sus eventuales disturbios\u201d.<\/span><\/p>\n<p>&nbsp;<\/p>\n<p><span style=\"font-weight: 400;\">\u201cEn todo caso \u2013prosigue Cerd\u00e1- es necesario recordar que no se trata de aplicar sin m\u00e1s una determinada teor\u00eda que se presupone hegem\u00f3nica, sin analizar sus invisibilidades, sus contradicciones y su narrativa. Por otra parte, es suficientemente claro que en el \u00e1mbito de la Psicopedagog\u00eda se est\u00e1 muy lejos de haber llegado a un consenso acerca de qu\u00e9 hablamos cuando nos referimos a la cl\u00ednica y que tampoco existe una multiplicidad de concepciones te\u00f3rico-cl\u00ednicas, m\u00e1s o menos rigurosas\u201d.<\/span><\/p>\n<p><span style=\"font-weight: 400;\">Es por ello que el SAOP puede y debe contribuir, desde una labor \u00e9tica y te\u00f3rica, a la configuraci\u00f3n de una praxis comunitaria que contemple un marco conceptual interdisciplinario, que permita encaminarse hacia la elaboraci\u00f3n de estrategias cl\u00ednicas v\u00e1lidas en la consecuci\u00f3n de una comprensi\u00f3n, lo m\u00e1s abarcadora e integral de los complejos procesos que constituyen los aprendizajes en ni\u00f1as, ni\u00f1os y adolescentes.<\/span><\/p>\n<p><span style=\"font-weight: 400;\">Es por lo antedicho que result\u00f3 necesario desarrollar un ejercicio de intervenci\u00f3n y reflexi\u00f3n cl\u00ednicas desde una concepci\u00f3n interdisciplinaria posicionada en el paradigma de la complejidad \u201ccon el prop\u00f3sito \u2013explica Cerd\u00e1- de evitar hegemon\u00edas te\u00f3ricas oclusivas de la tarea a realizar. En este sentido, las diferentes formaciones disciplinares deben constituir una riqueza y no una dificultad. La utilizaci\u00f3n de un determinado andamiaje te\u00f3rico, no puede consistir en el \u00fanico recurso de quien lo ejerce debido a la ausencia de otras lecturas, sino en un abordaje v\u00e1lido, aunque no se constituya en omniexplicativo\u201d.<\/span><\/p>\n<p>&nbsp;<\/p>\n<p><i><span style=\"font-weight: 400;\">\u00a0<\/span><\/i><span style=\"font-weight: 400;\">Por ello es que se desprende la necesidad de desplegar, tal como afirma Cerd\u00e1, \u201cuna multireferencialidad tanto te\u00f3rica como operativa en la tarea cl\u00ednica cotidiana, de tal modo que pudieran generarse diferentes miradas que permitiesen un abordaje m\u00faltiple, aunque no exento de complejidades. Las preguntas que necesariamente surgen de una actitud cl\u00ednica como la propuesta por el SAOP, obliga a que constantemente se generen interrogantes m\u00faltiples acerca de cada paciente que se considera, as\u00ed como de cada situaci\u00f3n cl\u00ednica que se nos presenta\u201d.<\/span><\/p>\n<p>&nbsp;<\/p>\n<p><span style=\"font-weight: 400;\">A partir de este posicionamiento es que \u201cpudo construirse un espacio institucional que se convirti\u00f3 en campo propicio para desarrollar producciones te\u00f3ricas y cl\u00ednicas\u201d, plasmadas hoy en tres libros colectivos, el libro de Cerd\u00e1 \u201c<\/span><i><span style=\"font-weight: 400;\">Avatares de los aprendizajes. Sus dimensiones y trastornos. Una perspectiva multidisciplinaria<\/span><\/i><span style=\"font-weight: 400;\">\u201d, as\u00ed como varias investigaciones. Cerd\u00e1 afirma que \u201cla multireferencialidad se constituy\u00f3 en la fuente de un estilo de abordaje de la problem\u00e1tica considerada, que nos permiti\u00f3 ejercer la suficiente flexibilidad te\u00f3rico-cl\u00ednica como para adoptar una perspectiva u otra, seg\u00fan lo aconsejaban las circunstancias\u201d.<\/span><\/p>\n<p>&nbsp;<\/p>\n<p><span style=\"font-weight: 400;\">Resulta necesario tener presente que esta intervenci\u00f3n te\u00f3rico-cl\u00ednica se sit\u00faa como psicopedag\u00f3gica, lo que significa que centralmente se interesa por <\/span><i><span style=\"font-weight: 400;\">los aprendizajes y sus m\u00faltiples manifestaciones<\/span><\/i><span style=\"font-weight: 400;\">, desde una lectura amplia acerca de circunstancias, determinaciones y contextos que configuran a los pacientes y sus familias en estos procesos. Por lo tanto, los criterios cl\u00ednicos del abordaje, tal como los planteara Cerd\u00e1, se preocupan por dilucidar, frente a una consulta espec\u00edfica, los siguientes aspectos:<\/span><\/p>\n<p>&nbsp;<\/p>\n<ul>\n<li style=\"font-weight: 400;\" aria-level=\"1\"><span style=\"font-weight: 400;\">El despeje de determinaciones gen\u00e9ticas, neurol\u00f3gicas y neuropsicol\u00f3gicas que pueden incidir, tanto primaria como secundariamente, en relaci\u00f3n con la variedad sintom\u00e1tica que se presenta, as\u00ed como la evaluaci\u00f3n de las Funciones Cerebrales Superiores y el despliegue que el paciente puede realizar con ellas.<\/span><\/li>\n<li style=\"font-weight: 400;\" aria-level=\"1\"><span style=\"font-weight: 400;\">Una lectura lo m\u00e1s completa posible de la configuraci\u00f3n subjetiva que porta el paciente, incluyendo el an\u00e1lisis din\u00e1mico de su aparato ps\u00edquico.<\/span><\/li>\n<li style=\"font-weight: 400;\" aria-level=\"1\"><span style=\"font-weight: 400;\">La elucidaci\u00f3n de los imaginarios que atraviesan al conjunto familiar y\/o a la escuela, en relaci\u00f3n a la presunta situaci\u00f3n de conflicto.<\/span><\/li>\n<li style=\"font-weight: 400;\" aria-level=\"1\"><span style=\"font-weight: 400;\">Una direccionalidad en las intervenciones que posibilite la asunci\u00f3n de una escena problem\u00e1tica que pueda hallarse oculta, y al mismo tiempo una actitud alerta acerca de los fen\u00f3menos transferenciales que se ponen en juego en las y los profesionales del Servicio.<\/span><\/li>\n<\/ul>\n<p>&nbsp;<\/p>\n<p><span style=\"font-weight: 400;\">Es por todo lo desarrollado en este Proyecto y Programa Cl\u00ednico Institucional que Cerd\u00e1 sostiene que una<\/span><i><span style=\"font-weight: 400;\"> mirada cl\u00ednica<\/span><\/i><span style=\"font-weight: 400;\"> constituye \u201cuna mirada global acerca de un semejante que sufre y necesita, en primer lugar, un incremento de comprensi\u00f3n acerca de sus pr\u00e1cticas de s\u00ed y de su desarrollo neuropsicol\u00f3gico, fantasm\u00e1tico y social\u201d.<\/span><\/p>\n<p>&nbsp;<\/p>\n","protected":false},"excerpt":{"rendered":"<p>Estrategias de intervenci\u00f3n cl\u00ednica desde una psicopedagog\u00eda comunitaria\u00a0 &nbsp; El SAOP se propuso realizar el trabajo&#8230;<\/p>\n","protected":false},"author":8,"featured_media":13276,"parent":0,"menu_order":0,"comment_status":"closed","ping_status":"closed","template":"","meta":{"footnotes":""},"class_list":["post-13275","page","type-page","status-publish","has-post-thumbnail","hentry"],"_links":{"self":[{"href":"https:\/\/www.sociales.unlz.edu.ar\/index.php\/wp-json\/wp\/v2\/pages\/13275","targetHints":{"allow":["GET"]}}],"collection":[{"href":"https:\/\/www.sociales.unlz.edu.ar\/index.php\/wp-json\/wp\/v2\/pages"}],"about":[{"href":"https:\/\/www.sociales.unlz.edu.ar\/index.php\/wp-json\/wp\/v2\/types\/page"}],"author":[{"embeddable":true,"href":"https:\/\/www.sociales.unlz.edu.ar\/index.php\/wp-json\/wp\/v2\/users\/8"}],"replies":[{"embeddable":true,"href":"https:\/\/www.sociales.unlz.edu.ar\/index.php\/wp-json\/wp\/v2\/comments?post=13275"}],"version-history":[{"count":1,"href":"https:\/\/www.sociales.unlz.edu.ar\/index.php\/wp-json\/wp\/v2\/pages\/13275\/revisions"}],"predecessor-version":[{"id":13277,"href":"https:\/\/www.sociales.unlz.edu.ar\/index.php\/wp-json\/wp\/v2\/pages\/13275\/revisions\/13277"}],"wp:featuredmedia":[{"embeddable":true,"href":"https:\/\/www.sociales.unlz.edu.ar\/index.php\/wp-json\/wp\/v2\/media\/13276"}],"wp:attachment":[{"href":"https:\/\/www.sociales.unlz.edu.ar\/index.php\/wp-json\/wp\/v2\/media?parent=13275"}],"curies":[{"name":"wp","href":"https:\/\/api.w.org\/{rel}","templated":true}]}}

Estrategias de intervención clínica

<p style="text-align: center;"><b>Estrategias de intervención clínica desde una psicopedagogía comunitaria </b></p>
<p>&nbsp;</p>
<p><span style="font-weight: 400;">El SAOP se propuso realizar el trabajo de diseño de una teoría y una práctica de la prevención y atención psicopedagógica basadas, en primera instancia, en delimitar y esclarecer las problemáticas de consulta en torno a los aprendizajes, para posteriormente, establecer la posible pertinencia de diagnósticos y tratamientos, es decir, desarrollar una labor propiamente asistencial y de orientación, de carácter comunitario.</span></p>
<p>&nbsp;</p>
<p><span style="font-weight: 400;">Cuando se lleva a cabo un desempeño clínico en una institución pública, se hace necesario adoptar criterios que surjan de su condición de espacio no privado: una institución donde lo que se privilegia son los objetivos de inclusión, en este caso lo que en un sentido amplio puede denominarse </span><i><span style="font-weight: 400;">salud mental comunitaria</span></i><span style="font-weight: 400;">, y por lo tanto el ejercicio de una ética solidaria.</span></p>
<p>&nbsp;</p>
<p><span style="font-weight: 400;">Es por ello que el SAOP ha adoptado una perspectiva teórico-clínica que propicia un tipo de intervención psicopedagógica, y que se constituye entonces como eje central de la labor terapéutica: se trata de evitar las hegemonías teóricas, que suelen empobrecer la mirada sobre el campo que se pretende comprender, alejándose de prácticas obedientes a modelos teóricos eurocéntricos. </span></p>
<p>&nbsp;</p>
<p><span style="font-weight: 400;">En este sentido, se decidió asumir la idea de </span><i><span style="font-weight: 400;">dispositivo clínico</span></i><span style="font-weight: 400;"> como aquel “conjunto de presupuestos teóricos y clínicos con que el terapeuta se acerca al abordaje de los sujetos que consultan y que configuran un marco general de trabajo que generalmente puede hacerse explícito tanto al paciente como a sus familiares”, para trabajar con los diversos enfoques teóricos a modo de </span><i><span style="font-weight: 400;">caja de herramientas</span></i><span style="font-weight: 400;"> y no con un sistema de saber cerrado, que construye por ello miradas rígidas y unidimensionales. Es así que Cerdá sostiene que “intentar explicar los procesos del aprendizaje desde una teoría desdeñando las otras, sólo puede ser efecto de esa notable forma de ignorancia llamada soberbia”. </span></p>
<p>&nbsp;</p>
<p><span style="font-weight: 400;">De tal modo, se incorporaron a la formación y a la labor propiamente clínica saberes provenientes de las perspectivas constructivistas, las neurociencias, los estudios del lenguaje, la genética, el psicoanálisis y la neuropediatría, entre otras disciplinas. “Estos abordajes –sostiene Cerdá- vinieron a sumarse a una línea de trabajo que, con base en la teoría psicoanalítica, hace hincapié en la existencia de un sujeto hablante, emergente de un determinado entorno familiar que lo contextualiza en sus aspectos individuales, simbólicos y fantasmáticos. Desde este supuesto es que fueron construyéndose sucesivas y cada vez más precisas estrategias de abordaje clínico acerca de las dificultades de los aprendizajes”. </span></p>
<p>&nbsp;</p>
<p><span style="font-weight: 400;">Respecto de la multireferencialidad en torno a los saberes mencionados, es importante resaltar la advertencia planteada por Cerdá: “no se trata de importarlas acríticamente, sino de utilizar ciertos recortes de sus desarrollos que pueden resultar muy útiles en la tarea de comprender a un niño que puede padecer dificultades de variada índole, que se reflejan en sus dificultades”.</span></p>
<p><span style="font-weight: 400;">Es por ello que –puntualiza- que “cuando hacemos referencia al término </span><i><span style="font-weight: 400;">estrategias</span></i><span style="font-weight: 400;">, aludimos a una praxis caracterizada por su flexibilidad clínica, que lleva la marca de la teorización psicoanalítica como un punto de partida ineludible para comprender los fenómenos de significación, pero que no puede ser la única perspectiva con que intentar el abordaje del cúmulo de determinaciones, procesos y aristas que ofrecen los aprendizajes y sus eventuales disturbios”.</span></p>
<p>&nbsp;</p>
<p><span style="font-weight: 400;">“En todo caso –prosigue Cerdá- es necesario recordar que no se trata de aplicar sin más una determinada teoría que se presupone hegemónica, sin analizar sus invisibilidades, sus contradicciones y su narrativa. Por otra parte, es suficientemente claro que en el ámbito de la Psicopedagogía se está muy lejos de haber llegado a un consenso acerca de qué hablamos cuando nos referimos a la clínica y que tampoco existe una multiplicidad de concepciones teórico-clínicas, más o menos rigurosas”.</span></p>
<p><span style="font-weight: 400;">Es por ello que el SAOP puede y debe contribuir, desde una labor ética y teórica, a la configuración de una praxis comunitaria que contemple un marco conceptual interdisciplinario, que permita encaminarse hacia la elaboración de estrategias clínicas válidas en la consecución de una comprensión, lo más abarcadora e integral de los complejos procesos que constituyen los aprendizajes en niñas, niños y adolescentes.</span></p>
<p><span style="font-weight: 400;">Es por lo antedicho que resultó necesario desarrollar un ejercicio de intervención y reflexión clínicas desde una concepción interdisciplinaria posicionada en el paradigma de la complejidad “con el propósito –explica Cerdá- de evitar hegemonías teóricas oclusivas de la tarea a realizar. En este sentido, las diferentes formaciones disciplinares deben constituir una riqueza y no una dificultad. La utilización de un determinado andamiaje teórico, no puede consistir en el único recurso de quien lo ejerce debido a la ausencia de otras lecturas, sino en un abordaje válido, aunque no se constituya en omniexplicativo”.</span></p>
<p>&nbsp;</p>
<p><i><span style="font-weight: 400;"> </span></i><span style="font-weight: 400;">Por ello es que se desprende la necesidad de desplegar, tal como afirma Cerdá, “una multireferencialidad tanto teórica como operativa en la tarea clínica cotidiana, de tal modo que pudieran generarse diferentes miradas que permitiesen un abordaje múltiple, aunque no exento de complejidades. Las preguntas que necesariamente surgen de una actitud clínica como la propuesta por el SAOP, obliga a que constantemente se generen interrogantes múltiples acerca de cada paciente que se considera, así como de cada situación clínica que se nos presenta”.</span></p>
<p>&nbsp;</p>
<p><span style="font-weight: 400;">A partir de este posicionamiento es que “pudo construirse un espacio institucional que se convirtió en campo propicio para desarrollar producciones teóricas y clínicas”, plasmadas hoy en tres libros colectivos, el libro de Cerdá “</span><i><span style="font-weight: 400;">Avatares de los aprendizajes. Sus dimensiones y trastornos. Una perspectiva multidisciplinaria</span></i><span style="font-weight: 400;">”, así como varias investigaciones. Cerdá afirma que “la multireferencialidad se constituyó en la fuente de un estilo de abordaje de la problemática considerada, que nos permitió ejercer la suficiente flexibilidad teórico-clínica como para adoptar una perspectiva u otra, según lo aconsejaban las circunstancias”.</span></p>
<p>&nbsp;</p>
<p><span style="font-weight: 400;">Resulta necesario tener presente que esta intervención teórico-clínica se sitúa como psicopedagógica, lo que significa que centralmente se interesa por </span><i><span style="font-weight: 400;">los aprendizajes y sus múltiples manifestaciones</span></i><span style="font-weight: 400;">, desde una lectura amplia acerca de circunstancias, determinaciones y contextos que configuran a los pacientes y sus familias en estos procesos. Por lo tanto, los criterios clínicos del abordaje, tal como los planteara Cerdá, se preocupan por dilucidar, frente a una consulta específica, los siguientes aspectos:</span></p>
<p>&nbsp;</p>
<ul>
<li style="font-weight: 400;" aria-level="1"><span style="font-weight: 400;">El despeje de determinaciones genéticas, neurológicas y neuropsicológicas que pueden incidir, tanto primaria como secundariamente, en relación con la variedad sintomática que se presenta, así como la evaluación de las Funciones Cerebrales Superiores y el despliegue que el paciente puede realizar con ellas.</span></li>
<li style="font-weight: 400;" aria-level="1"><span style="font-weight: 400;">Una lectura lo más completa posible de la configuración subjetiva que porta el paciente, incluyendo el análisis dinámico de su aparato psíquico.</span></li>
<li style="font-weight: 400;" aria-level="1"><span style="font-weight: 400;">La elucidación de los imaginarios que atraviesan al conjunto familiar y/o a la escuela, en relación a la presunta situación de conflicto.</span></li>
<li style="font-weight: 400;" aria-level="1"><span style="font-weight: 400;">Una direccionalidad en las intervenciones que posibilite la asunción de una escena problemática que pueda hallarse oculta, y al mismo tiempo una actitud alerta acerca de los fenómenos transferenciales que se ponen en juego en las y los profesionales del Servicio.</span></li>
</ul>
<p>&nbsp;</p>
<p><span style="font-weight: 400;">Es por todo lo desarrollado en este Proyecto y Programa Clínico Institucional que Cerdá sostiene que una</span><i><span style="font-weight: 400;"> mirada clínica</span></i><span style="font-weight: 400;"> constituye “una mirada global acerca de un semejante que sufre y necesita, en primer lugar, un incremento de comprensión acerca de sus prácticas de sí y de su desarrollo neuropsicológico, fantasmático y social”.</span></p>
<p>&nbsp;</p>

<p>Estrategias de intervención clínica desde una psicopedagogía comunitaria  &nbsp; El SAOP se propuso realizar el trabajo&#8230;</p>
