{"id":13265,"date":"2021-04-28T14:29:13","date_gmt":"2021-04-28T17:29:13","guid":{"rendered":"https:\/\/www.sociales.unlz.edu.ar\/?page_id=13265"},"modified":"2021-04-28T14:29:13","modified_gmt":"2021-04-28T17:29:13","slug":"necesidad-de-la-existencia-del-saop","status":"publish","type":"page","link":"https:\/\/www.sociales.unlz.edu.ar\/index.php\/necesidad-de-la-existencia-del-saop\/","title":{"rendered":"Necesidad de la existencia del SAOP"},"content":{"rendered":"<p style=\"text-align: center;\"><b>Necesidad de la existencia del SAOP. Fundamentos<\/b><\/p>\n<p><span style=\"font-weight: 400;\">A partir de los primeros diagn\u00f3sticos exploratorios de car\u00e1cter cualitativo llevados a cabo desde la d\u00e9cada de 1990, el Servicio pretendi\u00f3 analizar desde un a\u00f1o antes de su fundaci\u00f3n y luego de forma peri\u00f3dica durante estos 23 a\u00f1os de existencia, diversas dimensiones en relaci\u00f3n con el tipo de trabajo cl\u00ednico psicopedag\u00f3gico institucional que se lleva adelante:<\/span><\/p>\n<p>&nbsp;<\/p>\n<ol>\n<li><span style=\"font-weight: 400;\"> Caracterizaci\u00f3n y abordaje de las problem\u00e1ticas que afectan a las poblaciones en situaci\u00f3n de riesgo a trav\u00e9s de situaciones concretas, en nuestro caso, contribuir a dise\u00f1ar estrategias cl\u00ednicas que facilitasen la asistencia y orientaci\u00f3n a ni\u00f1as, ni\u00f1os y adolescentes conjuntamente con su entorno familiar, en relaci\u00f3n a las dificultades en sus aprendizajes, tanto aquellos producidos en la instituci\u00f3n escolar, como los suscitados en la vida cotidiana, por citar escenas sociales protot\u00edpicas.<\/span><\/li>\n<\/ol>\n<p>&nbsp;<\/p>\n<ol start=\"2\">\n<li><span style=\"font-weight: 400;\"> Inserci\u00f3n creciente en el proceso de formaci\u00f3n\/capacitaci\u00f3n\/actualizaci\u00f3n de les egresades de la carrera de psicopedagog\u00eda de la Facultad de Ciencias Sociales. Los diagn\u00f3sticos realizados permiten analizar cr\u00edticamente la propia actividad institucional y acad\u00e9mica, en t\u00e9rminos de los materiales te\u00f3ricos y metodol\u00f3gicos desde los que puedan dise\u00f1arse nuevas pr\u00e1cticas cl\u00ednicas y la pertinencia de desarrollar materiales te\u00f3ricos y metodol\u00f3gicos innovadores.<\/span><\/li>\n<\/ol>\n<p>&nbsp;<\/p>\n<ol start=\"3\">\n<li><span style=\"font-weight: 400;\"> Estimulaci\u00f3n de la colaboraci\u00f3n entre investigadores y docentes de la Facultad de las carreras de Psicopedagog\u00eda, Ciencias de la Educaci\u00f3n, Trabajo Social y Minoridad y Familia, as\u00ed como con los diversos actores del sistema educativo, as\u00ed como tambi\u00e9n la pr\u00e1ctica interdisciplinaria.<\/span><\/li>\n<\/ol>\n<p>&nbsp;<\/p>\n<ol start=\"4\">\n<li><span style=\"font-weight: 400;\"> Proporcionar y generar modos de an\u00e1lisis de las propias pr\u00e1cticas cl\u00ednicas y, especialmente, de los materiales diagn\u00f3sticos y de tratamiento que utilizan les profesionales de la cl\u00ednica psicopedag\u00f3gica.<\/span><\/li>\n<\/ol>\n<p>&nbsp;<\/p>\n<p><span style=\"font-weight: 400;\">Se llevan a cabo, por tanto, procesos de diagn\u00f3stico-acci\u00f3n participativos, donde les profesionales intervienen en su configuraci\u00f3n e interpretaci\u00f3n de los indicadores cl\u00ednicos. De esta manera, el diagn\u00f3stico-acci\u00f3n impacta en los propios involucrados en el Proyecto SAOP, tanto destinatarios como profesionales, abriendo espacios para interrogar las pr\u00e1cticas cl\u00ednicas instituidas y la necesidad de instaurar otras, acordes a las realidades cambiantes de las zonas de influencia del conurbano bonaerense.<\/span><\/p>\n<p>&nbsp;<\/p>\n<p><span style=\"font-weight: 400;\">Este tipo de diagn\u00f3stico cl\u00ednico constituye una forma de investigaci\u00f3n sociocomunitaria a la que pueden asignarse los siguientes rasgos:\u00a0<\/span><\/p>\n<p>&nbsp;<\/p>\n<ol>\n<li style=\"font-weight: 400;\" aria-level=\"1\"><span style=\"font-weight: 400;\">se concede importancia a la naturaleza sociocognitiva al complejo fen\u00f3meno de los aprendizajes, m\u00e1s que al hecho de formular una hip\u00f3tesis restringida a los sujetos como causa respecto de las problem\u00e1ticas en torno a sus aprendizajes;\u00a0<\/span><\/li>\n<li style=\"font-weight: 400;\" aria-level=\"1\"><span style=\"font-weight: 400;\">se plantea la necesidad de trabajar con datos no estructurados, en t\u00e9rminos de indicadores cl\u00ednicos; esto es, indicadores que no sean codificados de acuerdo con un sistema de categorizaci\u00f3n o clasificaci\u00f3n cerrado y propuesto con anterioridad;\u00a0<\/span><\/li>\n<li style=\"font-weight: 400;\" aria-level=\"1\"><span style=\"font-weight: 400;\">se investiga cl\u00ednicamente un n\u00famero relativamente limitado de casos, pero representativo y con profundidad, a fin de caracterizar rasgos de las infancias y adolescencias del conurbano sur;\u00a0<\/span><\/li>\n<li style=\"font-weight: 400;\" aria-level=\"1\"><span style=\"font-weight: 400;\">supone una interpretaci\u00f3n expl\u00edcita del significado y funciones de las acciones de los sujetos en contextos de aprendizajes, donde el producto del diagn\u00f3stico tome la forma de descripciones, explicaciones e interpretaciones, en las que la cuantificaci\u00f3n y el an\u00e1lisis estad\u00edstico desempe\u00f1an un papel subordinado al car\u00e1cter cualitativo del fen\u00f3meno estudiado en su complejidad.<\/span><\/li>\n<\/ol>\n<p><span style=\"font-weight: 400;\">El prop\u00f3sito de este diagn\u00f3stico-acci\u00f3n fue llegar a obtener una perspectiva de ni\u00f1as, ni\u00f1os y adolescentes, quienes pertenecen a las diversidades culturales que se han investigado, es por ello que resulta m\u00e1s adecuado referirse a <\/span><i><span style=\"font-weight: 400;\">participantes<\/span><\/i><span style=\"font-weight: 400;\"> que a poblaci\u00f3n y muestra.\u00a0<\/span><\/p>\n<p>&nbsp;<\/p>\n<p><span style=\"font-weight: 400;\">El dispositivo de diagn\u00f3stico atiende dos requisitos:<\/span><\/p>\n<ol>\n<li><span style=\"font-weight: 400;\"> Involucrar a les actores institucionales en calidad de participantes del mismo.<\/span><\/li>\n<li><span style=\"font-weight: 400;\"> Garantizar a trav\u00e9s de los equipos de profesionales integrantes de los once m\u00f3dulos de trabajo el seguimiento espec\u00edfico y eventual reformulaci\u00f3n del diagn\u00f3stico cl\u00ednico.<\/span><\/li>\n<\/ol>\n<p>&nbsp;<\/p>\n<p><span style=\"font-weight: 400;\">Uno de los prop\u00f3sitos del diagn\u00f3stico-acci\u00f3n en relaci\u00f3n con les profesionales, fue determinar el grado de implicaci\u00f3n en las actividades que suponen el an\u00e1lisis de la propia pr\u00e1ctica especializada, todo ello ligado a un proceso de formaci\u00f3n y desarrollo profesional.\u00a0<\/span><\/p>\n","protected":false},"excerpt":{"rendered":"<p>Necesidad de la existencia del SAOP. Fundamentos A partir de los primeros diagn\u00f3sticos exploratorios de car\u00e1cter&#8230;<\/p>\n","protected":false},"author":8,"featured_media":13267,"parent":0,"menu_order":0,"comment_status":"closed","ping_status":"closed","template":"","meta":{"footnotes":""},"class_list":["post-13265","page","type-page","status-publish","has-post-thumbnail","hentry"],"_links":{"self":[{"href":"https:\/\/www.sociales.unlz.edu.ar\/index.php\/wp-json\/wp\/v2\/pages\/13265","targetHints":{"allow":["GET"]}}],"collection":[{"href":"https:\/\/www.sociales.unlz.edu.ar\/index.php\/wp-json\/wp\/v2\/pages"}],"about":[{"href":"https:\/\/www.sociales.unlz.edu.ar\/index.php\/wp-json\/wp\/v2\/types\/page"}],"author":[{"embeddable":true,"href":"https:\/\/www.sociales.unlz.edu.ar\/index.php\/wp-json\/wp\/v2\/users\/8"}],"replies":[{"embeddable":true,"href":"https:\/\/www.sociales.unlz.edu.ar\/index.php\/wp-json\/wp\/v2\/comments?post=13265"}],"version-history":[{"count":1,"href":"https:\/\/www.sociales.unlz.edu.ar\/index.php\/wp-json\/wp\/v2\/pages\/13265\/revisions"}],"predecessor-version":[{"id":13266,"href":"https:\/\/www.sociales.unlz.edu.ar\/index.php\/wp-json\/wp\/v2\/pages\/13265\/revisions\/13266"}],"wp:featuredmedia":[{"embeddable":true,"href":"https:\/\/www.sociales.unlz.edu.ar\/index.php\/wp-json\/wp\/v2\/media\/13267"}],"wp:attachment":[{"href":"https:\/\/www.sociales.unlz.edu.ar\/index.php\/wp-json\/wp\/v2\/media?parent=13265"}],"curies":[{"name":"wp","href":"https:\/\/api.w.org\/{rel}","templated":true}]}}

<p style="text-align: center;"><b>Necesidad de la existencia del SAOP. Fundamentos</b></p>
<p><span style="font-weight: 400;">A partir de los primeros diagnósticos exploratorios de carácter cualitativo llevados a cabo desde la década de 1990, el Servicio pretendió analizar desde un año antes de su fundación y luego de forma periódica durante estos 23 años de existencia, diversas dimensiones en relación con el tipo de trabajo clínico psicopedagógico institucional que se lleva adelante:</span></p>
<p>&nbsp;</p>
<ol>
<li><span style="font-weight: 400;"> Caracterización y abordaje de las problemáticas que afectan a las poblaciones en situación de riesgo a través de situaciones concretas, en nuestro caso, contribuir a diseñar estrategias clínicas que facilitasen la asistencia y orientación a niñas, niños y adolescentes conjuntamente con su entorno familiar, en relación a las dificultades en sus aprendizajes, tanto aquellos producidos en la institución escolar, como los suscitados en la vida cotidiana, por citar escenas sociales prototípicas.</span></li>
</ol>
<p>&nbsp;</p>
<ol start="2">
<li><span style="font-weight: 400;"> Inserción creciente en el proceso de formación/capacitación/actualización de les egresades de la carrera de psicopedagogía de la Facultad de Ciencias Sociales. Los diagnósticos realizados permiten analizar críticamente la propia actividad institucional y académica, en términos de los materiales teóricos y metodológicos desde los que puedan diseñarse nuevas prácticas clínicas y la pertinencia de desarrollar materiales teóricos y metodológicos innovadores.</span></li>
</ol>
<p>&nbsp;</p>
<ol start="3">
<li><span style="font-weight: 400;"> Estimulación de la colaboración entre investigadores y docentes de la Facultad de las carreras de Psicopedagogía, Ciencias de la Educación, Trabajo Social y Minoridad y Familia, así como con los diversos actores del sistema educativo, así como también la práctica interdisciplinaria.</span></li>
</ol>
<p>&nbsp;</p>
<ol start="4">
<li><span style="font-weight: 400;"> Proporcionar y generar modos de análisis de las propias prácticas clínicas y, especialmente, de los materiales diagnósticos y de tratamiento que utilizan les profesionales de la clínica psicopedagógica.</span></li>
</ol>
<p>&nbsp;</p>
<p><span style="font-weight: 400;">Se llevan a cabo, por tanto, procesos de diagnóstico-acción participativos, donde les profesionales intervienen en su configuración e interpretación de los indicadores clínicos. De esta manera, el diagnóstico-acción impacta en los propios involucrados en el Proyecto SAOP, tanto destinatarios como profesionales, abriendo espacios para interrogar las prácticas clínicas instituidas y la necesidad de instaurar otras, acordes a las realidades cambiantes de las zonas de influencia del conurbano bonaerense.</span></p>
<p>&nbsp;</p>
<p><span style="font-weight: 400;">Este tipo de diagnóstico clínico constituye una forma de investigación sociocomunitaria a la que pueden asignarse los siguientes rasgos: </span></p>
<p>&nbsp;</p>
<ol>
<li style="font-weight: 400;" aria-level="1"><span style="font-weight: 400;">se concede importancia a la naturaleza sociocognitiva al complejo fenómeno de los aprendizajes, más que al hecho de formular una hipótesis restringida a los sujetos como causa respecto de las problemáticas en torno a sus aprendizajes; </span></li>
<li style="font-weight: 400;" aria-level="1"><span style="font-weight: 400;">se plantea la necesidad de trabajar con datos no estructurados, en términos de indicadores clínicos; esto es, indicadores que no sean codificados de acuerdo con un sistema de categorización o clasificación cerrado y propuesto con anterioridad; </span></li>
<li style="font-weight: 400;" aria-level="1"><span style="font-weight: 400;">se investiga clínicamente un número relativamente limitado de casos, pero representativo y con profundidad, a fin de caracterizar rasgos de las infancias y adolescencias del conurbano sur; </span></li>
<li style="font-weight: 400;" aria-level="1"><span style="font-weight: 400;">supone una interpretación explícita del significado y funciones de las acciones de los sujetos en contextos de aprendizajes, donde el producto del diagnóstico tome la forma de descripciones, explicaciones e interpretaciones, en las que la cuantificación y el análisis estadístico desempeñan un papel subordinado al carácter cualitativo del fenómeno estudiado en su complejidad.</span></li>
</ol>
<p><span style="font-weight: 400;">El propósito de este diagnóstico-acción fue llegar a obtener una perspectiva de niñas, niños y adolescentes, quienes pertenecen a las diversidades culturales que se han investigado, es por ello que resulta más adecuado referirse a </span><i><span style="font-weight: 400;">participantes</span></i><span style="font-weight: 400;"> que a población y muestra. </span></p>
<p>&nbsp;</p>
<p><span style="font-weight: 400;">El dispositivo de diagnóstico atiende dos requisitos:</span></p>
<ol>
<li><span style="font-weight: 400;"> Involucrar a les actores institucionales en calidad de participantes del mismo.</span></li>
<li><span style="font-weight: 400;"> Garantizar a través de los equipos de profesionales integrantes de los once módulos de trabajo el seguimiento específico y eventual reformulación del diagnóstico clínico.</span></li>
</ol>
<p>&nbsp;</p>
<p><span style="font-weight: 400;">Uno de los propósitos del diagnóstico-acción en relación con les profesionales, fue determinar el grado de implicación en las actividades que suponen el análisis de la propia práctica especializada, todo ello ligado a un proceso de formación y desarrollo profesional. </span></p>

<p>Necesidad de la existencia del SAOP. Fundamentos A partir de los primeros diagnósticos exploratorios de carácter&#8230;</p>
