{"id":13252,"date":"2021-04-28T14:18:31","date_gmt":"2021-04-28T17:18:31","guid":{"rendered":"https:\/\/www.sociales.unlz.edu.ar\/?page_id=13252"},"modified":"2021-04-28T14:18:31","modified_gmt":"2021-04-28T17:18:31","slug":"objetivos-generales-del-saop","status":"publish","type":"page","link":"https:\/\/www.sociales.unlz.edu.ar\/index.php\/objetivos-generales-del-saop\/","title":{"rendered":"Objetivos generales del SAOP"},"content":{"rendered":"<p>&nbsp;<\/p>\n<p><strong><i>En cuanto al servicio comunitario:<\/i><\/strong><\/p>\n<p>&nbsp;<\/p>\n<ul>\n<li style=\"font-weight: 400;\" aria-level=\"1\"><span style=\"font-weight: 400;\">Lograr que la comunidad aleda\u00f1a a la Universidad de Lomas de Zamora cuente con un Servicio comunitario gratuito que pueda atender y resolver las eventuales dificultades educativas y de aprendizajes en ni\u00f1as, ni\u00f1os y adolescentes que en ella viven.<\/span><\/li>\n<li style=\"font-weight: 400;\" aria-level=\"1\"><span style=\"font-weight: 400;\">Procurar que los ni\u00f1as, ni\u00f1os y adolescentes que concurren al SAOP con motivo de diversas dificultades en los aprendizajes, encuentren un espacio de calidad profesional, respeto y contenci\u00f3n.<\/span><\/li>\n<li style=\"font-weight: 400;\" aria-level=\"1\"><span style=\"font-weight: 400;\">Poner en pr\u00e1ctica un conjunto de procedimientos cl\u00ednicos de asesoramiento a madres, padres y tutores en relaci\u00f3n a las diferentes circunstancias que rodean el crecimiento y el aprendizaje de sus hijas e hijos.<\/span><\/li>\n<li style=\"font-weight: 400;\" aria-level=\"1\"><span style=\"font-weight: 400;\">Procurar asesoramiento y orientaci\u00f3n a los establecimientos educativos de las zonas de influencia que as\u00ed lo requieran, en lo referente a dificultades y problem\u00e1ticas vinculadas a los aprendizajes de ni\u00f1as, ni\u00f1os y adolescentes.<\/span><\/li>\n<li style=\"font-weight: 400;\" aria-level=\"1\"><span style=\"font-weight: 400;\">Constituirse en un centro de consulta \u00fatil para instituciones educativas y hospitalarias, diversos centros de atenci\u00f3n, sociedades de fomento y organizaciones de la comunidad en relaci\u00f3n a todas aquellas inquietudes que hacen a los aprendizajes de ni\u00f1as, ni\u00f1os y adolescentes.\u00a0<\/span><\/li>\n<\/ul>\n<p>&nbsp;<\/p>\n<p><strong><i>En relaci\u00f3n a los estudiantes y profesionales tanto j\u00f3venes como experimentados que integren el SAOP:\u00a0<\/i><\/strong><\/p>\n<ul>\n<li><span style=\"font-weight: 400;\">Que les egresades j\u00f3venes y los profesionales cursantes de la carrera de psicopedagog\u00eda puedan realizar sus primeros pasos en la profesi\u00f3n elegida.<\/span><\/li>\n<li><span style=\"font-weight: 400;\">Que les profesionales puedan integrar los conocimientos te\u00f3ricos adquiridos en el transcurso de su carrera de grado y logren realizar s\u00edntesis apropiadas para desempe\u00f1arse con eficacia en sus procederes cl\u00ednicos.<\/span><\/li>\n<li><span style=\"font-weight: 400;\">Que egresades recientes y profesionales experimentades puedan encontrar un sitio de perfeccionamiento y actualizaci\u00f3n te\u00f3rica y pr\u00e1ctica, as\u00ed como contribuir al desarrollo del Servicio con sus saberes en diversos campos de la cl\u00ednica y otros, vinculados al ejercicio de su profesi\u00f3n cl\u00ednica.\u00a0 <\/span><\/li>\n<\/ul>\n<p>&nbsp;<\/p>\n","protected":false},"excerpt":{"rendered":"<p>En cuanto al servicio comunitario: &nbsp; Lograr que la comunidad aleda\u00f1a a la Universidad de&#8230;<\/p>\n","protected":false},"author":8,"featured_media":13261,"parent":0,"menu_order":0,"comment_status":"closed","ping_status":"closed","template":"","meta":{"footnotes":""},"class_list":["post-13252","page","type-page","status-publish","has-post-thumbnail","hentry"],"_links":{"self":[{"href":"https:\/\/www.sociales.unlz.edu.ar\/index.php\/wp-json\/wp\/v2\/pages\/13252","targetHints":{"allow":["GET"]}}],"collection":[{"href":"https:\/\/www.sociales.unlz.edu.ar\/index.php\/wp-json\/wp\/v2\/pages"}],"about":[{"href":"https:\/\/www.sociales.unlz.edu.ar\/index.php\/wp-json\/wp\/v2\/types\/page"}],"author":[{"embeddable":true,"href":"https:\/\/www.sociales.unlz.edu.ar\/index.php\/wp-json\/wp\/v2\/users\/8"}],"replies":[{"embeddable":true,"href":"https:\/\/www.sociales.unlz.edu.ar\/index.php\/wp-json\/wp\/v2\/comments?post=13252"}],"version-history":[{"count":5,"href":"https:\/\/www.sociales.unlz.edu.ar\/index.php\/wp-json\/wp\/v2\/pages\/13252\/revisions"}],"predecessor-version":[{"id":13257,"href":"https:\/\/www.sociales.unlz.edu.ar\/index.php\/wp-json\/wp\/v2\/pages\/13252\/revisions\/13257"}],"wp:featuredmedia":[{"embeddable":true,"href":"https:\/\/www.sociales.unlz.edu.ar\/index.php\/wp-json\/wp\/v2\/media\/13261"}],"wp:attachment":[{"href":"https:\/\/www.sociales.unlz.edu.ar\/index.php\/wp-json\/wp\/v2\/media?parent=13252"}],"curies":[{"name":"wp","href":"https:\/\/api.w.org\/{rel}","templated":true}]}}