{"id":12900,"date":"2021-03-03T10:31:25","date_gmt":"2021-03-03T13:31:25","guid":{"rendered":"https:\/\/www.sociales.unlz.edu.ar\/?page_id=12900"},"modified":"2021-03-23T19:22:14","modified_gmt":"2021-03-23T22:22:14","slug":"primer-cuatrimestre-ingresantes","status":"publish","type":"page","link":"https:\/\/www.sociales.unlz.edu.ar\/index.php\/primer-cuatrimestre-ingresantes\/","title":{"rendered":"Inscripci\u00f3n a Materias Primer Cuatrimestre Ingreso 2021"},"content":{"rendered":"<p>[vc_row][vc_column][vc_column_text]<\/p>\n<h2>Inscripci\u00f3n a materias del Primer Cuatrimestre:\u00a0Del 25 de marzo a las 8 hs. al 26 de marzo a las 20 hs a trav\u00e9s de Siu Guaran\u00ed.<\/h2>\n<h4><i>Las inscripciones se realizan a trav\u00e9s del sistema Siu Guaran\u00ed. Si todav\u00eda no ten\u00e9s usuario, segu\u00ed el instructivo.<\/i><\/h4>\n<p>[\/vc_column_text]<div class=\"\"><a  id=\"btn-69e9eb044ceda\" class=\"btn btn-filled    btn-sm-sm\" href= \"https:\/\/www.sociales.unlz.edu.ar\/index.php\/ingreso-2021-apertura-de-materias\/\" target=\"_self\" >APERTURA DE MATERIAS <\/a><\/div><div class=\"\"><a  id=\"btn-69e9eb044cf0d\" class=\"btn btn-filled    btn-sm-sm\" href= \"https:\/\/www.sociales.unlz.edu.ar\/index.php\/2020\/03\/13\/instructivo-2020\/\" target=\"_self\" >Instructivo Siu Guaran\u00ed<\/a><\/div><div class=\"\"><a  id=\"btn-69e9eb044cf33\" class=\"btn btn-filled    btn-sm-sm\" href= \"https:\/\/drive.google.com\/file\/d\/1l401qOIS-KJJ37VcDSuWkF0askDPMM7i\/view\" target=\"_self\" >VER PADR\u00d3N DEFINITIVO<\/a><\/div>[\/vc_column][\/vc_row]<\/p>\n","protected":false},"excerpt":{"rendered":"<p>[vc_row][vc_column][vc_column_text] Inscripci\u00f3n a materias del Primer Cuatrimestre:\u00a0Del 25 de marzo a las 8 hs. al 26&#8230;<\/p>\n","protected":false},"author":8,"featured_media":11699,"parent":0,"menu_order":0,"comment_status":"closed","ping_status":"closed","template":"","meta":{"footnotes":""},"class_list":["post-12900","page","type-page","status-publish","has-post-thumbnail","hentry"],"_links":{"self":[{"href":"https:\/\/www.sociales.unlz.edu.ar\/index.php\/wp-json\/wp\/v2\/pages\/12900","targetHints":{"allow":["GET"]}}],"collection":[{"href":"https:\/\/www.sociales.unlz.edu.ar\/index.php\/wp-json\/wp\/v2\/pages"}],"about":[{"href":"https:\/\/www.sociales.unlz.edu.ar\/index.php\/wp-json\/wp\/v2\/types\/page"}],"author":[{"embeddable":true,"href":"https:\/\/www.sociales.unlz.edu.ar\/index.php\/wp-json\/wp\/v2\/users\/8"}],"replies":[{"embeddable":true,"href":"https:\/\/www.sociales.unlz.edu.ar\/index.php\/wp-json\/wp\/v2\/comments?post=12900"}],"version-history":[{"count":7,"href":"https:\/\/www.sociales.unlz.edu.ar\/index.php\/wp-json\/wp\/v2\/pages\/12900\/revisions"}],"predecessor-version":[{"id":13065,"href":"https:\/\/www.sociales.unlz.edu.ar\/index.php\/wp-json\/wp\/v2\/pages\/12900\/revisions\/13065"}],"wp:featuredmedia":[{"embeddable":true,"href":"https:\/\/www.sociales.unlz.edu.ar\/index.php\/wp-json\/wp\/v2\/media\/11699"}],"wp:attachment":[{"href":"https:\/\/www.sociales.unlz.edu.ar\/index.php\/wp-json\/wp\/v2\/media?parent=12900"}],"curies":[{"name":"wp","href":"https:\/\/api.w.org\/{rel}","templated":true}]}}