{"id":12581,"date":"2020-12-11T11:27:48","date_gmt":"2020-12-11T14:27:48","guid":{"rendered":"https:\/\/www.sociales.unlz.edu.ar\/?page_id=12581"},"modified":"2022-11-11T11:16:05","modified_gmt":"2022-11-11T14:16:05","slug":"plan-de-estudios-maestria-en-comunicacion","status":"publish","type":"page","link":"https:\/\/www.sociales.unlz.edu.ar\/index.php\/plan-de-estudios-maestria-en-comunicacion\/","title":{"rendered":"Plan de estudios (Maestr\u00eda en Comunicaci\u00f3n)"},"content":{"rendered":"<p><span style=\"font-weight: 400;\">El T\u00edtulo de Mag\u00edster en Comunicaci\u00f3n se alcanza con la aprobaci\u00f3n de 18 seminarios\/talleres y la presentaci\u00f3n y aprobaci\u00f3n de un Trabajo Final de car\u00e1cter individual.\u00a0\u00a0<\/span><\/p>\n<p><span style=\"font-weight: 400;\">El plan de estudios se encuentra organizado en base a una estructura de seis trimestres de cursada. En cada trimestre se cursan 3 seminarios de 8 encuentros cada uno.<\/span><\/p>\n<p>&nbsp;<\/p>\n<table>\n<tbody>\n<tr>\n<td><strong><i>1\u00b0 a\u00f1o<\/i><\/strong><\/td>\n<\/tr>\n<tr>\n<td><span style=\"font-weight: 400;\">Teor\u00edas de la comunicaci\u00f3n humana<\/span><\/td>\n<\/tr>\n<tr>\n<td><span style=\"font-weight: 400;\">Prensa y publicidad institucional<\/span><\/td>\n<\/tr>\n<tr>\n<td><span style=\"font-weight: 400;\">Comunicaci\u00f3n y marketing<\/span><\/td>\n<\/tr>\n<tr>\n<td><span style=\"font-weight: 400;\">Comunicaci\u00f3n y tecnolog\u00eda<\/span><\/td>\n<\/tr>\n<tr>\n<td><span style=\"font-weight: 400;\">Comunicaci\u00f3n interna<\/span><\/td>\n<\/tr>\n<tr>\n<td><span style=\"font-weight: 400;\">Comunicaci\u00f3n pol\u00edtica<\/span><\/td>\n<\/tr>\n<tr>\n<td><span style=\"font-weight: 400;\">Imagen p\u00fablica e institucional<\/span><\/td>\n<\/tr>\n<tr>\n<td><span style=\"font-weight: 400;\">Asuntos p\u00fablicos y comunicaci\u00f3n de crisis<\/span><\/td>\n<\/tr>\n<tr>\n<td><span style=\"font-weight: 400;\">Gesti\u00f3n estrat\u00e9gica de las comunicaciones<\/span><\/td>\n<\/tr>\n<\/tbody>\n<\/table>\n<p>Las asignaturas del 1\u00b0 a\u00f1o corresponden a la <a href=\"https:\/\/www.sociales.unlz.edu.ar\/index.php\/especializacion-en-gestion-de-las-comunicaciones-2\/\">Especializaci\u00f3n en Gesti\u00f3n de las Comunicaciones<\/a>.<\/p>\n<table>\n<tbody>\n<tr>\n<td><strong><i>2\u00b0 a\u00f1o<\/i><\/strong><\/td>\n<\/tr>\n<tr>\n<td><span style=\"font-weight: 400;\">Econom\u00eda pol\u00edtica de la informaci\u00f3n y las comunicaciones<\/span><\/td>\n<\/tr>\n<tr>\n<td><span style=\"font-weight: 400;\">Comunicaci\u00f3n, cultura y sociedad<\/span><\/td>\n<\/tr>\n<tr>\n<td><span style=\"font-weight: 400;\">Taller de Trabajo Final I<\/span><\/td>\n<\/tr>\n<tr>\n<td><span style=\"font-weight: 400;\">Comunicaci\u00f3n de masas<\/span><\/td>\n<\/tr>\n<tr>\n<td><span style=\"font-weight: 400;\">Derecho de la informaci\u00f3n y la comunicaci\u00f3n<\/span><\/td>\n<\/tr>\n<tr>\n<td><span style=\"font-weight: 400;\">Taller de Trabajo Final II<\/span><\/td>\n<\/tr>\n<tr>\n<td><span style=\"font-weight: 400;\">Comunicaci\u00f3n, pol\u00edticas p\u00fablicas y desarrollo<\/span><\/td>\n<\/tr>\n<tr>\n<td><span style=\"font-weight: 400;\">Seminario Optativo\u00a0<\/span><\/td>\n<\/tr>\n<tr>\n<td><span style=\"font-weight: 400;\">Taller de Trabajo Final III<\/span><\/td>\n<\/tr>\n<\/tbody>\n<\/table>\n<p>&nbsp;<\/p>\n","protected":false},"excerpt":{"rendered":"<p>El T\u00edtulo de Mag\u00edster en Comunicaci\u00f3n se alcanza con la aprobaci\u00f3n de 18 seminarios\/talleres y la&#8230;<\/p>\n","protected":false},"author":5,"featured_media":7665,"parent":0,"menu_order":0,"comment_status":"closed","ping_status":"closed","template":"","meta":{"footnotes":""},"class_list":["post-12581","page","type-page","status-publish","has-post-thumbnail","hentry"],"_links":{"self":[{"href":"https:\/\/www.sociales.unlz.edu.ar\/index.php\/wp-json\/wp\/v2\/pages\/12581","targetHints":{"allow":["GET"]}}],"collection":[{"href":"https:\/\/www.sociales.unlz.edu.ar\/index.php\/wp-json\/wp\/v2\/pages"}],"about":[{"href":"https:\/\/www.sociales.unlz.edu.ar\/index.php\/wp-json\/wp\/v2\/types\/page"}],"author":[{"embeddable":true,"href":"https:\/\/www.sociales.unlz.edu.ar\/index.php\/wp-json\/wp\/v2\/users\/5"}],"replies":[{"embeddable":true,"href":"https:\/\/www.sociales.unlz.edu.ar\/index.php\/wp-json\/wp\/v2\/comments?post=12581"}],"version-history":[{"count":4,"href":"https:\/\/www.sociales.unlz.edu.ar\/index.php\/wp-json\/wp\/v2\/pages\/12581\/revisions"}],"predecessor-version":[{"id":17714,"href":"https:\/\/www.sociales.unlz.edu.ar\/index.php\/wp-json\/wp\/v2\/pages\/12581\/revisions\/17714"}],"wp:featuredmedia":[{"embeddable":true,"href":"https:\/\/www.sociales.unlz.edu.ar\/index.php\/wp-json\/wp\/v2\/media\/7665"}],"wp:attachment":[{"href":"https:\/\/www.sociales.unlz.edu.ar\/index.php\/wp-json\/wp\/v2\/media?parent=12581"}],"curies":[{"name":"wp","href":"https:\/\/api.w.org\/{rel}","templated":true}]}}