{"id":12312,"date":"2020-11-04T15:34:03","date_gmt":"2020-11-04T18:34:03","guid":{"rendered":"https:\/\/www.sociales.unlz.edu.ar\/?page_id=12312"},"modified":"2023-04-03T12:30:20","modified_gmt":"2023-04-03T15:30:20","slug":"inicio-de-tramite-de-titulo-online","status":"publish","type":"page","link":"https:\/\/www.sociales.unlz.edu.ar\/index.php\/inicio-de-tramite-de-titulo-online\/","title":{"rendered":"Inicio de Tr\u00e1mite de T\u00edtulo Online"},"content":{"rendered":"<p>[vc_row][vc_column][vc_column_text]<em>La Facultad habilit\u00f3 la posibilidad de iniciar el tr\u00e1mite de t\u00edtulo de manera virtual. <\/em>Quienes lo requieran deber\u00e1n ingresar al link correspondiente a la carrera y completar un formulario digital con la informaci\u00f3n solicitada.<\/p>\n<p>Por otra parte, quienes hayan cursado materias con el plan de estudios anterior a 2011 deber\u00e1n buscar el nombre de la materia equivalente, en el caso de encontrarse con asignaturas con una denominaci\u00f3n distinta en la plantilla dispuesta para el mencionado tr\u00e1mite. Esa informaci\u00f3n la encontrar\u00e1n en el link \u201cEQUIVALENCIAS POR CAMBIO DE PLAN\u201d.<\/p>\n<p>Por \u00faltimo, en este espacio encontrar\u00e1n una secci\u00f3n de preguntas frecuentes en la que podr\u00e1n evacuar dudas. Solicitamos leerlas con atenci\u00f3n antes de hacer efectiva una consulta.[\/vc_column_text]<div class=\"\"><a  id=\"btn-69dee07128ce0\" class=\"btn btn-filled btn-dark  ti-angle-double-right  btn-sm-sm\" href= \"https:\/\/www.sociales.unlz.edu.ar\/wp-content\/uploads\/2020\/11\/Anexo_Equivalencias.pdf\" target=\"_self\" >Equivalencias por cambio de plan<\/a><\/div>[vc_column_text]<\/p>\n<h3><strong>Formularios por carreras<\/strong><\/h3>\n<p>[\/vc_column_text]<div class=\"\"><a  id=\"btn-69dee07128d10\" class=\"btn btn-filled  ti-arrow-right  btn-sm-sm\" href= \"https:\/\/forms.gle\/d6BUd2gNxMYLFkaq8\" target=\"_self\" >Ciencias de la Educaci\u00f3n<\/a><\/div><div class=\"\"><a  id=\"btn-69dee07128d25\" class=\"btn btn-filled  ti-arrow-right  btn-sm-sm\" href= \"https:\/\/forms.gle\/YFPTfRSWqiik7NXC7\" target=\"_self\" >Comunicaci\u00f3n Social<\/a><\/div><div class=\"\"><a  id=\"btn-69dee07128d36\" class=\"btn btn-filled  ti-arrow-right  btn-sm-sm\" href= \"https:\/\/forms.gle\/6hbtMAzALrFjA1z88\" target=\"_self\" >Letras<\/a><\/div><div class=\"\"><a  id=\"btn-69dee07128d46\" class=\"btn btn-filled  ti-arrow-right  btn-sm-sm\" href= \"https:\/\/forms.gle\/iWBFEYYm73GtEgxv7\" target=\"_self\" >Minoridad y Familia<\/a><\/div><div class=\"\"><a  id=\"btn-69dee07128d54\" class=\"btn btn-filled  ti-arrow-right  btn-sm-sm\" href= \"https:\/\/forms.gle\/YUd9BRPAkqkiMJiF7\" target=\"_self\" >Periodismo<\/a><\/div><div class=\"\"><a  id=\"btn-69dee07128d62\" class=\"btn btn-filled  ti-arrow-right  btn-sm-sm\" href= \"https:\/\/forms.gle\/67JV2tsdcH7TJyq86\" target=\"_self\" >Psicopedagog\u00eda<\/a><\/div><div class=\"\"><a  id=\"btn-69dee07128d70\" class=\"btn btn-filled  ti-arrow-right  btn-sm-sm\" href= \"https:\/\/forms.gle\/RF7nPjrST8CMN7jj9\" target=\"_self\" >Publicidad<\/a><\/div><div class=\"\"><a  id=\"btn-69dee07128d7d\" class=\"btn btn-filled  ti-arrow-right  btn-sm-sm\" href= \"https:\/\/forms.gle\/tqJ2eFpaUAe9DV6Z7\" target=\"_self\" >Relaciones Laborales<\/a><\/div><div class=\"\"><a  id=\"btn-69dee07128d8a\" class=\"btn btn-filled  ti-arrow-right  btn-sm-sm\" href= \"https:\/\/forms.gle\/s7xT3eHnpnCCYgrY8\" target=\"_self\" >Relaciones P\u00fablicas<\/a><\/div><div class=\"\"><a  id=\"btn-69dee07128d97\" class=\"btn btn-filled  ti-arrow-right  btn-sm-sm\" href= \"https:\/\/forms.gle\/XT1uHuchyL4PyiMS6\" target=\"_self\" >Trabajo Social<\/a><\/div>[\/vc_column][\/vc_row][vc_row][vc_column][vc_column_text]<\/p>\n<h3><strong>PREGUNTAS FRECUENTES<\/strong><\/h3>\n<p><strong>-\u00bfQU\u00c9 PROCEDIMIENTO ADMINISTRATIVO SE ACTIVA CUANDO SE INICIA EL TR\u00c1MITE DE T\u00cdTULO?<\/strong><br \/>\nTal como ocurr\u00eda en la modalidad presencial, cuando se inicia el tr\u00e1mite de t\u00edtulo se pone en marcha un Proceso de Pre-auditor\u00eda en el \u00c1rea de Alumnos de la Facultad que consiste en la verificaci\u00f3n del legajo y la historia acad\u00e9mica del\/ la estudiante; el control del cumplimiento del plan de estudios de la carrera; as\u00ed como tambi\u00e9n la revisi\u00f3n de notas informadas por el\/la estudiante y las que obran en las actas de examen.<\/p>\n<p><strong>-\u00bfC\u00d3MO ACCEDO AL CERTIFICADO DE T\u00cdTULO EN TR\u00c1MITE?<\/strong><br \/>\nLa Facultad est\u00e1 en condiciones de otorgar un Certificado de T\u00edtulo en Tr\u00e1mite \u00fanicamente cuando est\u00e9 finalizado el proceso de Pre-auditor\u00eda y abierto el expediente de t\u00edtulo.<br \/>\nEn consecuencia, cuando la Secretar\u00eda Acad\u00e9mica de la Facultad te comunique por correo electr\u00f3nico la finalizaci\u00f3n del Proceso de Pre-auditor\u00eda y la apertura del expediente podr\u00e1s solicitar el certificado de t\u00edtulo en tr\u00e1mite<\/p>\n<p><strong>-INGRES\u00c9 EN LA FACULTAD ANTES DEL 2011, \u00bfDEBO TENER APROBADO TALLER DE LECTURA Y ESCRITURA?<\/strong><br \/>\n-No. No es necesario.<\/p>\n<p>&#8211;<strong>SI APROB\u00c9 INGL\u00c9S AVANZADO DIRECTAMENTE SIN CURSAR INGL\u00c9S INICIAL, \u00bfC\u00d3MO COMPLETO LOS CAMPOS DE IDIOMA EN EL FORMULARIO?<br \/>\n<\/strong>En ese caso, s\u00f3lo deb\u00e9s ingresar los datos de Ingl\u00e9s Avanzado y dejar en blanco el campo destinado a Ing\u00e9s Inicial.<\/p>\n<p><strong>-\u00bfD\u00d3NDE DEBO COMUNICARME PARA HACER CONSULTAS POR ESTE TEMA?<\/strong><br \/>\n-Del proceso de Pre- auditor\u00eda se encarga exclusivamente el \u00c1rea de Alumnos. Por tal motivo, el \u00fanico canal habilitado para que realices consultas es a trav\u00e9s del mail : alumnos@sociales.unlz.edu.ar. Te solicitamos escribir en el asunto la palabra \u201cT\u00edtulos\u201d.<br \/>\nRecord\u00e1 que ninguna otra \u00e1rea o direcci\u00f3n de correo est\u00e1 habilitada para brindar informaci\u00f3n sobre este proceso, por eso s\u00f3lo el \u00c1rea de Alumnos te suministrar\u00e1 la informaci\u00f3n v\u00e1lida.<\/p>\n<p><strong>-YA INICI\u00c9 MI TR\u00c1MITE DE T\u00cdTULO Y TENGO N\u00daMERO DE EXPEDIENTE, \u00bfDEBO HACER ALGO M\u00c1S?<\/strong><br \/>\n-No, hasta tanto no se comuniquen con vos para indicarte los siguientes pasos. Para consultas pod\u00e9s enviar un mail a alumnos@sociales.unlz.edu.ar[\/vc_column_text][\/vc_column][\/vc_row]<\/p>\n","protected":false},"excerpt":{"rendered":"<p>[vc_row][vc_column][vc_column_text]La Facultad habilit\u00f3 la posibilidad de iniciar el tr\u00e1mite de t\u00edtulo de manera virtual. Quienes lo&#8230;<\/p>\n","protected":false},"author":8,"featured_media":11637,"parent":0,"menu_order":0,"comment_status":"closed","ping_status":"closed","template":"","meta":{"footnotes":""},"class_list":["post-12312","page","type-page","status-publish","has-post-thumbnail","hentry"],"_links":{"self":[{"href":"https:\/\/www.sociales.unlz.edu.ar\/index.php\/wp-json\/wp\/v2\/pages\/12312","targetHints":{"allow":["GET"]}}],"collection":[{"href":"https:\/\/www.sociales.unlz.edu.ar\/index.php\/wp-json\/wp\/v2\/pages"}],"about":[{"href":"https:\/\/www.sociales.unlz.edu.ar\/index.php\/wp-json\/wp\/v2\/types\/page"}],"author":[{"embeddable":true,"href":"https:\/\/www.sociales.unlz.edu.ar\/index.php\/wp-json\/wp\/v2\/users\/8"}],"replies":[{"embeddable":true,"href":"https:\/\/www.sociales.unlz.edu.ar\/index.php\/wp-json\/wp\/v2\/comments?post=12312"}],"version-history":[{"count":18,"href":"https:\/\/www.sociales.unlz.edu.ar\/index.php\/wp-json\/wp\/v2\/pages\/12312\/revisions"}],"predecessor-version":[{"id":12329,"href":"https:\/\/www.sociales.unlz.edu.ar\/index.php\/wp-json\/wp\/v2\/pages\/12312\/revisions\/12329"}],"wp:featuredmedia":[{"embeddable":true,"href":"https:\/\/www.sociales.unlz.edu.ar\/index.php\/wp-json\/wp\/v2\/media\/11637"}],"wp:attachment":[{"href":"https:\/\/www.sociales.unlz.edu.ar\/index.php\/wp-json\/wp\/v2\/media?parent=12312"}],"curies":[{"name":"wp","href":"https:\/\/api.w.org\/{rel}","templated":true}]}}