{"id":10916,"date":"2020-05-04T14:58:08","date_gmt":"2020-05-04T17:58:08","guid":{"rendered":"https:\/\/www.sociales.unlz.edu.ar\/?page_id=10916"},"modified":"2020-08-10T14:19:02","modified_gmt":"2020-08-10T17:19:02","slug":"tramite-de-titulo","status":"publish","type":"page","link":"https:\/\/www.sociales.unlz.edu.ar\/index.php\/tramite-de-titulo\/","title":{"rendered":"Tr\u00e1mite de T\u00edtulo"},"content":{"rendered":"<p><strong>\u00bfCu\u00e1ndo debo iniciar a tramitar el t\u00edtulo?<br \/>\n<\/strong>El tr\u00e1mite de t\u00edtulo se puede solicitar una vez aprobado y cargado en las actas el final de la \u00faltima materia de la carrera. Para poder realizarlo\u00a0deber\u00e1n tener la libreta universitaria y el legajo completo.<\/p>\n<p><strong>\u00bfC\u00f3mo inicio el tr\u00e1mite de t\u00edtulo?<\/strong><br \/>\nDeber\u00e1n acercarse a la ventanilla del Departamento de Alumnos para completar las planillas correspondientes. Adem\u00e1s, tendr\u00e1n que entregar:<\/p>\n<ul>\n<li>Tres fotos 4\u00d74<\/li>\n<li>Libreta completa con las notas (Original y fotocopia)<\/li>\n<li>DNI actualizado (Original y fotocopia)<\/li>\n<\/ul>\n<p>Una vez entregados los papeles correspondiente, desde el Departamento de Alumnos les explicar\u00e1n como contin\u00faa el procedimiento.<\/p>\n<p><strong>Aclaraci\u00f3n<\/strong><\/p>\n<p>Se considera final de carrera a la titulaci\u00f3n final NO a los t\u00edtulos intermedios.<\/p>\n<p><strong><em>Como consecuencia del Aislamiento Social, Preventivo y Obligatorio, dispuesto por el Gobierno nacional, los tr\u00e1mites de t\u00edtulos se encuentran moment\u00e1neamente suspendidos.<\/em><\/strong><\/p>\n<p><strong><em>El proceso de expedici\u00f3n de un t\u00edtulo de grado comprende distintas instancias administrativas que involucran a dependencias de la Facultad de Ciencias Sociales, el Rectorado y el Ministerio de Educaci\u00f3n de la Naci\u00f3n. Requieren indefectiblemente la presencialidad de la gran mayor\u00eda de los actores intervinientes.<\/em><\/strong><\/p>\n<p><strong><em>Como es de p\u00fablico conocimiento, estos espacios de la administraci\u00f3n p\u00fablica y las universidades nacionales\u00a0 permanecen sin actividad\u00a0 a ra\u00edz de la medida\u00a0 antes mencionada.<\/em><\/strong><\/p>\n<p><strong><em>Cualquier novedad ser\u00e1 comunicada oportunamente a trav\u00e9s de los medios institucionales.<\/em><\/strong><\/p>\n<p><strong><em>Por consultas pueden escribir a alumnos@sociales.unlz.edu.ar<\/em><\/strong><\/p>\n","protected":false},"excerpt":{"rendered":"<p>\u00bfCu\u00e1ndo debo iniciar a tramitar el t\u00edtulo? El tr\u00e1mite de t\u00edtulo se puede solicitar una vez&#8230;<\/p>\n","protected":false},"author":5,"featured_media":10843,"parent":0,"menu_order":0,"comment_status":"closed","ping_status":"closed","template":"","meta":{"footnotes":""},"class_list":["post-10916","page","type-page","status-publish","has-post-thumbnail","hentry"],"_links":{"self":[{"href":"https:\/\/www.sociales.unlz.edu.ar\/index.php\/wp-json\/wp\/v2\/pages\/10916","targetHints":{"allow":["GET"]}}],"collection":[{"href":"https:\/\/www.sociales.unlz.edu.ar\/index.php\/wp-json\/wp\/v2\/pages"}],"about":[{"href":"https:\/\/www.sociales.unlz.edu.ar\/index.php\/wp-json\/wp\/v2\/types\/page"}],"author":[{"embeddable":true,"href":"https:\/\/www.sociales.unlz.edu.ar\/index.php\/wp-json\/wp\/v2\/users\/5"}],"replies":[{"embeddable":true,"href":"https:\/\/www.sociales.unlz.edu.ar\/index.php\/wp-json\/wp\/v2\/comments?post=10916"}],"version-history":[{"count":6,"href":"https:\/\/www.sociales.unlz.edu.ar\/index.php\/wp-json\/wp\/v2\/pages\/10916\/revisions"}],"predecessor-version":[{"id":11794,"href":"https:\/\/www.sociales.unlz.edu.ar\/index.php\/wp-json\/wp\/v2\/pages\/10916\/revisions\/11794"}],"wp:featuredmedia":[{"embeddable":true,"href":"https:\/\/www.sociales.unlz.edu.ar\/index.php\/wp-json\/wp\/v2\/media\/10843"}],"wp:attachment":[{"href":"https:\/\/www.sociales.unlz.edu.ar\/index.php\/wp-json\/wp\/v2\/media?parent=10916"}],"curies":[{"name":"wp","href":"https:\/\/api.w.org\/{rel}","templated":true}]}}