{"id":10904,"date":"2020-05-04T14:36:48","date_gmt":"2020-05-04T17:36:48","guid":{"rendered":"https:\/\/www.sociales.unlz.edu.ar\/?page_id=10904"},"modified":"2025-11-11T11:31:30","modified_gmt":"2025-11-11T14:31:30","slug":"reincorporacion","status":"publish","type":"page","link":"https:\/\/www.sociales.unlz.edu.ar\/index.php\/reincorporacion\/","title":{"rendered":"Reincorporaci\u00f3n"},"content":{"rendered":"<h3><b>REINCORPORACIONES<\/b><\/h3>\n<h5><b>Las solicitudes de reincorporaci\u00f3n se tramitar\u00e1n \u00fanicamente de manera virtual.<\/b><\/h5>\n<h5><b>Para ello, deber\u00e1 cumplir con los siguientes pasos:<\/b><\/h5>\n<h5><b>1. Complete y luego env\u00ede el formulario de google que se encuentra a continuaci\u00f3n<\/b><\/h5>\n<h5><a href=\"https:\/\/forms.gle\/4kqHjhZ1Y12MxyUBA\"><b>https:\/\/forms.gle\/4kqHjhZ1Y12MxyUBA<\/b><\/a><\/h5>\n<h5><b>2. Una vez enviado el formulario, deber\u00e1 esperar un mail que le cursar\u00e1 la Facultad para darle continuidad a su tr\u00e1mite. En el mismo, se le indicar\u00e1 el tipo de reincorporaci\u00f3n que le corresponde de acuerdo a su situaci\u00f3n acad\u00e9mica, y los pasos a seguir para hacerla efectiva.<\/b><\/h5>\n<h5><b>IMPORTANTE: El correo electr\u00f3nico se mandar\u00e1 al mail registrado por usted en el formulario del Google (primer paso).<\/b><\/h5>\n<h5><b>La reincorporaci\u00f3n podr\u00e1n realizarla solo las y los estudiantes que tengan COMPLETO su legajo de ingreso a la Facultad. Caso contrario deber\u00e1n acercarse al \u00c1rea de Alumnos para verificar o entregar la documentaci\u00f3n faltante y reci\u00e9n despu\u00e9s estar\u00e1n en condiciones de iniciar el tr\u00e1mite.<\/b><\/h5>\n<h5><b>Deben efectuar una reincorporaci\u00f3n quienes hayan perdido la condici\u00f3n de Alumno Regular. Es decir, quienes no hayan aprobado un m\u00ednimo de dos materias (final incluido) en el \u00faltimo ciclo lectivo. El ciclo lectivo se computa de marzo a marzo.<\/b><\/h5>\n","protected":false},"excerpt":{"rendered":"<p>REINCORPORACIONES Las solicitudes de reincorporaci\u00f3n se tramitar\u00e1n \u00fanicamente de manera virtual. Para ello, deber\u00e1 cumplir con&#8230;<\/p>\n","protected":false},"author":8,"featured_media":10843,"parent":0,"menu_order":0,"comment_status":"closed","ping_status":"closed","template":"","meta":{"footnotes":""},"class_list":["post-10904","page","type-page","status-publish","has-post-thumbnail","hentry"],"_links":{"self":[{"href":"https:\/\/www.sociales.unlz.edu.ar\/index.php\/wp-json\/wp\/v2\/pages\/10904","targetHints":{"allow":["GET"]}}],"collection":[{"href":"https:\/\/www.sociales.unlz.edu.ar\/index.php\/wp-json\/wp\/v2\/pages"}],"about":[{"href":"https:\/\/www.sociales.unlz.edu.ar\/index.php\/wp-json\/wp\/v2\/types\/page"}],"author":[{"embeddable":true,"href":"https:\/\/www.sociales.unlz.edu.ar\/index.php\/wp-json\/wp\/v2\/users\/8"}],"replies":[{"embeddable":true,"href":"https:\/\/www.sociales.unlz.edu.ar\/index.php\/wp-json\/wp\/v2\/comments?post=10904"}],"version-history":[{"count":38,"href":"https:\/\/www.sociales.unlz.edu.ar\/index.php\/wp-json\/wp\/v2\/pages\/10904\/revisions"}],"predecessor-version":[{"id":25110,"href":"https:\/\/www.sociales.unlz.edu.ar\/index.php\/wp-json\/wp\/v2\/pages\/10904\/revisions\/25110"}],"wp:featuredmedia":[{"embeddable":true,"href":"https:\/\/www.sociales.unlz.edu.ar\/index.php\/wp-json\/wp\/v2\/media\/10843"}],"wp:attachment":[{"href":"https:\/\/www.sociales.unlz.edu.ar\/index.php\/wp-json\/wp\/v2\/media?parent=10904"}],"curies":[{"name":"wp","href":"https:\/\/api.w.org\/{rel}","templated":true}]}}