{"id":10852,"date":"2020-04-29T16:19:34","date_gmt":"2020-04-29T19:19:34","guid":{"rendered":"https:\/\/www.sociales.unlz.edu.ar\/?page_id=10852"},"modified":"2024-04-04T14:08:59","modified_gmt":"2024-04-04T17:08:59","slug":"sociales-en-linea-2","status":"publish","type":"page","link":"https:\/\/www.sociales.unlz.edu.ar\/index.php\/sociales-en-linea-2\/","title":{"rendered":"Sociales en L\u00ednea"},"content":{"rendered":"<p>[vc_row css=&#8221;.vc_custom_1675694765304{margin-left: 3% !important;border-right-width: 3% !important;padding-top: 2% !important;padding-right: 5% !important;padding-left: 5% !important;background-color: #196fa0 !important;}&#8221;][vc_column][vc_column_text css=&#8221;.vc_custom_1675697321206{margin-bottom: 1% !important;border-bottom-width: 1% !important;padding-top: 5% !important;padding-bottom: 1% !important;}&#8221;]<\/p>\n<h4><span style=\"color: #ffffff;\">Bienvenidos a SOCIALES EN L\u00cdNEA, el nuevo asistente para tr\u00e1mites online, dirigido a las y los estudiantes de nuestra Facultad de Ciencias Sociales:<\/span><\/h4>\n<p>[\/vc_column_text][\/vc_column][\/vc_row][vc_row css=&#8221;.vc_custom_1675694945820{margin-top: 1% !important;margin-left: 3% !important;border-top-width: 1% !important;border-right-width: 3% !important;padding-top: 1% !important;padding-right: 5% !important;padding-left: 5% !important;background-color: #196fa0 !important;}&#8221;][vc_column width=&#8221;1\/4&#8243;][vc_single_image image=&#8221;18205&#8243; img_size=&#8221;medium&#8221; alignment=&#8221;center&#8221; onclick=&#8221;custom_link&#8221; css=&#8221;.vc_custom_1675694282087{margin-bottom: 1% !important;border-bottom-width: 1% !important;padding-right: 5% !important;padding-bottom: 1% !important;}&#8221; link=&#8221;https:\/\/www.sociales.unlz.edu.ar\/index.php\/2021\/09\/07\/cambio-de-carrera\/&#8221;][vc_column_text css=&#8221;.vc_custom_1675693722470{padding-right: 5% !important;}&#8221;]<\/p>\n<h4 style=\"text-align: center;\"><span style=\"color: #ffffff;\"><strong>CAMBIO DE CARRERA<\/strong><\/span><\/h4>\n<p>[\/vc_column_text][\/vc_column][vc_column width=&#8221;1\/4&#8243;][vc_single_image image=&#8221;18206&#8243; img_size=&#8221;medium&#8221; alignment=&#8221;center&#8221; onclick=&#8221;custom_link&#8221; css=&#8221;.vc_custom_1675694312716{margin-bottom: 1% !important;border-bottom-width: 1% !important;padding-right: 3% !important;padding-bottom: 1% !important;}&#8221; link=&#8221;https:\/\/www.sociales.unlz.edu.ar\/index.php\/2021\/04\/21\/certificacion-de-planes-y-programas\/&#8221;][vc_column_text css=&#8221;.vc_custom_1675693728093{padding-right: 3% !important;}&#8221;]<\/p>\n<h4 style=\"text-align: center;\"><span style=\"color: #ffffff;\"><strong>CERTIFICACI\u00d3N DE PLANES Y PROGRAMAS<\/strong><\/span><\/h4>\n<p>[\/vc_column_text][\/vc_column][vc_column width=&#8221;1\/4&#8243;][vc_single_image image=&#8221;18207&#8243; img_size=&#8221;medium&#8221; alignment=&#8221;center&#8221; onclick=&#8221;custom_link&#8221; css=&#8221;.vc_custom_1675694345627{margin-bottom: 1% !important;border-bottom-width: 1% !important;padding-right: 3% !important;padding-bottom: 1% !important;}&#8221; link=&#8221;https:\/\/www.sociales.unlz.edu.ar\/index.php\/reincorporacion\/&#8221;][vc_column_text css=&#8221;.vc_custom_1675693736021{padding-right: 3% !important;}&#8221;]<\/p>\n<h4 style=\"text-align: center;\"><span style=\"color: #ffffff;\"><strong>REINCORPORACI\u00d3N<\/strong><\/span><\/h4>\n<p>[\/vc_column_text][\/vc_column][vc_column width=&#8221;1\/4&#8243;][vc_single_image image=&#8221;18208&#8243; img_size=&#8221;medium&#8221; alignment=&#8221;center&#8221; onclick=&#8221;custom_link&#8221; css=&#8221;.vc_custom_1675694374761{margin-bottom: 1% !important;border-bottom-width: 1% !important;padding-bottom: 1% !important;}&#8221; link=&#8221;https:\/\/www.sociales.unlz.edu.ar\/index.php\/2021\/09\/07\/simultaneidad-de-carreras\/&#8221;][vc_column_text]<\/p>\n<h4 style=\"text-align: center;\"><span style=\"color: #ffffff;\"><strong>SIMULTANEIDAD DE CARRERAS<\/strong><\/span><\/h4>\n<p>[\/vc_column_text][\/vc_column][\/vc_row][vc_row css=&#8221;.vc_custom_1675694765304{margin-left: 3% !important;border-right-width: 3% !important;padding-top: 2% !important;padding-right: 5% !important;padding-left: 5% !important;background-color: #196fa0 !important;}&#8221;][vc_column width=&#8221;1\/4&#8243;][vc_single_image image=&#8221;18209&#8243; img_size=&#8221;medium&#8221; alignment=&#8221;center&#8221; onclick=&#8221;custom_link&#8221; css=&#8221;.vc_custom_1675694424358{margin-bottom: 1% !important;border-bottom-width: 1% !important;padding-right: 5% !important;padding-bottom: 1% !important;}&#8221; link=&#8221;https:\/\/www.sociales.unlz.edu.ar\/index.php\/solicitud-de-analitico\/&#8221;][vc_column_text css=&#8221;.vc_custom_1675693891758{padding-right: 5% !important;}&#8221;]<\/p>\n<h4 style=\"text-align: center;\"><span style=\"color: #ffffff;\"><strong>SOLICITUD DE ANAL\u00cdTICO PARCIAL<\/strong><\/span><\/h4>\n<p>[\/vc_column_text][\/vc_column][vc_column width=&#8221;1\/4&#8243;][vc_single_image image=&#8221;18210&#8243; img_size=&#8221;medium&#8221; alignment=&#8221;center&#8221; onclick=&#8221;custom_link&#8221; css=&#8221;.vc_custom_1675694450707{margin-bottom: 1% !important;border-bottom-width: 1% !important;padding-right: 3% !important;padding-bottom: 1% !important;}&#8221; link=&#8221;https:\/\/www.sociales.unlz.edu.ar\/index.php\/solicitud-de-inicio-del-tramite-de-equivalencias\/&#8221;][vc_column_text css=&#8221;.vc_custom_1675693999989{padding-right: 3% !important;}&#8221;]<\/p>\n<h4 style=\"text-align: center;\"><span style=\"color: #ffffff;\"><strong>SOLICITUD DE INICIO DEL TR\u00c1MITE DE EQUIVALENCIAS<\/strong><\/span><\/h4>\n<p>[\/vc_column_text][\/vc_column][vc_column width=&#8221;1\/4&#8243;][vc_single_image image=&#8221;18211&#8243; img_size=&#8221;medium&#8221; alignment=&#8221;center&#8221; onclick=&#8221;custom_link&#8221; css=&#8221;.vc_custom_1675694473392{margin-bottom: 1% !important;border-bottom-width: 1% !important;padding-right: 3% !important;padding-bottom: 1% !important;}&#8221; link=&#8221;https:\/\/www.sociales.unlz.edu.ar\/index.php\/inicio-de-tramite-de-titulo-online\/&#8221;][vc_column_text css=&#8221;.vc_custom_1675694066150{padding-right: 3% !important;}&#8221;]<\/p>\n<h4 style=\"text-align: center;\"><span style=\"color: #ffffff;\"><strong>TR\u00c1MITE DE T\u00cdTULO<\/strong><\/span><\/h4>\n<p>[\/vc_column_text][\/vc_column][vc_column width=&#8221;1\/4&#8243;][vc_single_image image=&#8221;21526&#8243; img_size=&#8221;medium&#8221; alignment=&#8221;center&#8221; onclick=&#8221;custom_link&#8221; css=&#8221;.vc_custom_1712250421852{margin-bottom: 1% !important;border-bottom-width: 1% !important;padding-right: 3% !important;padding-bottom: 1% !important;}&#8221; link=&#8221;https:\/\/docs.google.com\/forms\/d\/1vANpR0ec87nH9lezoHQxmA6c3PPB3q7dtdTd0C0wSOA\/edit?pli=1&#8243;][vc_column_text css=&#8221;.vc_custom_1712250538597{padding-right: 3% !important;}&#8221;]<\/p>\n<h4 style=\"text-align: center;\"><span style=\"color: #ffffff;\"><strong>LIBRETA UNIVERSITARIA <\/strong><\/span><\/h4>\n<h5 style=\"text-align: center;\"><span style=\"color: #ffffff;\"><strong>Exclusivo Ingresantes 2023<\/strong><\/span><\/h5>\n<p>[\/vc_column_text][\/vc_column][\/vc_row][vc_row css=&#8221;.vc_custom_1675694765304{margin-left: 3% !important;border-right-width: 3% !important;padding-top: 2% !important;padding-right: 5% !important;padding-left: 5% !important;background-color: #196fa0 !important;}&#8221;][vc_column][vc_column_text css=&#8221;.vc_custom_1691152594310{margin-bottom: 1% !important;border-bottom-width: 1% !important;padding-top: 5% !important;padding-bottom: 1% !important;}&#8221;]<\/p>\n<h4><span style=\"color: #ffffff;\">IMPORTANTE: te recordamos que los tr\u00e1mites que no se encuentren en esta p\u00e1gina web deber\u00e1n ser consultados de manera presencial en el Departamento de Alumnos de lunes a viernes de 10 a 19 horas.<\/span><\/h4>\n<h4><span style=\"color: #ffffff;\">Muchas gracias.<\/span><\/h4>\n<p>[\/vc_column_text][\/vc_column][\/vc_row]<\/p>\n","protected":false},"excerpt":{"rendered":"<p>[vc_row css=&#8221;.vc_custom_1675694765304{margin-left: 3% !important;border-right-width: 3% !important;padding-top: 2% !important;padding-right: 5% !important;padding-left: 5% !important;background-color: #196fa0 !important;}&#8221;][vc_column][vc_column_text css=&#8221;.vc_custom_1675697321206{margin-bottom: 1%&#8230;<\/p>\n","protected":false},"author":8,"featured_media":10843,"parent":0,"menu_order":0,"comment_status":"closed","ping_status":"closed","template":"","meta":{"footnotes":""},"class_list":["post-10852","page","type-page","status-publish","has-post-thumbnail","hentry"],"_links":{"self":[{"href":"https:\/\/www.sociales.unlz.edu.ar\/index.php\/wp-json\/wp\/v2\/pages\/10852","targetHints":{"allow":["GET"]}}],"collection":[{"href":"https:\/\/www.sociales.unlz.edu.ar\/index.php\/wp-json\/wp\/v2\/pages"}],"about":[{"href":"https:\/\/www.sociales.unlz.edu.ar\/index.php\/wp-json\/wp\/v2\/types\/page"}],"author":[{"embeddable":true,"href":"https:\/\/www.sociales.unlz.edu.ar\/index.php\/wp-json\/wp\/v2\/users\/8"}],"replies":[{"embeddable":true,"href":"https:\/\/www.sociales.unlz.edu.ar\/index.php\/wp-json\/wp\/v2\/comments?post=10852"}],"version-history":[{"count":65,"href":"https:\/\/www.sociales.unlz.edu.ar\/index.php\/wp-json\/wp\/v2\/pages\/10852\/revisions"}],"predecessor-version":[{"id":21029,"href":"https:\/\/www.sociales.unlz.edu.ar\/index.php\/wp-json\/wp\/v2\/pages\/10852\/revisions\/21029"}],"wp:featuredmedia":[{"embeddable":true,"href":"https:\/\/www.sociales.unlz.edu.ar\/index.php\/wp-json\/wp\/v2\/media\/10843"}],"wp:attachment":[{"href":"https:\/\/www.sociales.unlz.edu.ar\/index.php\/wp-json\/wp\/v2\/media?parent=10852"}],"curies":[{"name":"wp","href":"https:\/\/api.w.org\/{rel}","templated":true}]}}