{"id":10794,"date":"2020-04-29T11:06:42","date_gmt":"2020-04-29T14:06:42","guid":{"rendered":"https:\/\/www.sociales.unlz.edu.ar\/?page_id=10794"},"modified":"2020-04-30T19:06:07","modified_gmt":"2020-04-30T22:06:07","slug":"sociales-en-linea","status":"publish","type":"page","link":"https:\/\/www.sociales.unlz.edu.ar\/index.php\/sociales-en-linea\/","title":{"rendered":"Sociales en l\u00ednea"},"content":{"rendered":"<p>[vc_row][vc_column][vc_column_text]Bienvenidos a SOCIALES EN L\u00cdNEA, el nuevo asistente para tr\u00e1mites online, dirigido a las y los estudiantes de nuestra Facultad de Ciencias Sociales.<br \/>\nEsta iniciativa forma parte del PLAN DE CONTINGENCIA dise\u00f1ado por la instituci\u00f3n, en el marco de la pandemia por COVID 19 y del Aislamiento Social, Preventivo y Obligatorio, dispuesto por el Gobierno nacional, y las recomendaciones del Rectorado de la Universidad Nacional de Lomas de Zamora.<\/p>\n<p>[\/vc_column_text][\/vc_column][\/vc_row][vc_row][vc_column width=&#8221;1\/3&#8243;]<div class=\"\"><a  id=\"btn-69ea1016e76f6\" class=\"btn btn-filled    btn-sm-sm\" href= \"https:\/\/www.sociales.unlz.edu.ar\/index.php\/2020\/04\/27\/se-reprogramaron-los-examenes-finales-intermedios\/\" target=\"_self\" >EX\u00c1MENES INTERMEDIOS<\/a><\/div><div class=\"\"><a  id=\"btn-69ea1016e772c\" class=\"btn btn-filled    btn-sm-sm\" href= \"https:\/\/www.sociales.unlz.edu.ar\/index.php\/2020\/04\/29\/reincorporacion\/\" target=\"_self\" >REINCORPORACIONES<\/a><\/div><div class=\"\"><a  id=\"btn-69ea1016e773f\" class=\"btn btn-filled    btn-sm-sm\" href= \"https:\/\/www.sociales.unlz.edu.ar\/index.php\/2020\/04\/29\/otras-consultas\/\" target=\"_self\" >OTROS<\/a><\/div>[\/vc_column][vc_column width=&#8221;1\/3&#8243;]<div class=\"\"><a  id=\"btn-69ea1016e774e\" class=\"btn btn-filled    btn-sm-sm\" href= \"https:\/\/www.sociales.unlz.edu.ar\/index.php\/2020\/04\/29\/constancia-de-examen\/\" target=\"_self\" >CONSTANCIA DE EXAMEN<\/a><\/div><div class=\"\"><a  id=\"btn-69ea1016e775c\" class=\"btn btn-filled    btn-sm-sm\" href= \"https:\/\/www.sociales.unlz.edu.ar\/wp-admin\/post.php?post=10809&#038;action=edit\" target=\"_self\" >TR\u00c1MITE DE T\u00cdTULO<\/a><\/div>[\/vc_column][vc_column width=&#8221;1\/3&#8243;]<div class=\"\"><a  id=\"btn-69ea1016e776a\" class=\"btn btn-filled    btn-sm-sm\" href= \"https:\/\/www.sociales.unlz.edu.ar\/index.php\/2020\/04\/29\/certificado-de-alumno-regular\/\" target=\"_self\" >CERTIFICADO DE ALUMNO REGULAR<\/a><\/div><div class=\"\"><a  id=\"btn-69ea1016e7777\" class=\"btn btn-filled    btn-sm-sm\" href= \"https:\/\/www.sociales.unlz.edu.ar\/index.php\/2020\/04\/29\/solicitud-de-analitico\/\" target=\"_self\" >SOLICITUD DE ANAL\u00cdTICO<\/a><\/div>[\/vc_column][\/vc_row]<\/p>\n","protected":false},"excerpt":{"rendered":"<p>[vc_row][vc_column][vc_column_text]Bienvenidos a SOCIALES EN L\u00cdNEA, el nuevo asistente para tr\u00e1mites online, dirigido a las y los&#8230;<\/p>\n","protected":false},"author":8,"featured_media":0,"parent":0,"menu_order":0,"comment_status":"closed","ping_status":"closed","template":"","meta":{"footnotes":""},"class_list":["post-10794","page","type-page","status-publish","hentry"],"_links":{"self":[{"href":"https:\/\/www.sociales.unlz.edu.ar\/index.php\/wp-json\/wp\/v2\/pages\/10794","targetHints":{"allow":["GET"]}}],"collection":[{"href":"https:\/\/www.sociales.unlz.edu.ar\/index.php\/wp-json\/wp\/v2\/pages"}],"about":[{"href":"https:\/\/www.sociales.unlz.edu.ar\/index.php\/wp-json\/wp\/v2\/types\/page"}],"author":[{"embeddable":true,"href":"https:\/\/www.sociales.unlz.edu.ar\/index.php\/wp-json\/wp\/v2\/users\/8"}],"replies":[{"embeddable":true,"href":"https:\/\/www.sociales.unlz.edu.ar\/index.php\/wp-json\/wp\/v2\/comments?post=10794"}],"version-history":[{"count":16,"href":"https:\/\/www.sociales.unlz.edu.ar\/index.php\/wp-json\/wp\/v2\/pages\/10794\/revisions"}],"predecessor-version":[{"id":10874,"href":"https:\/\/www.sociales.unlz.edu.ar\/index.php\/wp-json\/wp\/v2\/pages\/10794\/revisions\/10874"}],"wp:attachment":[{"href":"https:\/\/www.sociales.unlz.edu.ar\/index.php\/wp-json\/wp\/v2\/media?parent=10794"}],"curies":[{"name":"wp","href":"https:\/\/api.w.org\/{rel}","templated":true}]}}