{"id":10287,"date":"2020-03-09T13:27:42","date_gmt":"2020-03-09T16:27:42","guid":{"rendered":"https:\/\/www.sociales.unlz.edu.ar\/?page_id=10287"},"modified":"2020-03-09T18:08:45","modified_gmt":"2020-03-09T21:08:45","slug":"aulas-y-dias-de-cursada-tecnicatura-universitaria-y-licenciatura-en-periodismo-primer-cuatrimestre-2020","status":"publish","type":"page","link":"https:\/\/www.sociales.unlz.edu.ar\/index.php\/aulas-y-dias-de-cursada-tecnicatura-universitaria-y-licenciatura-en-periodismo-primer-cuatrimestre-2020\/","title":{"rendered":"Tecnicatura y Licenciatura en Periodismo: Horarios y d\u00edas de Cursada para el Primer Cuatrimestre 2020"},"content":{"rendered":"<p><strong>Tecnicatura<\/strong><\/p>\n<table width=\"799\">\n<tbody>\n<tr>\n<td rowspan=\"3\" width=\"39\"><\/td>\n<td style=\"text-align: center;\" rowspan=\"3\" width=\"50\"><strong>N\u00b0 de orden<\/strong><\/td>\n<td style=\"text-align: center;\" rowspan=\"3\" width=\"279\"><strong>ASIGNATURA<\/strong><\/td>\n<td style=\"text-align: center;\" rowspan=\"2\" width=\"59\"><strong>Carga Horaria<\/strong><\/td>\n<td style=\"text-align: center;\" colspan=\"2\" width=\"112\"><strong>Correlatividad<\/strong><\/td>\n<td style=\"text-align: center;\" colspan=\"2\" width=\"260\"><strong>Cursada<\/strong><\/td>\n<\/tr>\n<tr>\n<td style=\"text-align: center;\" rowspan=\"2\"><strong>Regularizar<\/strong><\/td>\n<td style=\"text-align: center;\" rowspan=\"2\" width=\"54\"><strong>Aprobar con final<\/strong><\/td>\n<td style=\"text-align: center;\" rowspan=\"2\"><strong>D\u00eda<\/strong><\/td>\n<td style=\"text-align: center;\" rowspan=\"2\" width=\"202\"><strong>Turno<\/strong><\/td>\n<\/tr>\n<tr>\n<td style=\"text-align: center;\"><strong>HS<\/strong><\/td>\n<\/tr>\n<tr>\n<td rowspan=\"9\" width=\"39\">1er a\u00f1o\u00a0 (Ciclo de Formaci\u00f3n General)<\/td>\n<td width=\"50\">1<\/td>\n<td width=\"279\">Filosof\u00eda<\/td>\n<td width=\"59\">96<\/td>\n<td width=\"58\">&#8211;<\/td>\n<td width=\"54\">&#8211;<\/td>\n<td>MA<\/td>\n<td>M \/T\/ N<\/td>\n<\/tr>\n<tr>\n<td width=\"50\">1<\/td>\n<td width=\"279\">Filosof\u00eda<\/td>\n<td width=\"59\">96<\/td>\n<td width=\"58\">&#8211;<\/td>\n<td width=\"54\">&#8211;<\/td>\n<td>SA<\/td>\n<td>9 A 13hs<\/td>\n<\/tr>\n<tr>\n<td width=\"50\">2<\/td>\n<td width=\"279\">Historia Social General<\/td>\n<td width=\"59\">96<\/td>\n<td width=\"58\">&#8211;<\/td>\n<td width=\"54\">&#8211;<\/td>\n<td>JU<\/td>\n<td>\n<table>\n<tbody>\n<tr>\n<td width=\"202\">M \/T\/ N<\/td>\n<\/tr>\n<\/tbody>\n<\/table>\n<\/td>\n<\/tr>\n<tr>\n<td width=\"50\">3<\/td>\n<td width=\"279\">Introducci\u00f3n a la Sociolog\u00eda<\/td>\n<td width=\"59\">96<\/td>\n<td width=\"58\">&#8211;<\/td>\n<td width=\"54\">&#8211;<\/td>\n<td>LU<\/td>\n<td>M \/T\/ N<\/td>\n<\/tr>\n<tr>\n<td width=\"50\">4<\/td>\n<td width=\"279\">Psicolog\u00eda General<\/td>\n<td width=\"59\">96<\/td>\n<td width=\"58\">&#8211;<\/td>\n<td width=\"54\">&#8211;<\/td>\n<td>VI<\/td>\n<td>M \/T\/ N<\/td>\n<\/tr>\n<tr>\n<td width=\"50\">5<\/td>\n<td width=\"279\">Econom\u00eda General<\/td>\n<td width=\"59\">96<\/td>\n<td width=\"58\">&#8211;<\/td>\n<td width=\"54\">&#8211;<\/td>\n<td>MA<\/td>\n<td>M \/T\/ N<\/td>\n<\/tr>\n<tr>\n<td width=\"50\">6<\/td>\n<td width=\"279\">Introducci\u00f3n a la Comunicaci\u00f3n<\/td>\n<td width=\"59\">96<\/td>\n<td width=\"58\">&#8211;<\/td>\n<td width=\"54\">&#8211;<\/td>\n<td>VI<\/td>\n<td>M \/T\/ N<\/td>\n<\/tr>\n<tr>\n<td width=\"50\">6<\/td>\n<td width=\"279\">Introducci\u00f3n a la Comunicaci\u00f3n<\/td>\n<td width=\"59\">96<\/td>\n<td width=\"58\">&#8211;<\/td>\n<td width=\"54\">&#8211;<\/td>\n<td>SA<\/td>\n<td>9 A 13hs<\/td>\n<\/tr>\n<tr>\n<td width=\"50\">7<\/td>\n<td width=\"279\">Taller de Lectura y Escritura \u00a0(anual)<\/td>\n<td width=\"59\">64<\/td>\n<td width=\"58\">&#8211;<\/td>\n<td width=\"54\">&#8211;<\/td>\n<td>MI<\/td>\n<td>M \/T \/ N<\/td>\n<\/tr>\n<tr>\n<td rowspan=\"8\">2do a\u00f1o<\/td>\n<td>8<\/td>\n<td width=\"279\">Problem\u00e1tica Period\u00edstica<\/td>\n<td width=\"59\">96<\/td>\n<td width=\"58\">&#8211;<\/td>\n<td width=\"54\">3- 6<\/td>\n<td>MA<\/td>\n<td>18 a 22hs<\/td>\n<\/tr>\n<tr>\n<td>9<\/td>\n<td width=\"279\">Ling\u00fc\u00edstica<\/td>\n<td width=\"59\">64<\/td>\n<td width=\"58\">&#8211;<\/td>\n<td width=\"54\">3- 7<\/td>\n<td>VI<\/td>\n<td>14 a 18 \u00f3 18 a 22hs<\/td>\n<\/tr>\n<tr>\n<td>10<\/td>\n<td width=\"279\">Comunicaci\u00f3n I<\/td>\n<td width=\"59\">96<\/td>\n<td width=\"58\">&#8211;<\/td>\n<td width=\"54\">2- 6<\/td>\n<td>Mi<\/td>\n<td>14 a 18 \u00f3 18 a 22hs<\/td>\n<\/tr>\n<tr>\n<td>11<\/td>\n<td width=\"279\">Taller de Redacci\u00f3n\u00a0 Period\u00edstica<\/td>\n<td width=\"59\">96<\/td>\n<td width=\"58\">&#8211;<\/td>\n<td width=\"54\">6- 7<\/td>\n<td>MI- JU<\/td>\n<td>MI: 9 a 13hs &#8211; JU:18 a 22hs<\/td>\n<\/tr>\n<tr>\n<td>12<\/td>\n<td width=\"279\">Periodismo Gr\u00e1fico<\/td>\n<td width=\"59\">96<\/td>\n<td width=\"58\">&#8211;<\/td>\n<td width=\"54\">6- 7<\/td>\n<td>Mi<\/td>\n<td>9 a 13hs \u00f3 18 a 22hs<\/td>\n<\/tr>\n<tr>\n<td>13<\/td>\n<td width=\"279\">Radio<\/td>\n<td width=\"59\">96<\/td>\n<td width=\"58\">&#8211;<\/td>\n<td width=\"54\">6- 7<\/td>\n<td>MA<\/td>\n<td>18 a 22hs<\/td>\n<\/tr>\n<tr>\n<td>14<\/td>\n<td width=\"279\">Historia Social Argentina<\/td>\n<td width=\"59\">64<\/td>\n<td width=\"58\">&#8211;<\/td>\n<td width=\"54\">2- 5<\/td>\n<td>VI<\/td>\n<td>14 a 18 \u00f3 18 a 22hs<\/td>\n<\/tr>\n<tr>\n<td>15<\/td>\n<td width=\"279\">Televisi\u00f3n<\/td>\n<td width=\"59\">96<\/td>\n<td width=\"58\">&#8211;<\/td>\n<td width=\"54\">6- 7<\/td>\n<td>JU<\/td>\n<td>18 a 22hs<\/td>\n<\/tr>\n<tr>\n<td rowspan=\"8\">3er. A\u00f1o<\/td>\n<td>16<\/td>\n<td width=\"279\">Comunicaci\u00f3n II<\/td>\n<td width=\"59\">96<\/td>\n<td width=\"58\">&#8211;<\/td>\n<td width=\"54\">10<\/td>\n<td>MA<\/td>\n<td>\u00a018 a 22hs<\/td>\n<\/tr>\n<tr>\n<td>17<\/td>\n<td width=\"279\">Taller de Periodismo Gr\u00e1fico<\/td>\n<td width=\"59\">96<\/td>\n<td width=\"58\">12<\/td>\n<td width=\"54\">11<\/td>\n<td>JU-VI<\/td>\n<td>JU 9 a 13hs\u00a0 \u00f3\u00a0 VI 18 a 22hs<\/td>\n<\/tr>\n<tr>\n<td>18<\/td>\n<td width=\"279\">Taller de Radio<\/td>\n<td width=\"59\">96<\/td>\n<td width=\"58\">13<\/td>\n<td width=\"54\">11<\/td>\n<td>JU<\/td>\n<td>18 a 22hs<\/td>\n<\/tr>\n<tr>\n<td>19<\/td>\n<td width=\"279\">\u00a0An\u00e1lisis del Discurso<\/td>\n<td width=\"59\">64<\/td>\n<td width=\"58\">11<\/td>\n<td width=\"54\">9<\/td>\n<td>MI<\/td>\n<td>18 a 22hs<\/td>\n<\/tr>\n<tr>\n<td>20<\/td>\n<td width=\"279\">Taller de Televisi\u00f3n<\/td>\n<td width=\"59\">96<\/td>\n<td width=\"58\">15<\/td>\n<td width=\"54\">11<\/td>\n<td>Lu<\/td>\n<td>18 a 22hs<\/td>\n<\/tr>\n<tr>\n<td>21<\/td>\n<td width=\"279\">Metodolog\u00eda de la Investigaci\u00f3n Social I<\/td>\n<td width=\"59\">96<\/td>\n<td width=\"58\">&#8211;<\/td>\n<td width=\"54\">1-3<\/td>\n<td>MI<\/td>\n<td>8 a 12 \u00f3 14 a 18hs<\/td>\n<\/tr>\n<tr>\n<td>22<\/td>\n<td width=\"279\">Pol\u00edtica de los Medios de Comunicaci\u00f3n Social<\/td>\n<td width=\"59\">64<\/td>\n<td width=\"58\">&#8211;<\/td>\n<td width=\"54\">8- 10<\/td>\n<td>JU<\/td>\n<td>18 a 22hs<\/td>\n<\/tr>\n<tr>\n<td>23<\/td>\n<td width=\"279\">Comunicaci\u00f3n III<\/td>\n<td width=\"59\">96<\/td>\n<td width=\"58\">16<\/td>\n<td width=\"54\">10<\/td>\n<td>VI<\/td>\n<td>14 a 18hs<\/td>\n<\/tr>\n<\/tbody>\n<\/table>\n<p><strong>Licenciatura<\/strong><\/p>\n<table width=\"799\">\n<tbody>\n<tr>\n<td style=\"text-align: center;\" rowspan=\"3\" width=\"39\"><\/td>\n<td style=\"text-align: center;\" rowspan=\"3\" width=\"50\"><strong>N\u00b0 de orden<\/strong><\/td>\n<td style=\"text-align: center;\" rowspan=\"3\" width=\"279\"><strong>ASIGNATURA<\/strong><\/td>\n<td style=\"text-align: center;\" rowspan=\"2\" width=\"59\"><strong>Carga Horaria<\/strong><\/td>\n<td style=\"text-align: center;\" colspan=\"2\" width=\"112\"><strong>Correlatividad<\/strong><\/td>\n<td style=\"text-align: center;\" colspan=\"2\" width=\"260\"><strong>Cursada<\/strong><\/td>\n<\/tr>\n<tr>\n<td style=\"text-align: center;\" rowspan=\"2\"><strong>Regularizar<\/strong><\/td>\n<td style=\"text-align: center;\" rowspan=\"2\" width=\"54\"><strong>Aprobar con final<\/strong><\/td>\n<td style=\"text-align: center;\" rowspan=\"2\"><strong>D\u00eda<\/strong><\/td>\n<td style=\"text-align: center;\" rowspan=\"2\"><strong>Turno<\/strong><\/td>\n<\/tr>\n<tr>\n<td style=\"text-align: center;\"><strong>HS<\/strong><\/td>\n<\/tr>\n<tr>\n<td rowspan=\"9\">4to. A\u00f1o<\/td>\n<td>24<\/td>\n<td width=\"279\">Metodolog\u00eda de la Investigaci\u00f3n Social II<\/td>\n<td width=\"59\">96<\/td>\n<td width=\"58\">&#8211;<\/td>\n<td width=\"54\">21<\/td>\n<td>SA<\/td>\n<td>T: 9 a 11\u00a0\u00a0 &#8211;\u00a0 P: 11 a 13hs<\/td>\n<\/tr>\n<tr>\n<td>25<\/td>\n<td width=\"279\">Teor\u00eda Pol\u00edtica<\/td>\n<td width=\"59\">64<\/td>\n<td width=\"58\">&#8211;<\/td>\n<td width=\"54\">14<\/td>\n<td>Ju<\/td>\n<td>18 a 22hs<\/td>\n<\/tr>\n<tr>\n<td>26<\/td>\n<td width=\"279\">Comunicaci\u00f3n IV<\/td>\n<td width=\"59\">96<\/td>\n<td width=\"58\">23<\/td>\n<td width=\"54\">16<\/td>\n<td>JU<\/td>\n<td>18 a 22hs<\/td>\n<\/tr>\n<tr>\n<td>27<\/td>\n<td width=\"279\">Periodismo y Literatura<\/td>\n<td width=\"59\">96<\/td>\n<td width=\"58\">19<\/td>\n<td width=\"54\">12<\/td>\n<td>MA<\/td>\n<td>18 a 22hs<\/td>\n<\/tr>\n<tr>\n<td>28<\/td>\n<td width=\"279\">Semiolog\u00eda<\/td>\n<td width=\"59\">64<\/td>\n<td width=\"58\">16<\/td>\n<td width=\"54\">9 -10<\/td>\n<td>Lu<\/td>\n<td>16 a 20 \u00f3 18 a 22hs<\/td>\n<\/tr>\n<tr>\n<td>29<\/td>\n<td width=\"279\">Investigaci\u00f3n period\u00edstica<\/td>\n<td>96<\/td>\n<td>22<\/td>\n<td>15<\/td>\n<td>LU<\/td>\n<td><\/td>\n<\/tr>\n<tr>\n<td>30<\/td>\n<td width=\"279\">Producci\u00f3n de contenidos para medios audiovisuales<\/td>\n<td>96<\/td>\n<td>19<\/td>\n<td>13 &#8211; 15<\/td>\n<td>MI<\/td>\n<td>18 a 22hs<\/td>\n<\/tr>\n<tr>\n<td>31<\/td>\n<td width=\"279\">Materia Optativa (1)<\/td>\n<td width=\"59\">64<\/td>\n<td width=\"58\"><\/td>\n<td width=\"54\"><\/td>\n<td><\/td>\n<td><\/td>\n<\/tr>\n<tr>\n<td><\/td>\n<td width=\"279\">Idioma Extranjero (Ingl\u00e9s o Portugu\u00e9s)<\/td>\n<td><\/td>\n<td><\/td>\n<td><\/td>\n<td><\/td>\n<td><\/td>\n<\/tr>\n<\/tbody>\n<\/table>\n<table width=\"710\">\n<tbody>\n<tr>\n<td colspan=\"6\" width=\"710\"><strong>Materias Optativas\u00a0 (1)<\/strong><\/td>\n<\/tr>\n<tr>\n<td width=\"279\">Equidad de g\u00e9nero y construcci\u00f3n de ciudadan\u00eda<\/td>\n<td>96<\/td>\n<td width=\"58\">17<\/td>\n<td width=\"54\">12<\/td>\n<td>LU<\/td>\n<td>18 a 22hs<\/td>\n<\/tr>\n<tr>\n<td width=\"279\">La Filosof\u00eda Pol\u00edtica Moderna<\/td>\n<td><\/td>\n<td width=\"58\"><\/td>\n<td width=\"54\">1- 18<\/td>\n<td>VI<\/td>\n<td>18 a 22hs<\/td>\n<\/tr>\n<tr>\n<td>Opini\u00f3n p\u00fablica<\/td>\n<td width=\"59\">96<\/td>\n<td width=\"58\">&#8211;<\/td>\n<td width=\"54\">21<\/td>\n<td width=\"58\">MI<\/td>\n<td>18 a 22hs<\/td>\n<\/tr>\n<tr>\n<td>Relaciones Internacionales<\/td>\n<td width=\"59\">96<\/td>\n<td width=\"58\">&#8211;<\/td>\n<td width=\"54\">12 -18<\/td>\n<td>MA<\/td>\n<td>18 a 22hs<\/td>\n<\/tr>\n<tr>\n<td width=\"279\">Teor\u00eda Social<\/td>\n<td width=\"59\">64<\/td>\n<td width=\"58\">14<\/td>\n<td width=\"54\">2- 3<\/td>\n<td>LU<\/td>\n<td>14 a 18 \u00f3 18 a 22hs<\/td>\n<\/tr>\n<tr>\n<td width=\"279\">Periodismo Com. y sus encrucijadas<\/td>\n<td>64<\/td>\n<td>26<\/td>\n<td>16<\/td>\n<td>MA<\/td>\n<td><\/td>\n<\/tr>\n<\/tbody>\n<\/table>\n<p><strong>Turnos:<\/strong> Ma\u00f1ana 8 a 12 hs. \/ Tarde: 14 a 18 hs. \/ Noche: 18 a 22 hs.<\/p>\n<p><strong>NOTAS:<\/strong>\u00a0Las correlatividades son de cumplimiento obligatorio<\/p>\n<p><strong>Seminarios:<\/strong> ver oferta detallada<\/p>\n<h3><strong>IDIOMA EXTRANJERO<\/strong><\/h3>\n<h3><strong>ATENCI\u00d3N: S\u00f3lo quedar\u00e1n inscriptos los estudiantes que tengan 15 o m\u00e1s materias aprobadas<\/strong><\/h3>\n<p><strong>Ingl\u00e9s:<\/strong><\/p>\n<table width=\"222\">\n<tbody>\n<tr>\n<td width=\"222\"><strong>NIVEL INICIAL<\/strong><\/td>\n<\/tr>\n<tr>\n<td>Martes\u00a0 de 9 a 12 Hs.<\/td>\n<\/tr>\n<tr>\n<td>Miercoles de 15 a 18hs<\/td>\n<\/tr>\n<tr>\n<td>S\u00e1bados 9 a 13hs<\/td>\n<\/tr>\n<\/tbody>\n<\/table>\n<table width=\"222\">\n<tbody>\n<tr>\n<td width=\"222\"><strong>NIVEL AVANZADO<\/strong><\/td>\n<\/tr>\n<tr>\n<td>S\u00e1bados 9 a 13hs<\/td>\n<\/tr>\n<tr>\n<td>Martes\u00a0 de 15 a 18 Hs.<\/td>\n<\/tr>\n<tr>\n<td>Miercoles de 9.30 a 12.30 hs.<\/td>\n<\/tr>\n<\/tbody>\n<\/table>\n<p><strong>Portugu\u00e9s:<\/strong><\/p>\n<table width=\"222\">\n<tbody>\n<tr>\n<td width=\"222\"><strong>NIVEL INICIAL<\/strong><\/td>\n<\/tr>\n<tr>\n<td>S\u00e1bados 9 a 13hs<\/td>\n<\/tr>\n<\/tbody>\n<\/table>\n<table width=\"222\">\n<tbody>\n<tr>\n<td width=\"222\"><strong>NIVEL AVANZADO<\/strong><\/td>\n<\/tr>\n<tr>\n<td>Viernes de 15 a 18 hs.<\/td>\n<\/tr>\n<\/tbody>\n<\/table>\n<p>TODOS LOS NIVELES PUEDEN RENDIRSE EN CAR\u00c1CTER DE LIBRE<\/p>\n<p>&nbsp;<\/p>\n","protected":false},"excerpt":{"rendered":"<p>Tecnicatura N\u00b0 de orden ASIGNATURA Carga Horaria Correlatividad Cursada Regularizar Aprobar con final D\u00eda Turno HS&#8230;<\/p>\n","protected":false},"author":5,"featured_media":0,"parent":0,"menu_order":0,"comment_status":"closed","ping_status":"closed","template":"","meta":{"footnotes":""},"class_list":["post-10287","page","type-page","status-publish","hentry"],"_links":{"self":[{"href":"https:\/\/www.sociales.unlz.edu.ar\/index.php\/wp-json\/wp\/v2\/pages\/10287","targetHints":{"allow":["GET"]}}],"collection":[{"href":"https:\/\/www.sociales.unlz.edu.ar\/index.php\/wp-json\/wp\/v2\/pages"}],"about":[{"href":"https:\/\/www.sociales.unlz.edu.ar\/index.php\/wp-json\/wp\/v2\/types\/page"}],"author":[{"embeddable":true,"href":"https:\/\/www.sociales.unlz.edu.ar\/index.php\/wp-json\/wp\/v2\/users\/5"}],"replies":[{"embeddable":true,"href":"https:\/\/www.sociales.unlz.edu.ar\/index.php\/wp-json\/wp\/v2\/comments?post=10287"}],"version-history":[{"count":5,"href":"https:\/\/www.sociales.unlz.edu.ar\/index.php\/wp-json\/wp\/v2\/pages\/10287\/revisions"}],"predecessor-version":[{"id":10390,"href":"https:\/\/www.sociales.unlz.edu.ar\/index.php\/wp-json\/wp\/v2\/pages\/10287\/revisions\/10390"}],"wp:attachment":[{"href":"https:\/\/www.sociales.unlz.edu.ar\/index.php\/wp-json\/wp\/v2\/media?parent=10287"}],"curies":[{"name":"wp","href":"https:\/\/api.w.org\/{rel}","templated":true}]}}